000
CXUS54 KLZK 011612
CF6LZK
PRELIMINARY LOCAL CLIMATOLOGICAL DATA (WS FORM: F-6)
STATION: NORTH LITTLE ROCK
MONTH: AUGUST
YEAR: 2022
LATITUDE: 34 50 N
LONGITUDE: 92 16 W
TEMPERATURE IN F: :PCPN: SNOW: WIND :SUNSHINE: SKY :PK WND
================================================================================
1 2 3 4 5 6A 6B 7 8 9 10 11 12 13 14 15 16 17 18
12Z AVG MX 2MIN
DY MAX MIN AVG DEP HDD CDD WTR SNW DPTH SPD SPD DIR MIN PSBL S-S WX SPD DR
================================================================================
1 91 74 83 1 0 18 0.00 0.0 0 M M M M M M M M
2 94 74 84 2 0 19 T 0.0 0 M M M M M M 3 M M
3 95 74 85 3 0 20 0.00 0.0 0 M M M M M M M M
4 87 74 81 -1 0 16 T 0.0 0 M M M M M M M M
5 92 75 84 2 0 19 0.00 0.0 0 M M M M M M 1 M M
6 93 75 84 2 0 19 0.00 0.0 0 M M M M M M M M
7 94 74 84 2 0 19 0.00 0.0 0 M M M M M M M M
8 94 72 83 1 0 18 0.01 0.0 0 M M M M M M 3 M M
9 89 70 80 -2 0 15 T 0.0 0 M M M M M M M M
10 87 73 80 -2 0 15 0.04 0.0 0 M M M M M M 3 M M
11 91 72 82 0 0 17 0.00 0.0 0 M M M M M M 1 M M
12 94 71 83 1 0 18 0.00 0.0 0 M M M M M M M M
13 94 66 80 -1 0 15 0.00 0.0 0 M M M M M M M M
14 97 67 82 1 0 17 0.00 0.0 0 M M M M M M M M
15 103 76 90 9 0 25 T 0.0 0 M M M M M M 3 M M
16 94 71 83 2 0 18 0.00 0.0 0 M M M M M M M M
17 73 67 70 -11 0 5 1.46 0.0 0 M M M M M M 3 M M
18 85 66 76 -5 0 11 0.00 0.0 0 M M M M M M M M
19 88 66 77 -4 0 12 0.00 0.0 0 M M M M M M M M
20 93 70 82 2 0 17 0.00 0.0 0 M M M M M M M M
21 79 73 76 -4 0 11 0.02 0.0 0 M M M M M M M M
22 82 71 77 -3 0 12 0.01 0.0 0 M M M M M M 3 M M
23 81 70 76 -4 0 11 0.47 0.0 0 M M M M M M M M
24 86 60 73 -7 0 8 0.02 0.0 0 M M M M M M M M
25 90 68 79 -1 0 14 0.00 0.0 0 M M M M M M M M
26 92 70 81 1 0 16 0.00 0.0 0 M M M M M M M M
27 93 72 83 4 0 18 0.00 0.0 0 M M M M M M M M
28 91 74 83 4 0 18 0.00 0.0 0 M M M M M M M M
29 92 74 83 4 0 18 0.00 0.0 0 M M M M M M M M
30 94 71 83 4 0 18 T 0.0 0 M M M M M M M M
31 93 74 84 6 0 19 0.00 0.0 0 M M M M M M M M
================================================================================
SM 2801 2204 0 496 2.03 0.0 M M M
================================================================================
AV 90.4 71.1 M FASTST M M M MAX(MPH)
MISC ----> M M M M
================================================================================
NOTES:
# LAST OF SEVERAL OCCURRENCES
COLUMN 17 PEAK WIND IN M.P.H.
PRELIMINARY LOCAL CLIMATOLOGICAL DATA (WS FORM: F-6) , PAGE 2
STATION: NORTH LITTLE ROCK
MONTH: AUGUST
YEAR: 2022
LATITUDE: 34 50 N
LONGITUDE: 92 16 W
[TEMPERATURE DATA] [PRECIPITATION DATA] SYMBOLS USED IN COLUMN 16
AVERAGE MONTHLY: 80.7 TOTAL FOR MONTH: 2.03 1 = FOG OR MIST
DPTR FM NORMAL: -0.1 DPTR FM NORMAL: -1.54 2 = FOG REDUCING VISIBILITY
HIGHEST: 103 ON 15 GRTST 24HR 1.46 ON 17-17 TO 1/4 MILE OR LESS
LOWEST: 60 ON 24 3 = THUNDER
SNOW, ICE PELLETS, HAIL 4 = ICE PELLETS
TOTAL MONTH: 0.0 INCH 5 = HAIL
GRTST 24HR 0.0 6 = FREEZING RAIN OR DRIZZLE
GRTST DEPTH: 0 7 = DUSTSTORM OR SANDSTORM:
VSBY 1/2 MILE OR LESS
8 = SMOKE OR HAZE
[NO. OF DAYS WITH] [WEATHER - DAYS WITH] 9 = BLOWING SNOW
X = TORNADO
MAX 32 OR BELOW: 0 0.01 INCH OR MORE: 7
MAX 90 OR ABOVE: 21 0.10 INCH OR MORE: 2
MIN 32 OR BELOW: 0 0.50 INCH OR MORE: 1
MIN 0 OR BELOW: 0 1.00 INCH OR MORE: 1
[HDD (BASE 65) ]
TOTAL THIS MO. 0 CLEAR (SCALE 0-3) 0
DPTR FM NORMAL 0 PTCLDY (SCALE 4-7) 0
TOTAL FM JUL 1 0 CLOUDY (SCALE 8-10) 31
DPTR FM NORMAL 0
[CDD (BASE 65) ]
TOTAL THIS MO. 496
DPTR FM NORMAL 8 [PRESSURE DATA]
TOTAL FM JAN 1 1858 HIGHEST SLP M ON M
DPTR FM NORMAL 214 LOWEST SLP M ON M
[REMARKS]
#FINAL-08-22#