000
CXUS56 KHNX 031438
CF6MAE
PRELIMINARY LOCAL CLIMATOLOGICAL DATA (WS FORM: F-6)
STATION: MADERA CA AIRPORT
MONTH: MARCH
YEAR: 2023
LATITUDE: 36 58 N
LONGITUDE: 120 7 W
TEMPERATURE IN F: :PCPN: SNOW: WIND :SUNSHINE: SKY :PK WND
================================================================================
1 2 3 4 5 6A 6B 7 8 9 10 11 12 13 14 15 16 17 18
12Z AVG MX 2MIN
DY MAX MIN AVG DEP HDD CDD WTR SNW DPTH SPD SPD DIR MIN PSBL S-S WX SPD DR
================================================================================
1 53 36 45 -9 20 0 0.17 0.0 0 11.9 24 310 M M M 31 340
2 58 30 44 -10 21 0 0.00 0.0 0 3.1 13 160 M M M 16 150
3 61 34 48 -7 17 0 0.00 0.0 0 1.8 8 120 M M M 11 230
4 55 46 51 -4 14 0 0.09 0.0 0 M 7 70 M M 10 M M
5 53 37 45 -10 20 0 0.14 0.0 0 6.4 17 150 M M M 24 150
6 58 34 46 -9 19 0 0.00 0.0 0 2.8 13 290 M M 5 16 290
7 58 35 47 -8 18 0 0.00 0.0 0 5.3 10 310 M M 1 16 280
8 59 39 49 -6 16 0 0.00 0.0 0 3.2 7 260 M M 4 M M
9 58 37 48 -7 17 0 0.31 0.0 0 11.1 21 130 M M 7 35 120
10 62 54 58 2 7 0 0.63 0.0 0 14.9 24 120 M M 10 1 32 120
11 70 53 62 6 3 0 0.01 0.0 0 5.6 14 310 M M M 19 300
12 69 51 60 4 5 0 0.18 0.0 0 7.8 18 50 M M M 24 320
13 70 48 59 3 6 0 0.00 0.0 0 5.0 13 150 M M 0 16 140
14 66 55 61 5 4 0 0.37 0.0 0 15.7 31 140 M M M 40 130
15 58 55 57 1 8 0 0.03 0.0 0 10.4 13 330 M M 5 M M
16 66 41 54 -2 11 0 0.00 0.0 0 3.8 8 210 M M 1 M M
17 68 41 55 -1 10 0 0.00 0.0 0 3.3 7 360 M M 0 M M
18 69 42 56 0 9 0 0.00 0.0 0 4.4 10 150 M M 0 M M
19 63 53 58 2 7 0 0.16 0.0 0 10.0 16 100 M M 9 1 27 180
20 66 49 58 1 7 0 0.00 0.0 0 4.7 9 270 M M 5 M M
21 62 48 55 -2 10 0 0.28 0.0 0 15.5 31 150 M M 7 1 40 150
22 59 48 54 -3 11 0 0.03 0.0 0 15.9 23 130 M M 9 32 130
23 59 43 51 -6 14 0 0.05 0.0 0 6.8 15 340 M M 7 1 M M
24 58 40 49 -8 16 0 0.03 0.0 0 11.3 20 320 M M 2 30 320
25 59 35 47 -10 18 0 0.00 0.0 0 10.3 18 320 M M 0 25 310
26 58 36 47 -10 18 0 0.00 0.0 0 8.7 15 280 M M 0 26 280
27 64 33 49 -8 16 0 0.00 0.0 0 5.0 14 130 M M 0 18 170
28 62 45 54 -3 11 0 0.50 0.0 0 11.6 23 100 M M 8 1 30 90
29 57 40 49 -8 16 0 0.07 0.0 0 8.2 20 140 M M 5 25 170
30 58 40 49 -9 16 0 0.06 0.0 0 4.5 13 320 M M 6 1 15 320
31 64 38 51 -7 14 0 0.00 0.0 0 3.3 9 280 M M 0 11 250
================================================================================
SM 1900 1316 399 0 3.11 0.0 232.3 M 101
================================================================================
AV 61.3 42.5 7.7 FASTST M M 4 MAX(MPH)
MISC ----> 31 150 40 150
================================================================================
NOTES:
# LAST OF SEVERAL OCCURRENCES
COLUMN 17 PEAK WIND IN M.P.H.
PRELIMINARY LOCAL CLIMATOLOGICAL DATA (WS FORM: F-6) , PAGE 2
STATION: MADERA CA AIRPORT
MONTH: MARCH
YEAR: 2023
LATITUDE: 36 58 N
LONGITUDE: 120 7 W
[TEMPERATURE DATA] [PRECIPITATION DATA] SYMBOLS USED IN COLUMN 16
AVERAGE MONTHLY: 51.9 TOTAL FOR MONTH: 3.11 1 = FOG OR MIST
DPTR FM NORMAL: -4.2 DPTR FM NORMAL: 1.13 2 = FOG REDUCING VISIBILITY
HIGHEST: 70 ON 13,11 GRTST 24HR 0.63 ON 10-10 TO 1/4 MILE OR LESS
LOWEST: 30 ON 2 3 = THUNDER
SNOW, ICE PELLETS, HAIL 4 = ICE PELLETS
TOTAL MONTH: 0.0 INCH 5 = HAIL
GRTST 24HR 0.0 6 = FREEZING RAIN OR DRIZZLE
GRTST DEPTH: 0 7 = DUSTSTORM OR SANDSTORM:
VSBY 1/2 MILE OR LESS
8 = SMOKE OR HAZE
[NO. OF DAYS WITH] [WEATHER - DAYS WITH] 9 = BLOWING SNOW
X = TORNADO
MAX 32 OR BELOW: 0 0.01 INCH OR MORE: 17
MAX 90 OR ABOVE: 0 0.10 INCH OR MORE: 9
MIN 32 OR BELOW: 1 0.50 INCH OR MORE: 2
MIN 0 OR BELOW: 0 1.00 INCH OR MORE: 0
[HDD (BASE 65) ]
TOTAL THIS MO. 399 CLEAR (SCALE 0-3) 10
DPTR FM NORMAL 120 PTCLDY (SCALE 4-7) 10
TOTAL FM JUL 1 2473 CLOUDY (SCALE 8-10) 11
DPTR FM NORMAL 318
[CDD (BASE 65) ]
TOTAL THIS MO. 0
DPTR FM NORMAL -3 [PRESSURE DATA]
TOTAL FM JAN 1 0 HIGHEST SLP M ON M
DPTR FM NORMAL -3 LOWEST SLP 30.11 ON 7
[REMARKS]
#FINAL-03-23#