000
CXUS52 KTAE 010800
CF6MAI
PRELIMINARY LOCAL CLIMATOLOGICAL DATA (WS FORM: F-6)
STATION: MARIANNA
MONTH: MARCH
YEAR: 2023
LATITUDE: 30 50 N
LONGITUDE: 85 11 W
TEMPERATURE IN F: :PCPN: SNOW: WIND :SUNSHINE: SKY :PK WND
================================================================================
1 2 3 4 5 6A 6B 7 8 9 10 11 12 13 14 15 16 17 18
12Z AVG MX 2MIN
DY MAX MIN AVG DEP HDD CDD WTR SNW DPTH SPD SPD DIR MIN PSBL S-S WX SPD DR
================================================================================
1 83 63 73 15 0 8 T M M 8.7 18 230 M M 4 12 23 220
2 80 68 74 15 0 9 0.33 0.0 0 7.1 18 210 M M 7 1 23 210
3 82 67 75 16 0 10 T 0.0 0 17.3 37 210 M M 8 49 200
4 81 53 67 8 0 2 0.00 0.0 0 4.1 14 300 M M 3 17 280
5 83 49 66 7 0 1 0.00 0.0 0 4.1 14 80 M M 0 18 90
6 83 51 67 7 0 2 0.00 0.0 0 4.7 13 240 M M 3 18 250
7 85 66 76 16 0 11 0.00 0.0 0 6.0 13 320 M M 4 19 340
8 78 58 68 8 0 3 0.00 0.0 M 8.8 20 70 M M 0 25 60
9 74 56 65 5 0 0 0.00 0.0 0 6.6 14 180 M M 7 18 18 90
10 82 57 70 10 0 5 0.00 0.0 0 10.1 22 330 M M 5 3 27 340
11 78 41 60 -1 5 0 0.00 0.0 M 4.2 10 190 M M 1 1 15 310
12 80 58 69 8 0 4 1.28 0.0 0 6.8 31 290 M M 6 13 40 290
13 70 49 60 -1 5 0 0.26 0.0 0 9.1 18 350 M M 4 1 23 360
14 61 41 51 -10 14 0 0.00 0.0 0 7.5 16 360 M M 0 23 320
15 64 39 52 -9 13 0 0.00 0.0 0 4.2 16 50 M M 0 20 60
16 73 35 54 -8 11 0 0.00 0.0 0 6.4 18 190 M M 0 18 22 190
17 78 56 67 5 0 2 1.07 0.0 0 11.7 25 210 M M 5 13 32 190
18 56 42 49 -13 16 0 T 0.0 0 10.5 17 340 M M 7 23 350
19 55 37 46 -16 19 0 0.00 0.0 M 9.2 17 350 M M 0 23 20
20 58 31 45 -17 20 0 0.00 0.0 M 6.4 15 340 M M 0 21 340
21 69 30 50 -12 15 0 0.00 0.0 M 2.5 10 70 M M 0 18 150
22 76 48 62 -1 3 0 0.00 0.0 M 2.8 9 350 M M 4 1 11 330
23 83 54 69 6 0 4 0.00 M M 6.5 16 210 M M 4 12 20 220
24 83 61 72 9 0 7 0.00 0.0 0 10.2 18 190 M M 6 12 24 190
25 84 68 76 13 0 11 T 0.0 0 12.2 24 220 M M 7 13 32 210
26 86 71 79 16 0 14 T 0.0 0 13.1 23 210 M M 6 3 29 200
27 85 66 76 12 0 11 1.36 0.0 0 8.1 23 220 M M 7 13 29 230
28 72 58 65 1 0 0 0.14 0.0 0 3.5 14 360 M M 8 123 17 350
29 66 49 58 -6 7 0 0.00 0.0 M 7.7 18 40 M M 0 22 30
30 76 44 60 -4 5 0 0.00 0.0 0 4.2 13 60 M M 0 19 50
31 83 54 69 5 0 4 0.00 0.0 M 8.5 22 180 M M 1 33 170
================================================================================
SM 2347 1620 133 108 4.44 0.0 232.8 M 107
================================================================================
AV 75.7 52.3 7.5 FASTST M M 3 MAX(MPH)
MISC ----> 37 210 49 200
================================================================================
NOTES:
# LAST OF SEVERAL OCCURRENCES
COLUMN 17 PEAK WIND IN M.P.H.
PRELIMINARY LOCAL CLIMATOLOGICAL DATA (WS FORM: F-6) , PAGE 2
STATION: MARIANNA
MONTH: MARCH
YEAR: 2023
LATITUDE: 30 50 N
LONGITUDE: 85 11 W
[TEMPERATURE DATA] [PRECIPITATION DATA] SYMBOLS USED IN COLUMN 16
AVERAGE MONTHLY: 64.0 TOTAL FOR MONTH: 4.44 1 = FOG OR MIST
DPTR FM NORMAL: 2.5 DPTR FM NORMAL: -0.57 2 = FOG REDUCING VISIBILITY
HIGHEST: 86 ON 26 GRTST 24HR 1.54 ON 12-13 TO 1/4 MILE OR LESS
LOWEST: 30 ON 21 3 = THUNDER
SNOW, ICE PELLETS, HAIL 4 = ICE PELLETS
TOTAL MONTH: 0.0 INCH 5 = HAIL
GRTST 24HR 0.0 6 = FREEZING RAIN OR DRIZZLE
GRTST DEPTH: 0 7 = DUSTSTORM OR SANDSTORM:
VSBY 1/2 MILE OR LESS
8 = SMOKE OR HAZE
[NO. OF DAYS WITH] [WEATHER - DAYS WITH] 9 = BLOWING SNOW
X = TORNADO
MAX 32 OR BELOW: 0 0.01 INCH OR MORE: 6
MAX 90 OR ABOVE: 0 0.10 INCH OR MORE: 6
MIN 32 OR BELOW: 2 0.50 INCH OR MORE: 3
MIN 0 OR BELOW: 0 1.00 INCH OR MORE: 3
[HDD (BASE 65) ]
TOTAL THIS MO. 133 CLEAR (SCALE 0-3) 14
DPTR FM NORMAL -27 PTCLDY (SCALE 4-7) 17
TOTAL FM JUL 1 1141 CLOUDY (SCALE 8-10) 0
DPTR FM NORMAL -329
[CDD (BASE 65) ]
TOTAL THIS MO. 108
DPTR FM NORMAL 58 [PRESSURE DATA]
TOTAL FM JAN 1 226 HIGHEST SLP M ON M
DPTR FM NORMAL 148 LOWEST SLP 29.62 ON 3
[REMARKS]
#FINAL-03-23#