000
CXUS53 KABR 011200
CF6MBG
PRELIMINARY LOCAL CLIMATOLOGICAL DATA (WS FORM: F-6)
STATION: MOBRIDGE SD
MONTH: JANUARY
YEAR: 2023
LATITUDE: 45 32 N
LONGITUDE: 100 25 W
TEMPERATURE IN F: :PCPN: SNOW: WIND :SUNSHINE: SKY :PK WND
================================================================================
1 2 3 4 5 6A 6B 7 8 9 10 11 12 13 14 15 16 17 18
12Z AVG MX 2MIN
DY MAX MIN AVG DEP HDD CDD WTR SNW DPTH SPD SPD DIR MIN PSBL S-S WX SPD DR
================================================================================
1 31 7 19 1 46 0 0.00 0.0 5 1.3 9 350 M M 0 18 10 350
2 27 7 17 -1 48 0 0.00 0.0 5 2.3 12 360 M M 4 1 13 360
3 20 7 14 -3 51 0 0.00 0.0 5 7.7 13 330 M M 5 18 16 320
4 22 12 17 0 48 0 0.00 0.0 5 8.2 15 330 M M 8 18 18 320
5 28 4 16 -1 49 0 0.00 0.0 5 1.3 7 330 M M 0 9 320
6 14 0 7 -10 58 0 T T 5 2.8 9 60 M M 8 128 13 40
7 20 9 15 -2 50 0 T T 5 7.7 15 180 M M 9 18 18 190
8 25 1 13 -4 52 0 0.00 0.0 5 2.9 9 90 M M 0 12 170
9 35 4 20 3 45 0 0.00 0.0 5 3.5 10 350 M M 0 13 310
10 28 9 19 2 46 0 0.00 0.0 5 1.9 10 320 M M 2 128 13 310
11 27 9 18 1 47 0 0.00 0.0 5 9.3 21 330 M M 6 18 26 320
12 18 8 13 -3 52 0 T T 5 7.6 20 330 M M 8 128 24 330
13 23 12 18 2 47 0 T T 5 11.1 18 150 M M 7 128 22 150
14 36 20 28 12 37 0 0.00 0.0 5 6.1 13 170 M M 0 14 160
15 40 21 31 15 34 0 0.00 0.0 4 3.2 12 60 M M 2 128 15 60
16 33 24 29 13 36 0 0.03 0.5 3 10.9 18 350 M M 10 18 24 340
17 25 20 23 7 42 0 0.00 0.0 4 6.5 14 360 M M 10 8 18 350
18 25 22 24 8 41 0 0.00 0.0 4 4.7 9 90 M M 10 1 13 90
19 28 22 25 9 40 0 0.00 0.0 4 3.4 9 360 M M 10 128 12 30
20 26 10 18 2 47 0 0.00 0.0 4 3.7 14 300 M M 8 128 17 300
21 29 6 18 2 47 0 0.00 0.0 4 3.5 10 330 M M 2 18 14 330
22 28 1 15 -1 50 0 0.00 0.0 4 3.4 9 150 M M 2 128 10 150
23 37 15 26 10 39 0 0.00 0.0 3 11.4 29 330 M M 3 37 320
24 38 18 28 12 37 0 T T 2 11.8 25 320 M M 7 33 330
25 24 13 19 2 46 0 T T 2 6.6 25 340 M M 10 8 34 350
26 40 22 31 14 34 0 0.08 T 2 13.4 30 310 M M 9 1 40 310
27 38 18 28 11 37 0 T T 2 13.0 41 310 M M 10 56 320
28 18 -3 8 -9 57 0 T T 2 10.3 17 40 M M 8 22 40
29 7 -9 -1 -18 66 0 0.00 0.0 2 8.8 22 320 M M 2 27 310
30 11 -20 -4 -21 69 0 0.00 0.0 2 7.2 18 220 M M 1 25 220
31 24 -6 9 -8 56 0 0.00 0.0 M 4.6 13 270 M M 3 15 270
================================================================================
SM 825 283 1454 0 0.11 0.5 200.1 M 164
================================================================================
AV 26.6 9.1 6.5 FASTST M M 5 MAX(MPH)
MISC ----> 41 310 56 320
================================================================================
NOTES:
# LAST OF SEVERAL OCCURRENCES
COLUMN 17 PEAK WIND IN M.P.H.
PRELIMINARY LOCAL CLIMATOLOGICAL DATA (WS FORM: F-6) , PAGE 2
STATION: MOBRIDGE SD
MONTH: JANUARY
YEAR: 2023
LATITUDE: 45 32 N
LONGITUDE: 100 25 W
[TEMPERATURE DATA] [PRECIPITATION DATA] SYMBOLS USED IN COLUMN 16
AVERAGE MONTHLY: 17.9 TOTAL FOR MONTH: 0.11 1 = FOG OR MIST
DPTR FM NORMAL: 1.1 DPTR FM NORMAL: -0.27 2 = FOG REDUCING VISIBILITY
HIGHEST: 40 ON 26,15 GRTST 24HR 0.08 ON 26-26 TO 1/4 MILE OR LESS
LOWEST: -20 ON 30 3 = THUNDER
SNOW, ICE PELLETS, HAIL 4 = ICE PELLETS
TOTAL MONTH: 0.5 INCH 5 = HAIL
GRTST 24HR 0.5 ON 16-16 6 = FREEZING RAIN OR DRIZZLE
GRTST DEPTH: 5 ON 14,13 7 = DUSTSTORM OR SANDSTORM:
VSBY 1/2 MILE OR LESS
8 = SMOKE OR HAZE
[NO. OF DAYS WITH] [WEATHER - DAYS WITH] 9 = BLOWING SNOW
X = TORNADO
MAX 32 OR BELOW: 23 0.01 INCH OR MORE: 2
MAX 90 OR ABOVE: 0 0.10 INCH OR MORE: 0
MIN 32 OR BELOW: 31 0.50 INCH OR MORE: 0
MIN 0 OR BELOW: 5 1.00 INCH OR MORE: 0
[HDD (BASE 65) ]
TOTAL THIS MO. 1454 CLEAR (SCALE 0-3) 11
DPTR FM NORMAL -42 PTCLDY (SCALE 4-7) 12
TOTAL FM JUL 1 4636 CLOUDY (SCALE 8-10) 8
DPTR FM NORMAL 180
[CDD (BASE 65) ]
TOTAL THIS MO. 0
DPTR FM NORMAL 0 [PRESSURE DATA]
TOTAL FM JAN 1 0 HIGHEST SLP 30.54 ON 29
DPTR FM NORMAL 0 LOWEST SLP 29.49 ON 15
[REMARKS]
#FINAL-01-23#