687
CXUS53 KDTX 021213
CF6MBS
PRELIMINARY LOCAL CLIMATOLOGICAL DATA (WS FORM: F-6)
STATION: TRI CITIES MI
MONTH: NOVEMBER
YEAR: 2020
LATITUDE: 43 31 N
LONGITUDE: 84 5 W
TEMPERATURE IN F: :PCPN: SNOW: WIND :SUNSHINE: SKY :PK WND
================================================================================
1 2 3 4 5 6A 6B 7 8 9 10 11 12 13 14 15 16 17 18
12Z AVG MX 2MIN
DY MAX MIN AVG DEP HDD CDD WTR SNW DPTH SPD SPD DIR MIN PSBL S-S WX SPD DR
================================================================================
1 50 32 41 -3 24 0 0.01 0.2 0 20.0 33 280 M M 9 8 47 290
2 49 27 38 -6 27 0 0.00 0.0 0 15.9 32 250 M M 4 46 250
3 60 33 47 3 18 0 0.00 0.0 0 9.9 20 220 M M 0 25 220
4 71 48 60 17 5 0 0.00 0.0 0 13.7 18 230 M M 0 35 230
5 66 50 58 15 7 0 0.00 0.0 0 10.2 18 230 M M 0 M M
6 71 46 59 17 6 0 0.00 0.0 0 10.3 18 220 M M 0 24 220
7 72 52 62 20 3 0 0.00 0.0 0 10.7 22 220 M M 0 28 250
8 75 49 62 20 3 0 0.00 0.0 0 8.3 13 170 M M 1 18 150
9 77 56 67 26 0 2 0.00 0.0 0 10.0 18 220 M M 2 25 240
10 75 59 67 26 0 2 0.35 0.0 0 14.9 35 240 M M 8 53 230
11 59 33 46 6 19 0 0.01 0.0 0 15.0 30 250 M M 8 42 250
12 51 30 41 1 24 0 0.00 0.0 0 6.4 9 160 M M 0 8 13 220
13 46 32 39 -1 26 0 T 0.0 0 10.7 21 280 M M 9 8 27 280
14 45 25 35 -4 30 0 T 0.0 0 8.5 15 150 M M 4 22 160
15 53 37 45 6 20 0 0.63 0.0 0 23.9 40 260 M M 10 3 56 240
16 41 30 36 -2 29 0 T T 0 15.4 29 260 M M 9 38 260
17 36 27 32 -6 33 0 T T 0 13.4 24 300 M M 9 38 300
18 44 24 34 -4 31 0 0.00 0.0 0 9.5 17 180 M M 2 26 180
19 63 39 51 14 14 0 0.00 0.0 0 16.2 30 230 M M 0 42 230
20 63 38 51 14 14 0 0.00 0.0 0 13.6 24 250 M M 1 30 250
21 45 32 39 3 26 0 0.00 0.0 0 4.9 15 330 M M 5 18 340
22 39 29 34 -2 31 0 0.00 0.0 0 5.7 9 220 M M 5 12 120
23 44 26 35 -1 30 0 0.02 0.2 T 9.6 21 310 M M 6 1 30 310
24 34 22 28 -7 37 0 0.19 1.0 0 6.8 14 120 M M 6 12 17 110
25 43 34 39 4 26 0 0.37 0.0 0 7.0 13 170 M M 10 12 18 170
26 46 40 43 9 22 0 0.00 0.0 0 9.5 15 230 M M 10 12 M M
27 45 32 39 5 26 0 0.00 0.0 0 8.3 20 290 M M 10 26 300
28 46 26 36 3 29 0 0.00 0.0 0 11.5 21 220 M M 0 28 220
29 51 35 43 10 22 0 0.00 0.0 0 11.3 21 220 M M 1 27 220
30 41 29 35 2 30 0 0.00 0.0 0 18.7 26 350 M M 10 35 360
================================================================================
SM 1601 1072 612 4 1.58 1.4 349.8 M 139
================================================================================
AV 53.4 35.7 11.7 FASTST M M 5 MAX(MPH)
MISC ----> 40 260 56 240
================================================================================
NOTES:
# LAST OF SEVERAL OCCURRENCES
COLUMN 17 PEAK WIND IN M.P.H.
PRELIMINARY LOCAL CLIMATOLOGICAL DATA (WS FORM: F-6) , PAGE 2
STATION: TRI CITIES MI
MONTH: NOVEMBER
YEAR: 2020
LATITUDE: 43 31 N
LONGITUDE: 84 5 W
[TEMPERATURE DATA] [PRECIPITATION DATA] SYMBOLS USED IN COLUMN 16
AVERAGE MONTHLY: 44.6 TOTAL FOR MONTH: 1.58 1 = FOG OR MIST
DPTR FM NORMAL: 6.0 DPTR FM NORMAL: -1.12 2 = FOG REDUCING VISIBILITY
HIGHEST: 77 ON 9 GRTST 24HR 0.63 ON 15-15 TO 1/4 MILE OR LESS
LOWEST: 22 ON 24 3 = THUNDER
SNOW, ICE PELLETS, HAIL 4 = ICE PELLETS
TOTAL MONTH: 1.4 INCHES 5 = HAIL
GRTST 24HR 1.0 ON 24-24 6 = FREEZING RAIN OR DRIZZLE
GRTST DEPTH: T 7 = DUSTSTORM OR SANDSTORM:
VSBY 1/2 MILE OR LESS
8 = SMOKE OR HAZE
[NO. OF DAYS WITH] [WEATHER - DAYS WITH] 9 = BLOWING SNOW
X = TORNADO
MAX 32 OR BELOW: 0 0.01 INCH OR MORE: 7
MAX 90 OR ABOVE: 0 0.10 INCH OR MORE: 4
MIN 32 OR BELOW: 15 0.50 INCH OR MORE: 1
MIN 0 OR BELOW: 0 1.00 INCH OR MORE: 0
[HDD (BASE 65) ]
TOTAL THIS MO. 612 CLEAR (SCALE 0-3) 13
DPTR FM NORMAL -182 PTCLDY (SCALE 4-7) 8
TOTAL FM JUL 1 1281 CLOUDY (SCALE 8-10) 9
DPTR FM NORMAL -192
[CDD (BASE 65) ]
TOTAL THIS MO. 4
DPTR FM NORMAL 4 [PRESSURE DATA]
TOTAL FM JAN 1 857 HIGHEST SLP 30.57 ON 18
DPTR FM NORMAL 300 LOWEST SLP 29.17 ON 15
[REMARKS]
#FINAL-11-20#