000
CXUS54 KLIX 010910
CF6MCB
PRELIMINARY LOCAL CLIMATOLOGICAL DATA (WS FORM: F-6)
STATION: MCCOMB
MONTH: JANUARY
YEAR: 2023
LATITUDE: 31 10 N
LONGITUDE: 90 28 W
TEMPERATURE IN F: :PCPN: SNOW: WIND :SUNSHINE: SKY :PK WND
================================================================================
1 2 3 4 5 6A 6B 7 8 9 10 11 12 13 14 15 16 17 18
12Z AVG MX 2MIN
DY MAX MIN AVG DEP HDD CDD WTR SNW DPTH SPD SPD DIR MIN PSBL S-S WX SPD DR
================================================================================
1 68 46 57 8 8 0 0.00 0.0 M 5.0 13 160 M M 10 12 16 160
2 77 66 72 23 0 7 T 0.0 M 13.1 24 170 M M 9 123 31 160
3 78 64 71 22 0 6 1.80 0.0 M 10.6 23 170 M M 9 13 33 200
4 71 46 59 10 6 0 0.01 M M 3.5 17 320 M M 2 13 21 320
5 65 38 52 3 13 0 0.00 0.0 M 4.4 16 310 M M 0 23 330
6 67 34 51 2 14 0 0.00 0.0 M 3.2 10 160 M M 0 1 14 170
7 74 41 58 9 7 0 0.00 0.0 M 5.5 15 190 M M 0 1 20 180
8 62 50 56 7 9 0 0.46 M M 6.4 13 330 M M 7 1 17 150
9 61 35 48 -1 17 0 0.00 0.0 M 2.6 13 60 M M 2 12 20 70
10 69 34 52 3 13 0 0.00 0.0 M 5.2 14 190 M M 5 1 19 200
11 79 62 71 22 0 6 0.00 0.0 M 9.7 17 230 M M 7 18 26 210
12 73 48 61 12 4 0 0.09 M M 14.2 25 330 M M 6 138 36 290
13 51 31 41 -8 24 0 0.00 0.0 M 13.8 26 330 M M 5 35 330
14 55 28 42 -7 23 0 0.00 0.0 M 3.9 12 340 M M 0 1 17 330
15 62 27 45 -4 20 0 0.00 0.0 M 5.8 16 160 M M 0 1 21 170
16 68 49 59 10 6 0 T 0.0 M 11.5 21 160 M M 10 18 29 170
17 76 60 68 19 0 3 0.04 0.0 M 7.2 17 190 M M 7 18 25 180
18 77 62 70 21 0 5 0.17 0.0 M 11.8 23 170 M M 9 13 33 170
19 70 49 60 11 5 0 0.06 0.0 M 5.8 16 280 M M 3 12 25 250
20 58 38 48 -1 17 0 T 0.0 M 5.9 13 340 M M 5 17 10
21 50 45 48 -1 17 0 1.83 0.0 M 4.5 13 110 M M 10 1 20 110
22 55 41 48 -1 17 0 T 0.0 M 7.5 16 320 M M 6 1 23 340
23 57 35 46 -3 19 0 0.00 0.0 M 4.3 12 330 M M 0 18 70
24 65 39 52 3 13 0 1.28 M M 8.5 25 150 M M 7 138 43 170
25 62 41 52 3 13 0 0.03 0.0 M 10.7 20 310 M M 9 1 28 270
26 54 31 43 -7 22 0 0.00 0.0 M 6.1 21 320 M M 2 1 27 320
27 58 26 42 -8 23 0 0.00 0.0 M 2.5 10 220 M M 0 1 16 220
28 69 33 51 1 14 0 0.00 0.0 M 9.2 22 180 M M 2 8 31 170
29 61 55 58 8 7 0 4.22 0.0 M 6.6 14 270 M M 10 123 23 260
30 65 59 62 12 3 0 0.11 0.0 M 2.3 12 360 M M 10 123 15 340
31 61 40 51 1 14 0 T M M 6.3 15 330 M M 10 12 19 360
================================================================================
SM 2018 1353 348 27 10.10 0.0 217.6 M 162
================================================================================
AV 65.1 43.6 7.0 FASTST M M 5 MAX(MPH)
MISC ----> 26 330 43 170
================================================================================
NOTES:
# LAST OF SEVERAL OCCURRENCES
COLUMN 17 PEAK WIND IN M.P.H.
PRELIMINARY LOCAL CLIMATOLOGICAL DATA (WS FORM: F-6) , PAGE 2
STATION: MCCOMB
MONTH: JANUARY
YEAR: 2023
LATITUDE: 31 10 N
LONGITUDE: 90 28 W
[TEMPERATURE DATA] [PRECIPITATION DATA] SYMBOLS USED IN COLUMN 16
AVERAGE MONTHLY: 54.4 TOTAL FOR MONTH: 10.10 1 = FOG OR MIST
DPTR FM NORMAL: 5.3 DPTR FM NORMAL: 3.70 2 = FOG REDUCING VISIBILITY
HIGHEST: 79 ON 11 GRTST 24HR 4.22 ON 29-29 TO 1/4 MILE OR LESS
LOWEST: 26 ON 27 3 = THUNDER
SNOW, ICE PELLETS, HAIL 4 = ICE PELLETS
TOTAL MONTH: 0.0 INCH 5 = HAIL
GRTST 24HR 0.0 6 = FREEZING RAIN OR DRIZZLE
GRTST DEPTH: M ON M 7 = DUSTSTORM OR SANDSTORM:
VSBY 1/2 MILE OR LESS
8 = SMOKE OR HAZE
[NO. OF DAYS WITH] [WEATHER - DAYS WITH] 9 = BLOWING SNOW
X = TORNADO
MAX 32 OR BELOW: 0 0.01 INCH OR MORE: 12
MAX 90 OR ABOVE: 0 0.10 INCH OR MORE: 7
MIN 32 OR BELOW: 5 0.50 INCH OR MORE: 4
MIN 0 OR BELOW: 0 1.00 INCH OR MORE: 4
[HDD (BASE 65) ]
TOTAL THIS MO. 348 CLEAR (SCALE 0-3) 12
DPTR FM NORMAL -151 PTCLDY (SCALE 4-7) 9
TOTAL FM JUL 1 1094 CLOUDY (SCALE 8-10) 10
DPTR FM NORMAL -174
[CDD (BASE 65) ]
TOTAL THIS MO. 27
DPTR FM NORMAL 21 [PRESSURE DATA]
TOTAL FM JAN 1 27 HIGHEST SLP 30.42 ON 27
DPTR FM NORMAL 21 LOWEST SLP 29.63 ON 24
[REMARKS]
#FINAL-01-23#