000
CXUS54 KLIX 022256
CF6MCB
PRELIMINARY LOCAL CLIMATOLOGICAL DATA (WS FORM: F-6)
STATION: MCCOMB
MONTH: DECEMBER
YEAR: 2023
LATITUDE: 31 10 N
LONGITUDE: 90 28 W
TEMPERATURE IN F: :PCPN: SNOW: WIND :SUNSHINE: SKY :PK WND
================================================================================
1 2 3 4 5 6A 6B 7 8 9 10 11 12 13 14 15 16 17 18
12Z AVG MX 2MIN
DY MAX MIN AVG DEP HDD CDD WTR SNW DPTH SPD SPD DIR MIN PSBL S-S WX SPD DR
================================================================================
1 75 59 67 14 0 2 0.76 0.0 M 6.1 24 160 M M 9 123 34 180
2 71 62 67 14 0 2 0.69 0.0 M 5.7 13 170 M M 10 13 18 120
3 69 45 57 4 8 0 0.00 0.0 M 2.7 9 180 M M 4 1 13 290
4 67 44 56 3 9 0 0.00 0.0 M 5.8 17 300 M M 0 24 350
5 63 37 50 -3 15 0 0.00 0.0 M 2.8 9 330 M M 0 13 320
6 57 33 45 -7 20 0 0.00 0.0 M 5.3 16 330 M M 0 23 350
7 61 29 45 -7 20 0 0.00 0.0 M 3.7 12 160 M M 0 17 170
8 69 43 56 4 9 0 0.04 M M 7.0 18 160 M M 7 1 26 140
9 78 59 69 17 0 4 M 0.0 M 8.4 22 190 M M 8 13 39 200
10 59 32 46 -6 19 0 0.05 M M 12.0 24 320 M M 2 33 330
11 58 29 44 -8 21 0 0.00 0.0 M 2.2 9 70 M M 0 14 50
12 62 29 46 -6 19 0 0.00 0.0 M 2.9 12 50 M M 0 18 60
13 62 39 51 -1 14 0 0.00 0.0 M 3.6 13 50 M M 0 19 50
14 66 46 56 5 9 0 0.00 0.0 M 4.8 14 80 M M 0 21 80
15 68 46 57 6 8 0 0.00 0.0 M 5.0 15 130 M M 1 22 140
16 55 50 53 2 12 0 0.80 M M 5.5 12 320 M M 7 13 17 120
17 59 37 48 -3 17 0 0.00 0.0 M 9.3 21 320 M M 4 1 26 320
18 64 34 49 -2 16 0 0.00 0.0 M 5.9 18 330 M M 0 24 320
19 55 31 43 -8 22 0 0.00 0.0 M 3.4 13 90 M M 0 21 110
20 62 35 49 -1 16 0 0.00 0.0 M 3.2 9 130 M M 0 14 130
21 64 40 52 2 13 0 0.00 0.0 M 2.6 9 140 M M 0 14 130
22 71 45 58 8 7 0 0.00 0.0 M 3.1 10 160 M M 1 1 14 140
23 72 53 63 13 2 0 0.00 0.0 M 6.5 15 160 M M 3 1 22 150
24 63 58 61 11 4 0 2.09 0.0 M 7.8 20 150 M M 10 1 32 130
25 63 47 55 5 10 0 0.02 M M 7.2 15 330 M M 10 1 19 330
26 56 40 48 -2 17 0 0.00 0.0 M 4.4 13 20 M M 3 20 360
27 60 38 49 -1 16 0 0.00 0.0 M 4.5 14 250 M M 2 21 250
28 49 30 40 -10 25 0 0.00 0.0 M 7.3 15 320 M M 2 23 270
29 51 30 41 -9 24 0 0.00 0.0 M 5.1 16 280 M M 0 23 260
30 57 27 42 -7 23 0 0.00 0.0 M 1.0 10 320 M M 0 13 320
31 65 26 46 -3 19 0 0.00 0.0 M 2.1 13 210 M M M 16 220
================================================================================
SM 1951 1253 414 8 4.45 0.0 156.9 M 83
================================================================================
AV 62.9 40.4 5.1 FASTST M M 3 MAX(MPH)
MISC ----> # 24 160 39 200
================================================================================
NOTES:
# LAST OF SEVERAL OCCURRENCES
COLUMN 17 PEAK WIND IN M.P.H.
PRELIMINARY LOCAL CLIMATOLOGICAL DATA (WS FORM: F-6) , PAGE 2
STATION: MCCOMB
MONTH: DECEMBER
YEAR: 2023
LATITUDE: 31 10 N
LONGITUDE: 90 28 W
[TEMPERATURE DATA] [PRECIPITATION DATA] SYMBOLS USED IN COLUMN 16
AVERAGE MONTHLY: 51.7 TOTAL FOR MONTH: 4.45 1 = FOG OR MIST
DPTR FM NORMAL: 0.6 DPTR FM NORMAL: -0.58 2 = FOG REDUCING VISIBILITY
HIGHEST: 78 ON 9 GRTST 24HR 2.11 ON 24-25 TO 1/4 MILE OR LESS
LOWEST: 26 ON 31 3 = THUNDER
SNOW, ICE PELLETS, HAIL 4 = ICE PELLETS
TOTAL MONTH: 0.0 INCH 5 = HAIL
GRTST 24HR 0.0 6 = FREEZING RAIN OR DRIZZLE
GRTST DEPTH: M ON M 7 = DUSTSTORM OR SANDSTORM:
VSBY 1/2 MILE OR LESS
8 = SMOKE OR HAZE
[NO. OF DAYS WITH] [WEATHER - DAYS WITH] 9 = BLOWING SNOW
X = TORNADO
MAX 32 OR BELOW: 0 0.01 INCH OR MORE: 7
MAX 90 OR ABOVE: 0 0.10 INCH OR MORE: 4
MIN 32 OR BELOW: 9 0.50 INCH OR MORE: 4
MIN 0 OR BELOW: 0 1.00 INCH OR MORE: 1
[HDD (BASE 65) ]
TOTAL THIS MO. 414 CLEAR (SCALE 0-3) 21
DPTR FM NORMAL -27 PTCLDY (SCALE 4-7) 4
TOTAL FM JUL 1 730 CLOUDY (SCALE 8-10) 6
DPTR FM NORMAL -45
[CDD (BASE 65) ]
TOTAL THIS MO. 8
DPTR FM NORMAL -4 [PRESSURE DATA]
TOTAL FM JAN 1 2890 HIGHEST SLP 30.54 ON 13
DPTR FM NORMAL 522 LOWEST SLP 29.75 ON 24
[REMARKS]
#FINAL-12-23#