000
CXUS53 KEAX 010845
CLMMCI
CLIMATE REPORT
NATIONAL WEATHER SERVICE KANSAS CITY/PLEASANT HILL MO
243 AM CST THU FEB 01 2024
...................................
...THE KANSAS CITY INTERNATIONAL MO CLIMATE SUMMARY FOR THE MONTH OF JANUARY 2024...
CLIMATE NORMAL PERIOD: 1991 TO 2020
CLIMATE RECORD PERIOD: 1888 TO 2024
WEATHER OBSERVED NORMAL DEPART LAST YEAR`S
VALUE DATE(S) VALUE FROM VALUE DATE(S)
NORMAL
................................................................
TEMPERATURE (F)
RECORD
HIGH 75 01/24/1950
LOW -20 01/12/1912
HIGHEST 62 01/31 61 1 62 01/01
LOWEST -16 01/15 0 -16 8 01/31
AVG. MAXIMUM 32.3 38.4 -6.1 45.0
AVG. MINIMUM 17.4 19.5 -2.1 27.4
MEAN 24.8 29.0 -4.2 36.2
DAYS MAX >= 90 0 0.0 0.0 0
DAYS MAX <= 32 12 10.3 1.7 4
DAYS MIN <= 32 29 27.3 1.7 22
DAYS MIN <= 0 6 2.2 3.8 0
PRECIPITATION (INCHES)
RECORD
MAXIMUM 5.52 1916
MINIMUM 0.02 1986
TOTALS 2.08 1.16 0.92 2.03
DAILY AVG. 0.07 0.04 0.03 0.07
DAYS >= .01 12 6.8 5.2 8
DAYS >= .10 6 2.9 3.1 5
DAYS >= .50 2 0.6 1.4 1
DAYS >= 1.00 0 0.1 -0.1 1
GREATEST
24 HR. TOTAL 0.73 01/08 TO 01/09
SNOWFALL (INCHES)
RECORDS
TOTAL 30.5 1962
TOTALS 8.7 4.9 3.8 3.0
SINCE 7/1 11.9 10.3 1.6 MM
SNOWDEPTH AVG. 1 0
DAYS >= 1.0 3 1.7 1.3 1
GREATEST
SNOW DEPTH 4R 01/10 2 01/25
24 HR TOTAL MM
DEGREE DAYS
HEATING TOTAL 1240 1117 123 886
SINCE 7/1 2851 3102 -251 MM
COOLING TOTAL 0 0 0 0
SINCE 1/1 0 0 0 MM
................................................................
WIND (MPH)
AVERAGE WIND SPEED 8.9
HIGHEST WIND SPEED/DIRECTION 31/340 DATE 01/18
HIGHEST GUST SPEED/DIRECTION 40/340 DATE 01/09
SKY COVER
POSSIBLE SUNSHINE (PERCENT) MM
AVERAGE SKY COVER 0.66
NUMBER OF DAYS FAIR 6
NUMBER OF DAYS PC 11
NUMBER OF DAYS CLOUDY 14
AVERAGE RH (PERCENT) 80
WEATHER CONDITIONS. NUMBER OF DAYS WITH
THUNDERSTORM 0 MIXED PRECIP 0
HEAVY RAIN 0 RAIN 2
LIGHT RAIN 7 FREEZING RAIN 0
LT FREEZING RAIN 5 HAIL 0
HEAVY SNOW 0 SNOW 3
LIGHT SNOW 10 SLEET 2
FOG 19 FOG W/VIS <= 1/4 MILE 8
HAZE 2
- INDICATES NEGATIVE NUMBERS.
R INDICATES RECORD WAS SET OR TIED.
MM INDICATES DATA IS MISSING.
T INDICATES TRACE AMOUNT.
$$