000
CXUS54 KMAF 011110
CF6MDD
PRELIMINARY LOCAL CLIMATOLOGICAL DATA (WS FORM: F-6)
STATION: MIDLAND AIRPARK
MONTH: MAY
YEAR: 2023
LATITUDE: 32 2 N
LONGITUDE: 102 6 W
TEMPERATURE IN F: :PCPN: SNOW: WIND :SUNSHINE: SKY :PK WND
================================================================================
1 2 3 4 5 6A 6B 7 8 9 10 11 12 13 14 15 16 17 18
12Z AVG MX 2MIN
DY MAX MIN AVG DEP HDD CDD WTR SNW DPTH SPD SPD DIR MIN PSBL S-S WX SPD DR
================================================================================
1 82 52 67 M 0 2 M M M 10.2 16 70 M M 0 23 70
2 86 60 73 M 0 8 M M M 9.4 25 160 M M 0 3 44 160
3 87 60 74 M 0 9 M M M 10.3 22 210 M M 3 3 28 210
4 89 68 79 M 0 14 M M M 13.3 22 240 M M 0 31 250
5 94 64 79 M 0 14 M M M 8.6 15 230 M M 0 25 220
6 96 57 77 M 0 12 M M M 5.4 13 230 M M 0 21 270
7 96 63 80 M 0 15 M M M 7.6 15 180 M M 0 8 22 250
8 97 66 82 M 0 17 M M M 7.7 12 210 M M 0 23 0
9 96 67 82 M 0 17 M M M 13.4 23 150 M M 0 30 140
10 93 64 79 M 0 14 M M M 14.0 21 120 M M 0 26 150
11 89 65 77 M 0 12 M M M 12.3 17 220 M M 0 25 170
12 93 58 76 M 0 11 0.32 M M 8.7 22 110 M M 4 1 31 110
13 70 59 65 M 0 0 0.02 M M 11.7 24 10 M M 6 35 10
14 78 59 69 M 0 4 M M M 6.6 14 50 M M 7 1 M M
15 83 60 72 M 0 7 M M M 6.9 12 40 M M 4 20 60
16 85 62 74 M 0 9 M M M 5.5 9 90 M M 2 M M
17 89 62 76 M 0 11 M M M 9.0 22 350 M M 1 3 35 180
18 91 65 78 M 0 13 M M M 10.8 17 110 M M 2 25 90
19 89 63 76 M 0 11 0.11 M M 9.2 16 60 M M 2 13 30 90
20 73 58 66 M 0 1 0.16 M M 10.2 18 50 M M 3 18 22 20
21 81 64 73 M 0 8 0.01 M M 8.5 16 150 M M 4 22 140
22 86 64 75 M 0 10 0.01 M M 9.4 15 170 M M 3 3 25 160
23 95 63 79 M 0 14 M M M 10.0 16 190 M M 1 22 150
24 83 66 75 M 0 10 M M M 13.7 22 150 M M 7 26 150
25 84 61 73 M 0 8 M M M 13.7 17 140 M M 7 28 20
26 83 66 75 M 0 10 M M M 12.8 20 120 M M 8 29 150
27 84 67 76 M 0 11 M M M 13.9 20 150 M M 3 8 25 150
28 86 63 75 M 0 10 M M M 10.8 20 330 M M 1 28 330
29 91 63 77 M 0 12 M M M 9.0 14 170 M M 2 21 200
30 94 65 80 M 0 15 M M M 11.9 17 130 M M 0 26 150
31 90 68 79 M 0 14 M M M 16.6 24 140 M M 1 31 150
================================================================================
SM 2713 1942 0 323 0.63 M 321.1 M 71
================================================================================
AV 87.5 62.6 10.4 FASTST M M 2 MAX(MPH)
MISC ----> 25 160 44 160
================================================================================
NOTES:
# LAST OF SEVERAL OCCURRENCES
COLUMN 17 PEAK WIND IN M.P.H.
PRELIMINARY LOCAL CLIMATOLOGICAL DATA (WS FORM: F-6) , PAGE 2
STATION: MIDLAND AIRPARK
MONTH: MAY
YEAR: 2023
LATITUDE: 32 2 N
LONGITUDE: 102 6 W
[TEMPERATURE DATA] [PRECIPITATION DATA] SYMBOLS USED IN COLUMN 16
AVERAGE MONTHLY: 75.1 TOTAL FOR MONTH: 0.63 1 = FOG OR MIST
DPTR FM NORMAL: 0.0 DPTR FM NORMAL: M 2 = FOG REDUCING VISIBILITY
HIGHEST: 97 ON 8 GRTST 24HR 0.32 ON 12-12 TO 1/4 MILE OR LESS
LOWEST: 52 ON 1 3 = THUNDER
SNOW, ICE PELLETS, HAIL 4 = ICE PELLETS
TOTAL MONTH: M 5 = HAIL
GRTST 24HR M ON M 6 = FREEZING RAIN OR DRIZZLE
GRTST DEPTH: M ON M 7 = DUSTSTORM OR SANDSTORM:
VSBY 1/2 MILE OR LESS
8 = SMOKE OR HAZE
[NO. OF DAYS WITH] [WEATHER - DAYS WITH] 9 = BLOWING SNOW
X = TORNADO
MAX 32 OR BELOW: 0 0.01 INCH OR MORE: 6
MAX 90 OR ABOVE: 12 0.10 INCH OR MORE: 3
MIN 32 OR BELOW: 0 0.50 INCH OR MORE: 0
MIN 0 OR BELOW: 0 1.00 INCH OR MORE: 0
[HDD (BASE 65) ]
TOTAL THIS MO. 0 CLEAR (SCALE 0-3) 20
DPTR FM NORMAL M PTCLDY (SCALE 4-7) 11
TOTAL FM JUL 1 2191 CLOUDY (SCALE 8-10) 0
DPTR FM NORMAL M
[CDD (BASE 65) ]
TOTAL THIS MO. 323
DPTR FM NORMAL M [PRESSURE DATA]
TOTAL FM JAN 1 474 HIGHEST SLP M ON M
DPTR FM NORMAL M LOWEST SLP M ON M
[REMARKS]
#FINAL-05-23#