000
CXUS53 KPAH 010700
CF6MDH
PRELIMINARY LOCAL CLIMATOLOGICAL DATA (WS FORM: F-6)
STATION: CARBONDALE IL
MONTH: DECEMBER
YEAR: 2022
LATITUDE: 37 46 N
LONGITUDE: 89 15 W
TEMPERATURE IN F: :PCPN: SNOW: WIND :SUNSHINE: SKY :PK WND
================================================================================
1 2 3 4 5 6A 6B 7 8 9 10 11 12 13 14 15 16 17 18
12Z AVG MX 2MIN
DY MAX MIN AVG DEP HDD CDD WTR SNW DPTH SPD SPD DIR MIN PSBL S-S WX SPD DR
================================================================================
1 44 19 32 -8 33 0 0.00 M M 5.0 13 170 M M 1 16 100
2 57 38 48 8 17 0 T M M 18.7 35 200 M M 9 48 190
3 57 23 40 0 25 0 0.00 M M 9.2 25 330 M M 2 38 340
4 42 22 32 -8 33 0 0.00 M M 2.9 7 150 M M 0 11 170
5 46 31 39 0 26 0 0.00 M M 6.0 14 200 M M 10 1 19 170
6 52 44 48 9 17 0 0.10 M M 2.3 7 130 M M 10 12 9 40
7 52 44 48 9 17 0 0.01 M M 3.3 8 60 M M 8 12 11 40
8 47 45 46 7 19 0 0.45 M M 4.1 12 330 M M 10 1 14 330
9 61 33 47 9 18 0 0.00 M M 5.1 17 350 M M 5 12 22 340
10 44 31 38 0 27 0 0.21 M M 2.7 12 340 M M 7 1 14 340
11 42 39 41 3 24 0 0.00 M M 6.0 14 350 M M 10 18 17 350
12 50 31 41 3 24 0 0.00 M M 5.1 13 100 M M 5 1 16 90
13 56 32 44 7 21 0 0.95 M M 10.3 23 120 M M 7 1 33 130
14 60 40 50 13 15 0 1.15 M M 8.4 23 140 M M 10 1 31 320
15 41 32 37 0 28 0 0.00 M M 9.8 22 220 M M 7 30 270
16 42 29 36 -1 29 0 0.00 M M 11.3 23 250 M M 2 35 260
17 35 27 31 -6 34 0 0.00 M M 9.9 20 260 M M 8 31 290
18 36 21 29 -7 36 0 0.00 M M 4.6 17 280 M M 0 27 270
19 38 21 30 -6 35 0 0.00 M M 3.7 9 90 M M 5 14 90
20 46 27 37 1 28 0 0.00 M M 4.2 10 350 M M 5 14 340
21 43 25 34 -2 31 0 0.00 M M 4.1 10 40 M M 3 18 16 50
22 44 -4 20 -16 45 0 0.04 M M 14.8 29 320 M M 10 12689 44 330
23 6 -5 1 -34 64 0 0.00 M M 13.0 24 290 M M 6 8 35 300
24 24 6 15 -20 50 0 0.00 M M 9.9 18 290 M M 0 27 280
25 25 9 17 -18 48 0 0.00 M M 8.5 13 200 M M 0 18 290
26 34 22 28 -7 37 0 0.02 M M 10.7 17 190 M M 10 18 23 200
27 30 20 25 -10 40 0 0.00 M M 7.8 16 190 M M 5 1 22 190
28 54 21 38 3 27 0 0.00 M M 15.3 36 200 M M 0 1 50 210
29 61 53 57 23 8 0 0.00 M M 18.3 29 190 M M 9 1 39 190
30 61 42 52 18 13 0 0.44 M M 8.5 24 180 M M 10 1 32 190
31 48 37 43 9 22 0 0.00 M M 5.6 15 190 M M 10 1 18 190
================================================================================
SM 1378 855 891 0 3.37 M 249.1 M 184
================================================================================
AV 44.5 27.6 8.0 FASTST M M 6 MAX(MPH)
MISC ----> 36 200 50 210
================================================================================
NOTES:
# LAST OF SEVERAL OCCURRENCES
COLUMN 17 PEAK WIND IN M.P.H.
PRELIMINARY LOCAL CLIMATOLOGICAL DATA (WS FORM: F-6) , PAGE 2
STATION: CARBONDALE IL
MONTH: DECEMBER
YEAR: 2022
LATITUDE: 37 46 N
LONGITUDE: 89 15 W
[TEMPERATURE DATA] [PRECIPITATION DATA] SYMBOLS USED IN COLUMN 16
AVERAGE MONTHLY: 36.0 TOTAL FOR MONTH: 3.37 1 = FOG OR MIST
DPTR FM NORMAL: -1.0 DPTR FM NORMAL: 0.25 2 = FOG REDUCING VISIBILITY
HIGHEST: 61 ON 30,29 GRTST 24HR 1.97 ON 13-14 TO 1/4 MILE OR LESS
LOWEST: -5 ON 23 3 = THUNDER
SNOW, ICE PELLETS, HAIL 4 = ICE PELLETS
TOTAL MONTH: M 5 = HAIL
GRTST 24HR M ON M 6 = FREEZING RAIN OR DRIZZLE
GRTST DEPTH: M ON M 7 = DUSTSTORM OR SANDSTORM:
VSBY 1/2 MILE OR LESS
8 = SMOKE OR HAZE
[NO. OF DAYS WITH] [WEATHER - DAYS WITH] 9 = BLOWING SNOW
X = TORNADO
MAX 32 OR BELOW: 4 0.01 INCH OR MORE: 9
MAX 90 OR ABOVE: 0 0.10 INCH OR MORE: 6
MIN 32 OR BELOW: 21 0.50 INCH OR MORE: 2
MIN 0 OR BELOW: 2 1.00 INCH OR MORE: 1
[HDD (BASE 65) ]
TOTAL THIS MO. 891 CLEAR (SCALE 0-3) 8
DPTR FM NORMAL 21 PTCLDY (SCALE 4-7) 10
TOTAL FM JUL 1 1862 CLOUDY (SCALE 8-10) 13
DPTR FM NORMAL 91
[CDD (BASE 65) ]
TOTAL THIS MO. 0
DPTR FM NORMAL 0 [PRESSURE DATA]
TOTAL FM JAN 1 1536 HIGHEST SLP M ON M
DPTR FM NORMAL 166 LOWEST SLP 29.59 ON 14
[REMARKS]
#FINAL-12-22#