000
CXUS51 KCTP 010900
CF6MDT
PRELIMINARY LOCAL CLIMATOLOGICAL DATA (WS FORM: F-6)
STATION: HARRISBURG PA
MONTH: JANUARY
YEAR: 2021
LATITUDE: 40 11 N
LONGITUDE: 76 46 W
TEMPERATURE IN F: :PCPN: SNOW: WIND :SUNSHINE: SKY :PK WND
================================================================================
1 2 3 4 5 6A 6B 7 8 9 10 11 12 13 14 15 16 17 18
12Z AVG MX 2MIN
DY MAX MIN AVG DEP HDD CDD WTR SNW DPTH SPD SPD DIR MIN PSBL S-S WX SPD DR
================================================================================
1 34 23 29 -2 36 0 0.69 0.0 0 3.1 25 140 M M 8 1 30 140
2 50 29 40 9 25 0 0.02 0.0 0 5.0 20 340 M M 8 1 24 340
3 35 29 32 1 33 0 0.34 T 0 3.9 12 130 M M 8 14 13 130
4 43 35 39 9 26 0 0.00 0.0 0 5.1 14 310 M M 9 1 17 310
5 40 36 38 8 27 0 T 0.0 0 4.3 13 320 M M 10 15 320
6 39 37 38 8 27 0 0.00 0.0 0 12.8 22 330 M M 10 32 340
7 44 29 37 7 28 0 0.00 0.0 0 10.5 22 320 M M 4 29 330
8 35 27 31 1 34 0 0.00 0.0 0 8.9 15 300 M M 7 17 310
9 45 26 36 6 29 0 0.00 0.0 0 13.3 23 330 M M 3 29 320
10 46 25 36 6 29 0 0.00 0.0 0 6.2 17 320 M M 2 22 330
11 40 23 32 2 33 0 0.00 0.0 0 0.5 12 130 M M 5 18 13 130
12 42 22 32 2 33 0 0.00 0.0 0 3.1 10 310 M M 2 18 13 290
13 46 25 36 6 29 0 0.00 0.0 0 2.5 10 230 M M 7 18 14 230
14 49 30 40 10 25 0 T 0.0 0 2.0 7 100 M M 8 18 9 320
15 47 29 38 8 27 0 0.27 0.0 0 5.7 17 120 M M 9 18 25 200
16 46 35 41 11 24 0 0.11 0.0 0 11.1 21 320 M M 8 1 24 320
17 45 36 41 11 24 0 0.00 0.0 0 11.9 23 280 M M 8 30 270
18 44 35 40 10 25 0 0.00 0.0 0 11.3 25 280 M M 7 28 290
19 46 33 40 10 25 0 0.00 0.0 0 10.5 22 280 M M 6 29 280
20 40 22 31 1 34 0 T T 0 14.0 31 300 M M 6 44 290
21 48 21 35 5 30 0 0.00 0.0 0 7.4 20 280 M M 3 28 270
22 44 34 39 9 26 0 T T 0 13.2 26 310 M M 8 34 310
23 34 27 31 1 34 0 T T 0 16.9 29 300 M M 8 38 320
24 34 23 29 -1 36 0 0.00 0.0 0 7.4 20 310 M M 7 23 320
25 36 31 34 4 31 0 T T 0 2.7 9 150 M M 10 12 140
26 35 30 33 3 32 0 0.13 T 0 4.0 12 110 M M 10 168 16 150
27 41 32 37 7 28 0 0.00 0.0 0 9.0 17 320 M M 9 128 21 340
28 34 24 29 -1 36 0 0.00 0.0 0 17.8 31 320 M M 5 39 300
29 32 23 28 -2 37 0 0.00 0.0 0 17.5 30 310 M M 8 41 310
30 37 23 30 0 35 0 T T 0 7.2 22 320 M M 4 25 330
31 29 23 26 -4 39 0 0.44 4.6 0 6.5 15 90 M M 10 18 20 100
================================================================================
SM 1260 877 937 0 2.00 4.6 255.3 M 217
================================================================================
AV 40.6 28.3 8.2 FASTST M M 7 MAX(MPH)
MISC ----> # 31 300 44 290
================================================================================
NOTES:
# LAST OF SEVERAL OCCURRENCES
COLUMN 17 PEAK WIND IN M.P.H.
PRELIMINARY LOCAL CLIMATOLOGICAL DATA (WS FORM: F-6) , PAGE 2
STATION: HARRISBURG PA
MONTH: JANUARY
YEAR: 2021
LATITUDE: 40 11 N
LONGITUDE: 76 46 W
[TEMPERATURE DATA] [PRECIPITATION DATA] SYMBOLS USED IN COLUMN 16
AVERAGE MONTHLY: 34.5 TOTAL FOR MONTH: 2.00 1 = FOG OR MIST
DPTR FM NORMAL: 4.6 DPTR FM NORMAL: -0.88 2 = FOG REDUCING VISIBILITY
HIGHEST: 50 ON 2 GRTST 24HR 0.69 ON 1- 1 TO 1/4 MILE OR LESS
LOWEST: 21 ON 21 3 = THUNDER
SNOW, ICE PELLETS, HAIL 4 = ICE PELLETS
TOTAL MONTH: 4.6 INCHES 5 = HAIL
GRTST 24HR 4.6 ON 31-31 6 = FREEZING RAIN OR DRIZZLE
GRTST DEPTH: 0 7 = DUSTSTORM OR SANDSTORM:
VSBY 1/2 MILE OR LESS
8 = SMOKE OR HAZE
[NO. OF DAYS WITH] [WEATHER - DAYS WITH] 9 = BLOWING SNOW
X = TORNADO
MAX 32 OR BELOW: 2 0.01 INCH OR MORE: 7
MAX 90 OR ABOVE: 0 0.10 INCH OR MORE: 6
MIN 32 OR BELOW: 23 0.50 INCH OR MORE: 1
MIN 0 OR BELOW: 0 1.00 INCH OR MORE: 0
[HDD (BASE 65) ]
TOTAL THIS MO. 937 CLEAR (SCALE 0-3) 4
DPTR FM NORMAL -151 PTCLDY (SCALE 4-7) 16
TOTAL FM JUL 1 2521 CLOUDY (SCALE 8-10) 11
DPTR FM NORMAL -562
[CDD (BASE 65) ]
TOTAL THIS MO. 0
DPTR FM NORMAL 0 [PRESSURE DATA]
TOTAL FM JAN 1 0 HIGHEST SLP 30.53 ON 1
DPTR FM NORMAL 0 LOWEST SLP 29.44 ON 16
[REMARKS]
#FINAL-01-21#