000
CXUS51 KCTP 010800
CF6MDT
PRELIMINARY LOCAL CLIMATOLOGICAL DATA (WS FORM: F-6)
STATION: HARRISBURG PA
MONTH: MARCH
YEAR: 2020
LATITUDE: 40 11 N
LONGITUDE: 76 46 W
TEMPERATURE IN F: :PCPN: SNOW: WIND :SUNSHINE: SKY :PK WND
================================================================================
1 2 3 4 5 6A 6B 7 8 9 10 11 12 13 14 15 16 17 18
12Z AVG MX 2MIN
DY MAX MIN AVG DEP HDD CDD WTR SNW DPTH SPD SPD DIR MIN PSBL S-S WX SPD DR
================================================================================
1 48 26 37 0 28 0 0.00 0.0 0 9.1 18 320 M M 1 23 300
2 66 26 46 9 19 0 0.13 0.0 0 7.2 22 270 M M 7 30 210
3 53 42 48 10 17 0 0.36 0.0 0 5.4 38 290 M M 8 128 48 300
4 59 43 51 13 14 0 0.00 0.0 0 13.1 23 300 M M 5 29 280
5 54 36 45 7 20 0 0.00 0.0 0 5.9 25 310 M M 5 31 300
6 45 31 38 0 27 0 0.13 0.0 0 6.9 18 340 M M 8 1 24 340
7 50 30 40 1 25 0 0.00 0.0 0 11.8 24 320 M M 4 34 330
8 61 26 44 5 21 0 0.00 0.0 0 5.8 15 240 M M 1 19 210
9 72 34 53 14 12 0 0.00 0.0 0 5.7 17 220 M M 6 24 220
10 67 49 58 18 7 0 0.03 0.0 0 10.2 25 310 M M 9 30 230
11 52 36 44 4 21 0 T 0.0 0 4.0 18 310 M M 7 22 310
12 63 38 51 11 14 0 0.00 0.0 0 6.6 18 120 M M 9 1 22 130
13 70 50 60 19 5 0 0.23 0.0 0 11.9 32 280 M M 7 1 42 290
14 55 41 48 7 17 0 0.02 0.0 0 9.2 21 320 M M 6 26 300
15 55 38 47 6 18 0 0.06 0.0 0 4.1 10 10 M M 6 1 17 350
16 54 29 42 0 23 0 0.00 0.0 0 7.3 20 150 M M 6 25 150
17 59 41 50 8 15 0 0.03 0.0 0 8.8 21 320 M M 9 1 25 320
18 57 33 45 3 20 0 0.21 0.0 0 6.2 15 140 M M 7 1 19 150
19 53 45 49 6 16 0 0.73 0.0 0 4.7 12 120 M M 10 18 14 120
20 78 50 64 21 1 0 T 0.0 0 8.1 26 270 M M 9 128 37 250
21 60 33 47 4 18 0 0.00 0.0 0 9.9 25 320 M M 5 30 340
22 50 28 39 -5 26 0 T 0.0 0 9.2 22 130 M M 5 29 150
23 44 36 40 -4 25 0 0.37 T 0 7.3 18 140 M M 10 1 26 130
24 54 40 47 3 18 0 0.00 0.0 0 5.4 12 350 M M 9 17 270
25 46 39 43 -2 22 0 0.14 0.0 0 6.8 16 110 M M 10 1 20 110
26 59 42 51 6 14 0 0.00 0.0 0 4.3 10 220 M M 9 1 14 260
27 65 44 55 10 10 0 0.01 0.0 0 4.7 16 330 M M 7 1 24 330
28 52 45 49 3 16 0 1.49 0.0 0 5.3 17 120 M M 10 13 21 120
29 53 47 50 4 15 0 T 0.0 0 5.4 21 120 M M 10 1 23 120
30 63 48 56 10 9 0 0.00 0.0 0 8.6 22 320 M M 7 18 30 360
31 50 43 47 0 18 0 0.03 0.0 0 6.7 17 110 M M 9 1 22 110
================================================================================
SM 1767 1189 531 0 3.97 T 225.6 M 221
================================================================================
AV 57.0 38.4 7.3 FASTST M M 7 MAX(MPH)
MISC ----> 38 290 48 300
================================================================================
NOTES:
# LAST OF SEVERAL OCCURRENCES
COLUMN 17 PEAK WIND IN M.P.H.
PRELIMINARY LOCAL CLIMATOLOGICAL DATA (WS FORM: F-6) , PAGE 2
STATION: HARRISBURG PA
MONTH: MARCH
YEAR: 2020
LATITUDE: 40 11 N
LONGITUDE: 76 46 W
[TEMPERATURE DATA] [PRECIPITATION DATA] SYMBOLS USED IN COLUMN 16
AVERAGE MONTHLY: 47.7 TOTAL FOR MONTH: 3.97 1 = FOG OR MIST
DPTR FM NORMAL: 6.0 DPTR FM NORMAL: 0.60 2 = FOG REDUCING VISIBILITY
HIGHEST: 78 ON 20 GRTST 24HR 1.49 ON 28-28 TO 1/4 MILE OR LESS
LOWEST: 26 ON 8, 2 3 = THUNDER
SNOW, ICE PELLETS, HAIL 4 = ICE PELLETS
TOTAL MONTH: T 5 = HAIL
GRTST 24HR T ON 23-23 6 = FREEZING RAIN OR DRIZZLE
GRTST DEPTH: 0 7 = DUSTSTORM OR SANDSTORM:
VSBY 1/2 MILE OR LESS
8 = SMOKE OR HAZE
[NO. OF DAYS WITH] [WEATHER - DAYS WITH] 9 = BLOWING SNOW
X = TORNADO
MAX 32 OR BELOW: 0 0.01 INCH OR MORE: 15
MAX 90 OR ABOVE: 0 0.10 INCH OR MORE: 9
MIN 32 OR BELOW: 7 0.50 INCH OR MORE: 2
MIN 0 OR BELOW: 0 1.00 INCH OR MORE: 1
[HDD (BASE 65) ]
TOTAL THIS MO. 531 CLEAR (SCALE 0-3) 2
DPTR FM NORMAL -192 PTCLDY (SCALE 4-7) 17
TOTAL FM JUL 1 3921 CLOUDY (SCALE 8-10) 12
DPTR FM NORMAL -790
[CDD (BASE 65) ]
TOTAL THIS MO. 0
DPTR FM NORMAL -1 [PRESSURE DATA]
TOTAL FM JAN 1 0 HIGHEST SLP 30.63 ON 22
DPTR FM NORMAL -1 LOWEST SLP 29.47 ON 3
[REMARKS]
#FINAL-03-20#