000
CXUS53 KARX 010900
CF6MDZ
PRELIMINARY LOCAL CLIMATOLOGICAL DATA (WS FORM: F-6)
STATION: MEDFORD WI
MONTH: APRIL
YEAR: 2021
LATITUDE: 45 5 N
LONGITUDE: 90 18 W
TEMPERATURE IN F: :PCPN: SNOW: WIND :SUNSHINE: SKY :PK WND
================================================================================
1 2 3 4 5 6A 6B 7 8 9 10 11 12 13 14 15 16 17 18
12Z AVG MX 2MIN
DY MAX MIN AVG DEP HDD CDD WTR SNW DPTH SPD SPD DIR MIN PSBL S-S WX SPD DR
================================================================================
1 36 13 25 M 40 0 0.00 0.0 0 3.6 8 210 M M 0 M M
2 48 22 35 M 30 0 0.00 0.0 0 11.7 21 160 M M 0 27 180
3 66 27 47 M 18 0 0.00 0.0 0 6.6 15 340 M M 0 21 310
4 69 35 52 M 13 0 0.00 0.0 0 8.0 17 160 M M 0 23 150
5 78 36 57 M 8 0 0.00 0.0 0 7.9 15 180 M M 1 23 180
6 76 51 64 M 1 0 0.44 0.0 0 6.6 15 200 M M 4 3 22 260
7 73 51 62 M 3 0 0.08 0.0 0 8.1 16 160 M M 5 3 23 160
8 60 51 56 M 9 0 0.39 0.0 0 7.2 12 100 M M 10 17 100
9 54 44 49 M 16 0 0.08 0.0 0 7.2 15 230 M M 10 1 22 120
10 49 40 45 M 20 0 0.17 0.0 0 7.3 13 360 M M 10 21 360
11 48 41 45 M 20 0 0.26 0.0 0 9.7 14 10 M M 10 20 10
12 50 38 44 M 21 0 0.24 0.0 0 7.0 15 230 M M 10 1 24 290
13 38 30 34 M 31 0 M M 0 9.4 15 250 M M 9 1 23 250
14 42 27 35 M 30 0 M M 0 8.1 13 340 M M 10 22 290
15 49 32 41 M 24 0 0.00 0.0 0 9.0 15 340 M M 7 21 340
16 54 27 41 M 24 0 0.00 0.0 0 5.9 12 10 M M 0 1 18 20
17 57 24 41 M 24 0 0.00 0.0 0 4.8 10 320 M M 3 18 340
18 56 34 45 M 20 0 0.06 0.0 0 5.5 16 310 M M 7 31 230
19 37 26 32 M 33 0 T T 0 11.2 17 290 M M 10 27 290
20 39 22 31 M 34 0 0.00 0.0 0 5.2 12 320 M M 7 22 320
21 38 24 31 M 34 0 0.00 0.0 0 4.3 13 270 M M 8 23 110
22 58 22 40 M 25 0 0.00 0.0 0 5.8 13 270 M M 1 24 270
23 54 39 47 M 18 0 T 0.0 0 7.4 15 210 M M 7 22 220
24 45 27 36 M 29 0 T 0.0 0 5.8 14 340 M M 9 12 23 330
25 45 21 33 M 32 0 T 0.0 0 4.2 9 120 M M 4 17 130
26 45 30 38 M 27 0 M 0.0 0 10.8 14 70 M M 9 23 120
27 55 35 45 M 20 0 0.03 0.0 0 8.9 14 20 M M 7 3 25 100
28 61 38 50 M 15 0 0.00 0.0 0 4.6 8 20 M M 5 M M
29 59 34 47 M 18 0 M 0.0 0 7.5 22 330 M M 5 123 29 330
30 55 34 45 M 20 0 0.00 0.0 0 8.9 16 360 M M 1 24 360
================================================================================
SM 1594 975 657 0 1.75 T 218.2 M 169
================================================================================
AV 53.1 32.5 7.3 FASTST M M 6 MAX(MPH)
MISC ----> 22 330 31 230
================================================================================
NOTES:
# LAST OF SEVERAL OCCURRENCES
COLUMN 17 PEAK WIND IN M.P.H.
PRELIMINARY LOCAL CLIMATOLOGICAL DATA (WS FORM: F-6) , PAGE 2
STATION: MEDFORD WI
MONTH: APRIL
YEAR: 2021
LATITUDE: 45 5 N
LONGITUDE: 90 18 W
[TEMPERATURE DATA] [PRECIPITATION DATA] SYMBOLS USED IN COLUMN 16
AVERAGE MONTHLY: 42.8 TOTAL FOR MONTH: 1.75 1 = FOG OR MIST
DPTR FM NORMAL: 0.0 DPTR FM NORMAL: M 2 = FOG REDUCING VISIBILITY
HIGHEST: 78 ON 5 GRTST 24HR 0.44 ON 6- 6 TO 1/4 MILE OR LESS
LOWEST: 13 ON 1 3 = THUNDER
SNOW, ICE PELLETS, HAIL 4 = ICE PELLETS
TOTAL MONTH: T 5 = HAIL
GRTST 24HR T ON 19-19 6 = FREEZING RAIN OR DRIZZLE
GRTST DEPTH: 0 7 = DUSTSTORM OR SANDSTORM:
VSBY 1/2 MILE OR LESS
8 = SMOKE OR HAZE
[NO. OF DAYS WITH] [WEATHER - DAYS WITH] 9 = BLOWING SNOW
X = TORNADO
MAX 32 OR BELOW: 0 0.01 INCH OR MORE: 9
MAX 90 OR ABOVE: 0 0.10 INCH OR MORE: 5
MIN 32 OR BELOW: 15 0.50 INCH OR MORE: 0
MIN 0 OR BELOW: 0 1.00 INCH OR MORE: 0
[HDD (BASE 65) ]
TOTAL THIS MO. 657 CLEAR (SCALE 0-3) 8
DPTR FM NORMAL M PTCLDY (SCALE 4-7) 12
TOTAL FM JUL 1 8266 CLOUDY (SCALE 8-10) 10
DPTR FM NORMAL M
[CDD (BASE 65) ]
TOTAL THIS MO. 0
DPTR FM NORMAL M [PRESSURE DATA]
TOTAL FM JAN 1 0 HIGHEST SLP M ON M
DPTR FM NORMAL M LOWEST SLP M ON M
[REMARKS]
#FINAL-04-21#