000
CXUS53 KARX 010930
CF6MDZ
PRELIMINARY LOCAL CLIMATOLOGICAL DATA (WS FORM: F-6)
STATION: MEDFORD WI
MONTH: APRIL
YEAR: 2020
LATITUDE: 45 5 N
LONGITUDE: 90 18 W
TEMPERATURE IN F: :PCPN: SNOW: WIND :SUNSHINE: SKY :PK WND
================================================================================
1 2 3 4 5 6A 6B 7 8 9 10 11 12 13 14 15 16 17 18
12Z AVG MX 2MIN
DY MAX MIN AVG DEP HDD CDD WTR SNW DPTH SPD SPD DIR MIN PSBL S-S WX SPD DR
================================================================================
1 50 30 40 M 25 0 0.00 0.0 0 5.8 10 170 M M 1 M M
2 57 36 47 M 18 0 0.00 0.0 0 8.5 16 130 M M 5 22 130
3 52 25 39 M 26 0 0.22 M M 6.2 13 270 M M 10 M M
4 41 19 30 M 35 0 0.00 0.0 M 2.7 10 330 M M 3 M M
5 50 24 37 M 28 0 0.00 0.0 0 5.3 12 170 M M 1 M M
6 53 35 44 M 21 0 0.00 0.0 0 6.1 10 160 M M 7 17 140
7 56 43 50 M 15 0 M 0.0 0 5.2 9 150 M M 8 123 M M
8 54 32 43 M 22 0 0.00 0.0 0 9.0 18 280 M M 5 12 27 280
9 37 27 32 M 33 0 M M 0 13.8 22 320 M M 8 31 320
10 43 26 35 M 30 0 0.00 0.0 0 8.6 16 270 M M 5 17 290
11 56 25 41 M 24 0 0.00 0.0 0 5.0 14 20 M M 1 20 20
12 41 26 34 M 31 0 M M M 13.1 22 10 M M 10 28 10
13 31 20 26 M 39 0 M M M 14.1 24 280 M M 8 33 280
14 26 11 19 M 46 0 M M M 7.1 18 280 M M 7 18 23 280
15 26 4 15 M 50 0 0.00 0.0 M 5.3 10 270 M M 6 12 18 270
16 36 13 25 M 40 0 0.00 0.0 M 8.2 15 280 M M 2 22 280
17 40 21 31 M 34 0 0.00 0.0 M 4.7 12 250 M M 3 18 270
18 56 30 43 M 22 0 M 0.0 M 11.5 20 200 M M 3 25 200
19 46 31 39 M 26 0 0.00 0.0 M 8.7 15 300 M M 2 25 290
20 50 28 39 M 26 0 M 0.0 M 14.0 25 340 M M 4 38 340
21 39 24 32 M 33 0 0.00 0.0 M 11.6 21 320 M M 2 25 310
22 49 28 39 M 26 0 0.00 0.0 0 10.1 15 120 M M 5 23 120
23 48 29 39 M 26 0 0.00 0.0 0 6.3 12 110 M M 7 1 17 110
24 60 32 46 M 19 0 0.00 0.0 0 2.5 6 100 M M 6 M M
25 62 35 49 M 16 0 0.00 0.0 0 4.4 13 30 M M 3 17 20
26 61 31 46 M 19 0 0.00 0.0 0 4.7 9 160 M M 2 M M
27 61 39 50 M 15 0 0.29 0.0 0 6.5 12 150 M M 7 17 150
28 49 40 45 M 20 0 0.56 M 0 8.4 20 90 M M 9 12 29 110
29 52 40 46 M 19 0 0.01 M 0 18.3 29 360 M M 8 35 360
30 60 36 48 M 17 0 0.00 0.0 0 10.0 17 350 M M 1 25 350
================================================================================
SM 1442 840 801 0 1.08 0.0 245.7 M 149
================================================================================
AV 48.1 28.0 8.2 FASTST M M 5 MAX(MPH)
MISC ----> # 29 360 # 38 340
================================================================================
NOTES:
# LAST OF SEVERAL OCCURRENCES
COLUMN 17 PEAK WIND IN M.P.H.
PRELIMINARY LOCAL CLIMATOLOGICAL DATA (WS FORM: F-6) , PAGE 2
STATION: MEDFORD WI
MONTH: APRIL
YEAR: 2020
LATITUDE: 45 5 N
LONGITUDE: 90 18 W
[TEMPERATURE DATA] [PRECIPITATION DATA] SYMBOLS USED IN COLUMN 16
AVERAGE MONTHLY: 38.0 TOTAL FOR MONTH: 1.08 1 = FOG OR MIST
DPTR FM NORMAL: M DPTR FM NORMAL: M 2 = FOG REDUCING VISIBILITY
HIGHEST: 62 ON 25 GRTST 24HR 0.56 ON 28-28 TO 1/4 MILE OR LESS
LOWEST: 4 ON 15 3 = THUNDER
SNOW, ICE PELLETS, HAIL 4 = ICE PELLETS
TOTAL MONTH: 0.0 INCH 5 = HAIL
GRTST 24HR 0.0 6 = FREEZING RAIN OR DRIZZLE
GRTST DEPTH: 0 7 = DUSTSTORM OR SANDSTORM:
VSBY 1/2 MILE OR LESS
8 = SMOKE OR HAZE
[NO. OF DAYS WITH] [WEATHER - DAYS WITH] 9 = BLOWING SNOW
X = TORNADO
MAX 32 OR BELOW: 3 0.01 INCH OR MORE: 4
MAX 90 OR ABOVE: 0 0.10 INCH OR MORE: 3
MIN 32 OR BELOW: 22 0.50 INCH OR MORE: 1
MIN 0 OR BELOW: 0 1.00 INCH OR MORE: 0
[HDD (BASE 65) ]
TOTAL THIS MO. 801 CLEAR (SCALE 0-3) 11
DPTR FM NORMAL M PTCLDY (SCALE 4-7) 15
TOTAL FM JUL 1 8366 CLOUDY (SCALE 8-10) 4
DPTR FM NORMAL M
[CDD (BASE 65) ]
TOTAL THIS MO. 0
DPTR FM NORMAL M [PRESSURE DATA]
TOTAL FM JAN 1 0 HIGHEST SLP M ON M
DPTR FM NORMAL M LOWEST SLP M ON M
[REMARKS]
#FINAL-04-20#