000
CXUS54 KMEG 010900
CF6MEG
PRELIMINARY LOCAL CLIMATOLOGICAL DATA (WS FORM: F-6)
STATION: MEMPHIS/GERMANTOWN WFO
MONTH: JUNE
YEAR: 2021
LATITUDE: 35 7 N
LONGITUDE: 89 48 W
TEMPERATURE IN F: :PCPN: SNOW: WIND :SUNSHINE: SKY :PK WND
================================================================================
1 2 3 4 5 6A 6B 7 8 9 10 11 12 13 14 15 16 17 18
12Z AVG MX 2MIN
DY MAX MIN AVG DEP HDD CDD WTR SNW DPTH SPD SPD DIR MIN PSBL S-S WX SPD DR
================================================================================
1 73 62 68 -6 0 3 1.03 0.0 0 M M M M M M 1 M M
2 83 67 75 1 0 10 0.11 0.0 0 M M M M M M 1 M M
3 82 64 73 -2 0 8 T 0.0 0 M M M M M M 1 M M
4 86 61 74 -1 0 9 0.00 0.0 0 M M M M M M M M
5 84 64 74 -1 0 9 0.13 0.0 0 M M M M M M 1 M M
6 76 69 73 -3 0 8 0.04 0.0 0 M M M M M M 1 M M
7 85 68 77 1 0 12 0.08 0.0 0 M M M M M M 13 M M
8 75 67 71 -5 0 6 0.58 0.0 0 M M M M M M 13 M M
9 80 67 74 -2 0 9 0.30 0.0 0 M M M M M M 13 M M
10 84 69 77 0 0 12 0.00 0.0 0 M M M M M M M M
11 91 69 80 3 0 15 0.03 0.0 0 M M M M M M 3 M M
12 96 76 86 9 0 21 0.00 0.0 0 M M M M M M M M
13 94 75 85 8 0 20 0.01 0.0 0 M M M M M M 3 M M
14 93 71 82 4 0 17 0.00 0.0 0 M M M M M M M M
15 89 67 78 0 0 13 0.00 0.0 0 M M M M M M M M
16 92 62 77 -1 0 12 0.00 0.0 0 M M M M M M M M
17 94 67 81 3 0 16 0.00 0.0 0 M M M M M M M M
18 93 71 82 4 0 17 0.00 0.0 0 M M M M M M M M
19 86 71 79 0 0 14 0.00 0.0 0 M M M M M M M M
20 93 70 82 3 0 17 0.00 0.0 0 M M M M M M M M
21 88 69 79 0 0 14 0.10 0.0 0 M M M M M M M M
22 81 58 70 -9 0 5 0.00 0.0 0 M M M M M M M M
23 87 55 71 -8 0 6 0.00 0.0 0 M M M M M M M M
24 93 66 80 0 0 15 0.00 0.0 0 M M M M M M M M
25 91 76 84 4 0 19 0.00 0.0 0 M M M M M M M M
26 91 73 82 2 0 17 0.00 0.0 0 M M M M M M M M
27 94 76 85 5 0 20 0.00 0.0 0 M M M M M M M M
28 95 75 85 5 0 20 0.00 0.0 0 M M M M M M M M
29 96 73 85 5 0 20 0.00 0.0 0 M M M M M M M M
30 90 72 81 1 0 16 0.05 0.0 0 M M M M M M M M
================================================================================
SM 2635 2050 0 400 2.46 0.0 M M M
================================================================================
AV 87.8 68.3 M FASTST M M M MAX(MPH)
MISC ----> M M M M
================================================================================
NOTES:
# LAST OF SEVERAL OCCURRENCES
COLUMN 17 PEAK WIND IN M.P.H.
PRELIMINARY LOCAL CLIMATOLOGICAL DATA (WS FORM: F-6) , PAGE 2
STATION: MEMPHIS/GERMANTOWN WFO
MONTH: JUNE
YEAR: 2021
LATITUDE: 35 7 N
LONGITUDE: 89 48 W
[TEMPERATURE DATA] [PRECIPITATION DATA] SYMBOLS USED IN COLUMN 16
AVERAGE MONTHLY: 78.1 TOTAL FOR MONTH: 2.46 1 = FOG OR MIST
DPTR FM NORMAL: 0.4 DPTR FM NORMAL: -1.22 2 = FOG REDUCING VISIBILITY
HIGHEST: 96 ON 29,12 GRTST 24HR 1.03 ON 1- 1 TO 1/4 MILE OR LESS
LOWEST: 55 ON 23 3 = THUNDER
SNOW, ICE PELLETS, HAIL 4 = ICE PELLETS
TOTAL MONTH: 0.0 INCH 5 = HAIL
GRTST 24HR 0.0 6 = FREEZING RAIN OR DRIZZLE
GRTST DEPTH: 0 7 = DUSTSTORM OR SANDSTORM:
VSBY 1/2 MILE OR LESS
8 = SMOKE OR HAZE
[NO. OF DAYS WITH] [WEATHER - DAYS WITH] 9 = BLOWING SNOW
X = TORNADO
MAX 32 OR BELOW: 0 0.01 INCH OR MORE: 11
MAX 90 OR ABOVE: 15 0.10 INCH OR MORE: 6
MIN 32 OR BELOW: 0 0.50 INCH OR MORE: 2
MIN 0 OR BELOW: 0 1.00 INCH OR MORE: 1
[HDD (BASE 65) ]
TOTAL THIS MO. 0 CLEAR (SCALE 0-3) 0
DPTR FM NORMAL -2 PTCLDY (SCALE 4-7) 0
TOTAL FM JUL 1 3115 CLOUDY (SCALE 8-10) 30
DPTR FM NORMAL -297
[CDD (BASE 65) ]
TOTAL THIS MO. 400
DPTR FM NORMAL 19 [PRESSURE DATA]
TOTAL FM JAN 1 621 HIGHEST SLP M ON M
DPTR FM NORMAL -11 LOWEST SLP M ON M
[REMARKS]
#FINAL-06-21#