000
CXUS54 KMEG 011000
CF6MEM
PRELIMINARY LOCAL CLIMATOLOGICAL DATA (WS FORM: F-6)
STATION: MEMPHIS
MONTH: NOVEMBER
YEAR: 2021
LATITUDE: 35 3 N
LONGITUDE: 89 59 W
TEMPERATURE IN F: :PCPN: SNOW: WIND :SUNSHINE: SKY :PK WND
================================================================================
1 2 3 4 5 6A 6B 7 8 9 10 11 12 13 14 15 16 17 18
12Z AVG MX 2MIN
DY MAX MIN AVG DEP HDD CDD WTR SNW DPTH SPD SPD DIR MIN PSBL S-S WX SPD DR
================================================================================
1 66 46 56 -2 9 0 T 0.0 0 7.8 15 20 M M 4 19 20
2 54 46 50 -8 15 0 T 0.0 0 10.0 18 30 M M 8 21 20
3 48 41 45 -12 20 0 0.15 0.0 0 8.1 15 80 M M 9 19 80
4 56 35 46 -11 19 0 0.00 0.0 0 8.1 17 60 M M 1 23 50
5 60 35 48 -8 17 0 0.00 0.0 0 4.0 10 40 M M 1 14 70
6 62 39 51 -5 14 0 0.00 0.0 0 1.0 8 130 M M 3 14 230
7 68 38 53 -3 12 0 0.00 0.0 0 1.2 7 180 M M 1 9 210
8 71 41 56 1 9 0 0.00 0.0 0 3.1 9 190 M M 0 18 140
9 71 46 59 4 6 0 0.00 0.0 0 5.2 13 180 M M 6 22 140
10 71 48 60 6 5 0 0.00 0.0 0 8.2 17 190 M M 5 27 120
11 67 46 57 3 8 0 0.61 0.0 0 8.7 20 300 M M 5 1 25 180
12 64 42 53 -1 12 0 0.01 0.0 0 7.9 21 330 M M 5 31 280
13 50 34 42 -11 23 0 0.00 0.0 0 5.5 10 190 M M 0 15 310
14 63 37 50 -3 15 0 0.00 0.0 0 6.2 16 290 M M 4 22 300
15 68 38 53 0 12 0 0.00 0.0 0 6.8 15 200 M M 4 23 210
16 75 59 67 15 0 2 0.00 0.0 0 10.7 20 190 M M 5 31 250
17 77 60 69 17 0 4 0.00 0.0 0 12.4 24 210 M M 5 35 240
18 69 36 53 1 12 0 0.44 0.0 0 9.4 24 10 M M 7 13 32 310
19 58 34 46 -5 19 0 0.00 0.0 0 6.7 17 70 M M 2 21 80
20 63 38 51 0 14 0 0.00 0.0 0 7.7 17 180 M M 6 31 320
21 60 49 55 4 10 0 0.44 0.0 0 7.6 16 190 M M 9 13 26 240
22 53 36 45 -5 20 0 0.00 0.0 0 7.5 15 20 M M 2 1 26 210
23 57 33 45 -5 20 0 0.00 0.0 0 6.1 12 160 M M 1 16 150
24 67 42 55 5 10 0 0.00 0.0 0 12.3 22 190 M M 6 29 210
25 58 37 48 -2 17 0 0.46 0.0 0 11.0 21 340 M M 8 1 29 340
26 50 29 40 -9 25 0 0.00 0.0 0 4.1 13 20 M M 1 18 20
27 56 35 46 -3 19 0 0.00 0.0 0 8.2 17 210 M M 5 26 230
28 61 39 50 1 15 0 0.00 0.0 0 4.5 15 350 M M 4 19 350
29 59 35 47 -1 18 0 0.00 0.0 0 6.2 14 200 M M 1 22 250
30 71 44 58 10 7 0 0.00 0.0 0 4.1 14 210 M M 0 22 240
================================================================================
SM 1873 1218 402 6 2.11 0.0 210.3 M 118
================================================================================
AV 62.4 40.6 7.0 FASTST M M 4 MAX(MPH)
MISC ----> # 24 210 35 240
================================================================================
NOTES:
# LAST OF SEVERAL OCCURRENCES
COLUMN 17 PEAK WIND IN M.P.H.
PRELIMINARY LOCAL CLIMATOLOGICAL DATA (WS FORM: F-6) , PAGE 2
STATION: MEMPHIS
MONTH: NOVEMBER
YEAR: 2021
LATITUDE: 35 3 N
LONGITUDE: 89 59 W
[TEMPERATURE DATA] [PRECIPITATION DATA] SYMBOLS USED IN COLUMN 16
AVERAGE MONTHLY: 51.5 TOTAL FOR MONTH: 2.11 1 = FOG OR MIST
DPTR FM NORMAL: -1.2 DPTR FM NORMAL: -2.58 2 = FOG REDUCING VISIBILITY
HIGHEST: 77 ON 17 GRTST 24HR 0.61 ON 11-11 TO 1/4 MILE OR LESS
LOWEST: 29 ON 26 3 = THUNDER
SNOW, ICE PELLETS, HAIL 4 = ICE PELLETS
TOTAL MONTH: 0.0 INCH 5 = HAIL
GRTST 24HR 0.0 6 = FREEZING RAIN OR DRIZZLE
GRTST DEPTH: 0 7 = DUSTSTORM OR SANDSTORM:
VSBY 1/2 MILE OR LESS
8 = SMOKE OR HAZE
[NO. OF DAYS WITH] [WEATHER - DAYS WITH] 9 = BLOWING SNOW
X = TORNADO
MAX 32 OR BELOW: 0 0.01 INCH OR MORE: 6
MAX 90 OR ABOVE: 0 0.10 INCH OR MORE: 5
MIN 32 OR BELOW: 1 0.50 INCH OR MORE: 1
MIN 0 OR BELOW: 0 1.00 INCH OR MORE: 0
[HDD (BASE 65) ]
TOTAL THIS MO. 402 CLEAR (SCALE 0-3) 12
DPTR FM NORMAL 23 PTCLDY (SCALE 4-7) 14
TOTAL FM JUL 1 473 CLOUDY (SCALE 8-10) 4
DPTR FM NORMAL -29
[CDD (BASE 65) ]
TOTAL THIS MO. 6
DPTR FM NORMAL -6 [PRESSURE DATA]
TOTAL FM JAN 1 2271 HIGHEST SLP 30.53 ON 19
DPTR FM NORMAL -40 LOWEST SLP 29.81 ON 11
[REMARKS]
#FINAL-11-21#