535
CXUS54 KMEG 020321
CF6MEM
PRELIMINARY LOCAL CLIMATOLOGICAL DATA (WS FORM: F-6)
STATION: MEMPHIS
MONTH: JANUARY
YEAR: 2021
LATITUDE: 35 3 N
LONGITUDE: 89 59 W
TEMPERATURE IN F: :PCPN: SNOW: WIND :SUNSHINE: SKY :PK WND
================================================================================
1 2 3 4 5 6A 6B 7 8 9 10 11 12 13 14 15 16 17 18
12Z AVG MX 2MIN
DY MAX MIN AVG DEP HDD CDD WTR SNW DPTH SPD SPD DIR MIN PSBL S-S WX SPD DR
================================================================================
1 56 43 50 9 15 0 0.79 0.0 0 11.6 26 190 M M 9 1 37 200
2 43 38 41 0 24 0 0.04 0.0 0 6.7 15 270 M M 10 1 23 250
3 55 34 45 4 20 0 0.00 0.0 0 5.4 14 260 M M 1 19 270
4 56 39 48 7 17 0 0.00 0.0 0 5.3 13 250 M M 3 19 260
5 53 36 45 4 20 0 0.00 0.0 0 5.5 13 330 M M 3 18 360
6 55 36 46 5 19 0 0.00 0.0 0 9.2 16 100 M M 8 22 90
7 48 35 42 1 23 0 0.17 T 0 12.7 23 50 M M 10 1 29 60
8 40 34 37 -4 28 0 T T 0 10.7 18 350 M M 10 23 10
9 37 34 36 -5 29 0 0.00 0.0 0 9.1 15 20 M M 10 20 30
10 37 33 35 -6 30 0 0.00 0.0 0 8.3 13 10 M M 10 25 20
11 35 27 31 -10 34 0 0.03 0.3 0 8.1 16 30 M M 9 18 24 30
12 45 21 33 -8 32 0 0.00 0.0 0 3.6 12 200 M M 0 1 19 240
13 52 28 40 -1 25 0 0.00 0.0 0 8.1 17 220 M M 2 1 28 240
14 56 40 48 7 17 0 0.00 0.0 0 11.4 28 320 M M 5 40 320
15 51 35 43 2 22 0 T 0.0 0 13.2 25 250 M M 6 1 36 240
16 48 35 42 1 23 0 T T 0 9.7 22 270 M M 8 31 270
17 51 31 41 0 24 0 0.00 0.0 0 7.4 18 280 M M 5 24 290
18 58 30 44 3 21 0 0.00 0.0 0 8.4 18 210 M M 5 26 210
19 59 40 50 9 15 0 0.00 0.0 0 5.3 15 200 M M 8 23 220
20 51 36 44 3 21 0 0.19 0.0 0 4.9 15 200 M M 7 1 20 240
21 53 44 49 8 16 0 0.25 0.0 0 4.4 17 190 M M 10 1 26 210
22 53 38 46 5 19 0 0.00 0.0 0 8.8 20 40 M M 5 24 30
23 55 31 43 2 22 0 0.00 0.0 0 8.9 16 70 M M 3 27 360
24 52 46 49 8 16 0 0.62 0.0 0 5.1 22 200 M M 10 13 36 210
25 72 51 62 20 3 0 1.18 0.0 0 14.3 32 310 M M 8 123 42 290
26 61 45 53 11 12 0 0.00 0.0 0 7.4 16 40 M M 5 1 31 30
27 45 35 40 -2 25 0 0.02 T 0 12.6 21 10 M M 8 14 28 20
28 44 31 38 -4 27 0 0.00 0.0 0 9.0 20 10 M M 6 1 25 10
29 53 30 42 0 23 0 0.00 0.0 0 6.3 14 150 M M 6 35 210
30 60 47 54 12 11 0 0.26 0.0 0 13.4 23 190 M M 10 1 33 200
31 60 38 49 7 16 0 0.00 0.0 0 14.4 26 320 M M 8 1 34 320
================================================================================
SM 1594 1121 649 0 3.55 0.3 269.2 M 208
================================================================================
AV 51.4 36.2 8.7 FASTST M M 7 MAX(MPH)
MISC ----> 32 310 42 290
================================================================================
NOTES:
# LAST OF SEVERAL OCCURRENCES
COLUMN 17 PEAK WIND IN M.P.H.
PRELIMINARY LOCAL CLIMATOLOGICAL DATA (WS FORM: F-6) , PAGE 2
STATION: MEMPHIS
MONTH: JANUARY
YEAR: 2021
LATITUDE: 35 3 N
LONGITUDE: 89 59 W
[TEMPERATURE DATA] [PRECIPITATION DATA] SYMBOLS USED IN COLUMN 16
AVERAGE MONTHLY: 43.8 TOTAL FOR MONTH: 3.55 1 = FOG OR MIST
DPTR FM NORMAL: 2.6 DPTR FM NORMAL: -0.43 2 = FOG REDUCING VISIBILITY
HIGHEST: 72 ON 25 GRTST 24HR 2.30 ON 24-25 TO 1/4 MILE OR LESS
LOWEST: 21 ON 12 3 = THUNDER
SNOW, ICE PELLETS, HAIL 4 = ICE PELLETS
TOTAL MONTH: 0.3 INCH 5 = HAIL
GRTST 24HR 0.3 ON 11-11 6 = FREEZING RAIN OR DRIZZLE
GRTST DEPTH: 0 7 = DUSTSTORM OR SANDSTORM:
VSBY 1/2 MILE OR LESS
8 = SMOKE OR HAZE
[NO. OF DAYS WITH] [WEATHER - DAYS WITH] 9 = BLOWING SNOW
X = TORNADO
MAX 32 OR BELOW: 0 0.01 INCH OR MORE: 10
MAX 90 OR ABOVE: 0 0.10 INCH OR MORE: 7
MIN 32 OR BELOW: 8 0.50 INCH OR MORE: 3
MIN 0 OR BELOW: 0 1.00 INCH OR MORE: 1
[HDD (BASE 65) ]
TOTAL THIS MO. 649 CLEAR (SCALE 0-3) 3
DPTR FM NORMAL -89 PTCLDY (SCALE 4-7) 15
TOTAL FM JUL 1 1695 CLOUDY (SCALE 8-10) 13
DPTR FM NORMAL -207
[CDD (BASE 65) ]
TOTAL THIS MO. 0
DPTR FM NORMAL -1 [PRESSURE DATA]
TOTAL FM JAN 1 0 HIGHEST SLP 30.68 ON 28
DPTR FM NORMAL -1 LOWEST SLP 29.55 ON 25
[REMARKS]
#FINAL-01-21#