000
CXUS54 KBMX 011110
CF6MGM
PRELIMINARY LOCAL CLIMATOLOGICAL DATA (WS FORM: F-6)
STATION: MONTGOMERY
MONTH: DECEMBER
YEAR: 2023
LATITUDE: 32 17 N
LONGITUDE: 86 24 W
TEMPERATURE IN F: :PCPN: SNOW: WIND :SUNSHINE: SKY :PK WND
================================================================================
1 2 3 4 5 6A 6B 7 8 9 10 11 12 13 14 15 16 17 18
12Z AVG MX 2MIN
DY MAX MIN AVG DEP HDD CDD WTR SNW DPTH SPD SPD DIR MIN PSBL S-S WX SPD DR
================================================================================
1 74 46 60 7 5 0 0.04 0.0 0 5.7 16 310 M M 7 1 19 320
2 70 65 68 16 0 3 0.05 0.0 0 6.4 18 160 M M 8 27 180
3 73 52 63 11 2 0 T 0.0 0 5.9 17 290 M M 4 1 22 300
4 68 42 55 3 10 0 0.00 0.0 0 6.7 17 280 M M 0 12 23 290
5 60 36 48 -4 17 0 0.00 0.0 0 6.8 13 260 M M 0 18 290
6 58 33 46 -6 19 0 0.00 0.0 0 7.6 17 10 M M 0 22 360
7 61 29 45 -7 20 0 0.00 0.0 M 1.7 8 210 M M 0 11 210
8 67 35 51 0 14 0 0.00 0.0 0 5.2 14 130 M M 5 21 130
9 77 55 66 15 0 1 0.04 0.0 0 6.9 14 180 M M 8 13 22 190
10 68 39 54 3 11 0 0.32 M 0 8.6 23 350 M M 7 13 29 310
11 56 32 44 -7 21 0 0.00 0.0 0 5.0 13 360 M M 0 19 10
12 61 29 45 -6 20 0 0.00 0.0 M 2.7 10 360 M M 0 15 30
13 63 32 48 -3 17 0 0.00 0.0 0 5.4 12 40 M M 0 16 40
14 65 38 52 2 13 0 0.00 0.0 0 8.3 21 70 M M 0 27 60
15 66 42 54 4 11 0 0.00 0.0 M 10.9 18 70 M M 2 23 60
16 62 48 55 5 10 0 0.00 0.0 M 10.7 17 100 M M 6 24 100
17 62 43 53 3 12 0 0.01 M M 9.6 20 300 M M 8 1 26 300
18 60 38 49 -1 16 0 0.00 0.0 M 11.3 20 320 M M 0 29 320
19 52 30 41 -9 24 0 0.00 0.0 0 5.0 17 340 M M 0 24 340
20 56 29 43 -7 22 0 0.00 0.0 0 4.3 14 110 M M 0 17 120
21 57 29 43 -6 22 0 0.00 0.0 0 2.5 8 60 M M 0 11 70
22 66 35 51 2 14 0 0.00 0.0 0 2.6 9 70 M M 0 12 80
23 71 37 54 5 11 0 0.00 0.0 M 2.9 9 90 M M 0 13 90
24 69 48 59 10 6 0 0.20 M M 10.2 20 110 M M 3 25 110
25 70 57 64 15 1 0 0.92 0.0 0 9.1 23 130 M M 9 1 34 130
26 58 42 50 1 15 0 0.00 0.0 0 6.9 16 300 M M 7 1 21 300
27 56 38 47 -2 18 0 0.00 0.0 0 2.9 9 190 M M 0 11 180
28 53 37 45 -3 20 0 0.00 0.0 0 8.1 17 260 M M 1 22 260
29 51 32 42 -6 23 0 0.00 0.0 0 8.1 18 260 M M 6 25 270
30 51 29 40 -8 25 0 0.00 0.0 0 5.2 14 330 M M 4 19 310
31 63 28 46 -2 19 0 0.00 0.0 0 3.9 14 230 M M 0 18 230
================================================================================
SM 1944 1205 438 4 1.58 0.0 197.1 M 85
================================================================================
AV 62.7 38.9 6.4 FASTST M M 3 MAX(MPH)
MISC ----> # 23 350 34 130
================================================================================
NOTES:
# LAST OF SEVERAL OCCURRENCES
COLUMN 17 PEAK WIND IN M.P.H.
PRELIMINARY LOCAL CLIMATOLOGICAL DATA (WS FORM: F-6) , PAGE 2
STATION: MONTGOMERY
MONTH: DECEMBER
YEAR: 2023
LATITUDE: 32 17 N
LONGITUDE: 86 24 W
[TEMPERATURE DATA] [PRECIPITATION DATA] SYMBOLS USED IN COLUMN 16
AVERAGE MONTHLY: 50.8 TOTAL FOR MONTH: 1.58 1 = FOG OR MIST
DPTR FM NORMAL: 0.6 DPTR FM NORMAL: -3.41 2 = FOG REDUCING VISIBILITY
HIGHEST: 77 ON 9 GRTST 24HR 1.12 ON 24-25 TO 1/4 MILE OR LESS
LOWEST: 28 ON 31 3 = THUNDER
SNOW, ICE PELLETS, HAIL 4 = ICE PELLETS
TOTAL MONTH: 0.0 INCH 5 = HAIL
GRTST 24HR 0.0 6 = FREEZING RAIN OR DRIZZLE
GRTST DEPTH: 0 7 = DUSTSTORM OR SANDSTORM:
VSBY 1/2 MILE OR LESS
8 = SMOKE OR HAZE
[NO. OF DAYS WITH] [WEATHER - DAYS WITH] 9 = BLOWING SNOW
X = TORNADO
MAX 32 OR BELOW: 0 0.01 INCH OR MORE: 7
MAX 90 OR ABOVE: 0 0.10 INCH OR MORE: 3
MIN 32 OR BELOW: 10 0.50 INCH OR MORE: 1
MIN 0 OR BELOW: 0 1.00 INCH OR MORE: 0
[HDD (BASE 65) ]
TOTAL THIS MO. 438 CLEAR (SCALE 0-3) 18
DPTR FM NORMAL -26 PTCLDY (SCALE 4-7) 12
TOTAL FM JUL 1 747 CLOUDY (SCALE 8-10) 1
DPTR FM NORMAL -68
[CDD (BASE 65) ]
TOTAL THIS MO. 4
DPTR FM NORMAL -3 [PRESSURE DATA]
TOTAL FM JAN 1 2720 HIGHEST SLP 30.62 ON 14
DPTR FM NORMAL 181 LOWEST SLP 29.80 ON 17
[REMARKS]
#FINAL-12-23#