000
CDUS43 KFSD 240637
CLIMHE


CLIMATE REPORT
NATIONAL WEATHER SERVICE SIOUX FALLS SD
1235 AM CST MON NOV 24 2014


...................................

...THE MITCHELL SD CLIMATE SUMMARY FOR NOVEMBER 23 2014...

CLIMATE NORMAL PERIOD 1981 TO 2010
CLIMATE RECORD PERIOD 1893 TO 2014


WEATHER ITEM   OBSERVED TIME   RECORD YEAR NORMAL DEPARTURE LAST
                VALUE   (LST)  VALUE       VALUE  FROM      YEAR
                                                  NORMAL
..................................................................
TEMPERATURE (F)
 YESTERDAY
  MAXIMUM         46    124 PM  74    1899  39      7       18
  MINIMUM         25   1159 PM -13    1898  20      5        3
  AVERAGE         36                        30      6       11

PRECIPITATION (IN)
  YESTERDAY        T             0.75 2001   0.01  -0.01     0.00
  MONTH TO DATE    0.45                      0.65  -0.20     0.39
  SINCE SEP 1      2.83                      4.59  -1.76     7.17
  SINCE JAN 1     17.93                     20.94  -3.01    25.66

SNOWFALL (IN)
  YESTERDAY        0.0           4.5  2003  MM     MM        0.0
  MONTH TO DATE    5.1                      MM     MM        4.0
  SINCE SEP 1      5.1                      MM     MM        4.0
  SINCE JUL 1      5.1                      MM     MM        4.0
  SNOW DEPTH       T

DEGREE DAYS
 HEATING
  YESTERDAY       29                        35     -6       54
  MONTH TO DATE  817                       663    154      661
  SINCE SEP 1   1345                      1287     58     1221
  SINCE JUL 1   1357                      1304     53     1244

 COOLING
  YESTERDAY        0                         0      0        0
  MONTH TO DATE    0                         0      0        0
  SINCE SEP 1     78                        79     -1      165
  SINCE JAN 1    724                       824   -100      946
..................................................................


WIND (MPH)
  HIGHEST WIND SPEED    32   HIGHEST WIND DIRECTION    NW (320)
  HIGHEST GUST SPEED    40   HIGHEST GUST DIRECTION    NW (320)
  AVERAGE WIND SPEED    17.1


SKY COVER
  POSSIBLE SUNSHINE  MM
  AVERAGE SKY COVER 0.7


WEATHER CONDITIONS
 THE FOLLOWING WEATHER WAS RECORDED YESTERDAY.
  LIGHT RAIN


RELATIVE HUMIDITY (PERCENT)
 HIGHEST    89           400 AM
 LOWEST     58           100 PM
 AVERAGE    74

..........................................................


THE MITCHELL SD CLIMATE NORMALS FOR TODAY
                         NORMAL    RECORD    YEAR
 MAXIMUM TEMPERATURE (F)   39        71      2011
 MINIMUM TEMPERATURE (F)   19       -12      1985


SUNRISE AND SUNSET
NOVEMBER 24 2014......SUNRISE   738 AM CST   SUNSET   459 PM CST
NOVEMBER 25 2014......SUNRISE   739 AM CST   SUNSET   459 PM CST


-  INDICATES NEGATIVE NUMBERS.
R  INDICATES RECORD WAS SET OR TIED.
MM INDICATES DATA IS MISSING.
T  INDICATES TRACE AMOUNT.




$$
