000
CDUS43 KFSD 260627
CLIMHE


CLIMATE REPORT
NATIONAL WEATHER SERVICE SIOUX FALLS SD
127 AM CDT SUN APR 26 2015


...................................

...THE MITCHELL SD CLIMATE SUMMARY FOR APRIL 25 2015...

CLIMATE NORMAL PERIOD 1981 TO 2010
CLIMATE RECORD PERIOD 1893 TO 2015


WEATHER ITEM   OBSERVED TIME   RECORD YEAR NORMAL DEPARTURE LAST
                VALUE   (LST)  VALUE       VALUE  FROM      YEAR
                                                  NORMAL
..................................................................
TEMPERATURE (F)
 YESTERDAY
  MAXIMUM         61    523 PM  97    1962  65     -4       75
  MINIMUM         48   1159 PM  23    1907  40      8       40
  AVERAGE         55                        52      3       58

PRECIPITATION (IN)
  YESTERDAY        0.08          2.07 1935   0.10  -0.02     0.00
  MONTH TO DATE    1.42                      1.69  -0.27     0.14
  SINCE MAR 1      1.55                      2.75  -1.20     1.18
  SINCE JAN 1      2.32                      3.31  -0.99     1.68

SNOWFALL (IN)
  YESTERDAY        0.0          11.2  2008  MM     MM        0.0
  MONTH TO DATE    0.0                      MM     MM         T
  SINCE MAR 1      0.7                      MM     MM        8.6
  SINCE JUL 1     22.6                      MM     MM       30.8
  SNOW DEPTH       0

DEGREE DAYS
 HEATING
  YESTERDAY       10                        13     -3        7
  MONTH TO DATE  347                       459   -112      455
  SINCE MAR 1   1115                      1417   -302     1501
  SINCE JUL 1   6605                      6939   -334     7451

 COOLING
  YESTERDAY        0                         0      0        0
  MONTH TO DATE    2                         0      2        0
  SINCE MAR 1      6                         0      6        0
  SINCE JAN 1      6                         0      6        0
..................................................................


WIND (MPH)
  HIGHEST WIND SPEED    26   HIGHEST WIND DIRECTION     E (100)
  HIGHEST GUST SPEED    33   HIGHEST GUST DIRECTION     E (90)
  AVERAGE WIND SPEED    10.9


SKY COVER
  POSSIBLE SUNSHINE  MM
  AVERAGE SKY COVER 0.8


WEATHER CONDITIONS
 THE FOLLOWING WEATHER WAS RECORDED YESTERDAY.
  RAIN
  LIGHT RAIN
  FOG
  HAZE


RELATIVE HUMIDITY (PERCENT)
 HIGHEST    93           300 AM
 LOWEST     57           600 PM
 AVERAGE    75

..........................................................


THE MITCHELL SD CLIMATE NORMALS FOR TODAY
                         NORMAL    RECORD    YEAR
 MAXIMUM TEMPERATURE (F)   65        93      1901
 MINIMUM TEMPERATURE (F)   40        23      1931


SUNRISE AND SUNSET
APRIL 26 2015.........SUNRISE   632 AM CDT   SUNSET   829 PM CDT
APRIL 27 2015.........SUNRISE   630 AM CDT   SUNSET   830 PM CDT


-  INDICATES NEGATIVE NUMBERS.
R  INDICATES RECORD WAS SET OR TIED.
MM INDICATES DATA IS MISSING.
T  INDICATES TRACE AMOUNT.




$$
