000
CDUS43 KFSD 160628
CLIMHE


CLIMATE REPORT
NATIONAL WEATHER SERVICE SIOUX FALLS SD
127 AM CDT WED APR 16 2014


...................................

...THE MITCHELL SD CLIMATE SUMMARY FOR APRIL 15 2014...

CLIMATE NORMAL PERIOD 1981 TO 2010
CLIMATE RECORD PERIOD 1893 TO 2014


WEATHER ITEM   OBSERVED TIME   RECORD YEAR NORMAL DEPARTURE LAST
                VALUE   (LST)  VALUE       VALUE  FROM      YEAR
                                                  NORMAL
..................................................................
TEMPERATURE (F)
 YESTERDAY
  MAXIMUM         54    551 PM  88    1898  60     -6       38
  MINIMUM         18R   448 AM  20    1962  35    -17       29
  AVERAGE         36                        48    -12       34

PRECIPITATION (IN)
  YESTERDAY        0.00          1.65 2012   0.08  -0.08     0.00
  MONTH TO DATE    0.11                      0.79  -0.68     1.70
  SINCE MAR 1      1.15                      1.85  -0.70     2.50
  SINCE JAN 1      1.65                      2.41  -0.76     4.07

SNOWFALL (IN)
  YESTERDAY        0.0           3.9  2011  MM     MM        0.0
  MONTH TO DATE    T                        MM     MM       13.8
  SINCE MAR 1      8.6                      MM     MM       17.2
  SINCE JUL 1     30.8                      MM     MM       45.1
  SNOW DEPTH       0

DEGREE DAYS
 HEATING
  YESTERDAY       29                        17     12       31
  MONTH TO DATE  330                       311     19      418
  SINCE MAR 1   1376                      1269    107     1557
  SINCE JUL 1   7326                      6791    535     7022

 COOLING
  YESTERDAY        0                         0      0        0
  MONTH TO DATE    0                         0      0        0
  SINCE MAR 1      0                         0      0        0
  SINCE JAN 1      0                         0      0        0
..................................................................


WIND (MPH)
  HIGHEST WIND SPEED    31   HIGHEST WIND DIRECTION     S (160)
  HIGHEST GUST SPEED    39   HIGHEST GUST DIRECTION    SE (150)
  AVERAGE WIND SPEED    16.6


SKY COVER
  POSSIBLE SUNSHINE  MM
  AVERAGE SKY COVER 0.0


WEATHER CONDITIONS
 THE FOLLOWING WEATHER WAS RECORDED YESTERDAY.
  NO SIGNIFICANT WEATHER WAS OBSERVED.


RELATIVE HUMIDITY (PERCENT)
 HIGHEST   100           100 AM
 LOWEST     30           300 PM
 AVERAGE    65

..........................................................


THE MITCHELL SD CLIMATE NORMALS FOR TODAY
                         NORMAL    RECORD    YEAR
 MAXIMUM TEMPERATURE (F)   61        92      1964
 MINIMUM TEMPERATURE (F)   36        11      1907
                                             1904


SUNRISE AND SUNSET
APRIL 16 2014.........SUNRISE   648 AM CDT   SUNSET   817 PM CDT
APRIL 17 2014.........SUNRISE   646 AM CDT   SUNSET   818 PM CDT


-  INDICATES NEGATIVE NUMBERS.
R  INDICATES RECORD WAS SET OR TIED.
MM INDICATES DATA IS MISSING.
T  INDICATES TRACE AMOUNT.




$$
