000
CDUS43 KFSD 160642
CLIMHE


CLIMATE REPORT
NATIONAL WEATHER SERVICE SIOUX FALLS SD
142 AM CDT TUE SEP 16 2014


...................................

...THE MITCHELL SD CLIMATE SUMMARY FOR SEPTEMBER 15 2014...

CLIMATE NORMAL PERIOD 1981 TO 2010
CLIMATE RECORD PERIOD 1893 TO 2014


WEATHER ITEM   OBSERVED TIME   RECORD YEAR NORMAL DEPARTURE LAST
                VALUE   (LST)  VALUE       VALUE  FROM      YEAR
                                                  NORMAL
..................................................................
TEMPERATURE (F)
 YESTERDAY
  MAXIMUM         65    317 PM 103    1955  76    -11       69
  MINIMUM         42    642 AM  29    1916  50     -8       51
  AVERAGE         54                        63     -9       60

PRECIPITATION (IN)
  YESTERDAY        T             0.92 1969   0.08  -0.08     0.00
  MONTH TO DATE    0.88                      1.19  -0.31     0.23
  SINCE SEP 1      0.88                      1.19  -0.31     0.23
  SINCE JAN 1     15.98                     17.54  -1.56    18.72

SNOWFALL (IN)
  YESTERDAY        0.0           0.0    MM  MM     MM        0.0
  MONTH TO DATE    0.0                      MM     MM        0.0
  SINCE SEP 1      0.0                      MM     MM        0.0
  SINCE JUL 1      0.0                      MM     MM        0.0
  SNOW DEPTH       0

DEGREE DAYS
 HEATING
  YESTERDAY       11                         4      7        5
  MONTH TO DATE   93                        40     53        9
  SINCE SEP 1     93                        40     53        9
  SINCE JUL 1    105                        57     48       32

 COOLING
  YESTERDAY        0                         2     -2        0
  MONTH TO DATE   26                        55    -29      115
  SINCE SEP 1     26                        55    -29      115
  SINCE JAN 1    672                       800   -128      896
..................................................................


WIND (MPH)
  HIGHEST WIND SPEED    14   HIGHEST WIND DIRECTION     N (20)
  HIGHEST GUST SPEED    19   HIGHEST GUST DIRECTION     N (10)
  AVERAGE WIND SPEED     4.7


SKY COVER
  POSSIBLE SUNSHINE  MM
  AVERAGE SKY COVER 0.3


WEATHER CONDITIONS
 THE FOLLOWING WEATHER WAS RECORDED YESTERDAY.
  LIGHT RAIN


RELATIVE HUMIDITY (PERCENT)
 HIGHEST   100           700 AM
 LOWEST     36           200 PM
 AVERAGE    68

..........................................................


THE MITCHELL SD CLIMATE NORMALS FOR TODAY
                         NORMAL    RECORD    YEAR
 MAXIMUM TEMPERATURE (F)   76        98      1955
 MINIMUM TEMPERATURE (F)   49        27      1903


SUNRISE AND SUNSET
SEPTEMBER 16 2014.....SUNRISE   713 AM CDT   SUNSET   741 PM CDT
SEPTEMBER 17 2014.....SUNRISE   714 AM CDT   SUNSET   739 PM CDT


-  INDICATES NEGATIVE NUMBERS.
R  INDICATES RECORD WAS SET OR TIED.
MM INDICATES DATA IS MISSING.
T  INDICATES TRACE AMOUNT.




$$
