000
CDUS43 KFSD 212219
CLIMHE


CLIMATE REPORT
NATIONAL WEATHER SERVICE SIOUX FALLS SD
519 PM CDT WED SEP 21 2016


...................................

...THE MITCHELL SD CLIMATE SUMMARY FOR SEPTEMBER 21 2016...
VALID TODAY AS OF 0500 PM LOCAL TIME.

CLIMATE NORMAL PERIOD 1981 TO 2010
CLIMATE RECORD PERIOD 1893 TO 2016


WEATHER ITEM   OBSERVED TIME   RECORD YEAR NORMAL DEPARTURE LAST
                VALUE   (LST)  VALUE       VALUE  FROM      YEAR
                                                  NORMAL
..................................................................
TEMPERATURE (F)
 TODAY
  MAXIMUM         85    237 PM  97    1937  74     11       88
                                      1936
                                      1922
  MINIMUM         60    311 AM  25    1918  47     13       56
  AVERAGE         73                        60     13       72

PRECIPITATION (IN)
  TODAY            0.00          4.35 1950   0.08  -0.08     0.00
  MONTH TO DATE    2.12                      1.65   0.47     0.10
  SINCE SEP 1      2.12                      1.65   0.47     0.10
  SINCE JAN 1     21.53                     18.00   3.53    17.03

SNOWFALL (IN)
  TODAY            0.0           0.0    MM  MM     MM        0.0
  MONTH TO DATE    0.0                      MM     MM        0.0
  SINCE SEP 1      0.0                      MM     MM        0.0
  SINCE JUL 1      0.0                      MM     MM        0.0
  SNOW DEPTH       0

DEGREE DAYS
 HEATING
  TODAY            0                         6     -6        0
  MONTH TO DATE   35                        71    -36       47
  SINCE SEP 1     35                        71    -36       47
  SINCE JUL 1     43                        88    -45       75

 COOLING
  TODAY            8                         1      7        7
  MONTH TO DATE   78                        64     14      131
  SINCE SEP 1     78                        64     14      131
  SINCE JAN 1   1010                       809    201      855
..................................................................


WIND (MPH)
  HIGHEST WIND SPEED    15   HIGHEST WIND DIRECTION     N (10)
  HIGHEST GUST SPEED    21   HIGHEST GUST DIRECTION     N (10)
  AVERAGE WIND SPEED     7.3


SKY COVER
  POSSIBLE SUNSHINE  MM
  AVERAGE SKY COVER 0.0


WEATHER CONDITIONS
 THE FOLLOWING WEATHER WAS RECORDED TODAY.
  NO SIGNIFICANT WEATHER WAS OBSERVED.


RELATIVE HUMIDITY (PERCENT)
 HIGHEST    93           700 AM
 LOWEST     58          1100 AM
 AVERAGE    76

..........................................................


THE MITCHELL SD CLIMATE NORMALS FOR TOMORROW
                         NORMAL    RECORD    YEAR
 MAXIMUM TEMPERATURE (F)   73        98      1936
 MINIMUM TEMPERATURE (F)   47        28      1913


SUNRISE AND SUNSET
SEPTEMBER 21 2016.....SUNRISE   719 AM CDT   SUNSET   730 PM CDT
SEPTEMBER 22 2016.....SUNRISE   720 AM CDT   SUNSET   729 PM CDT


-  INDICATES NEGATIVE NUMBERS.
R  INDICATES RECORD WAS SET OR TIED.
MM INDICATES DATA IS MISSING.
T  INDICATES TRACE AMOUNT.




$$
