000
CDUS43 KFSD 212256
CLIMHE


CLIMATE REPORT
NATIONAL WEATHER SERVICE SIOUX FALLS SD
456 PM CST FRI NOV 21 2014


...................................

...THE MITCHELL SD CLIMATE SUMMARY FOR NOVEMBER 21 2014...
VALID TODAY AS OF 0400 PM LOCAL TIME.

CLIMATE NORMAL PERIOD 1981 TO 2010
CLIMATE RECORD PERIOD 1893 TO 2014


WEATHER ITEM   OBSERVED TIME   RECORD YEAR NORMAL DEPARTURE LAST
                VALUE   (LST)  VALUE       VALUE  FROM      YEAR
                                                  NORMAL
..................................................................
TEMPERATURE (F)
 TODAY
  MAXIMUM         41    358 PM  75    1960  41      0       28
  MINIMUM         16    221 AM  -9    1937  21     -5       12
  AVERAGE         29                        31     -2       20

PRECIPITATION (IN)
  TODAY            0.00          0.64 1979   0.02  -0.02     0.05
  MONTH TO DATE    0.45                      0.62  -0.17     0.39
  SINCE SEP 1      2.83                      4.56  -1.73     7.17
  SINCE JAN 1     17.93                     20.91  -2.98    25.66

SNOWFALL (IN)
  TODAY            0.0           2.5  1985  MM     MM        0.6
  MONTH TO DATE    5.1                      MM     MM        4.0
  SINCE SEP 1      5.1                      MM     MM        4.0
  SINCE JUL 1      5.1                      MM     MM        4.0
  SNOW DEPTH       2

DEGREE DAYS
 HEATING
  TODAY           36                        34      2       45
  MONTH TO DATE  759                       593    166      559
  SINCE SEP 1   1287                      1217     70     1119
  SINCE JUL 1   1299                      1234     65     1142

 COOLING
  TODAY            0                         0      0        0
  MONTH TO DATE    0                         0      0        0
  SINCE SEP 1     78                        79     -1      165
  SINCE JAN 1    724                       824   -100      946
..................................................................


WIND (MPH)
  HIGHEST WIND SPEED    22   HIGHEST WIND DIRECTION     S (190)
  HIGHEST GUST SPEED    28   HIGHEST GUST DIRECTION     S (190)
  AVERAGE WIND SPEED    15.5


SKY COVER
  POSSIBLE SUNSHINE  MM
  AVERAGE SKY COVER 0.0


WEATHER CONDITIONS
 THE FOLLOWING WEATHER WAS RECORDED TODAY.
  NO SIGNIFICANT WEATHER WAS OBSERVED.


RELATIVE HUMIDITY (PERCENT)
 HIGHEST    88           100 AM
 LOWEST     65           300 PM
 AVERAGE    77

..........................................................


THE MITCHELL SD CLIMATE NORMALS FOR TOMORROW
                         NORMAL    RECORD    YEAR
 MAXIMUM TEMPERATURE (F)   40        72      1974
 MINIMUM TEMPERATURE (F)   20        -7      1929
                                             1898


SUNRISE AND SUNSET
NOVEMBER 21 2014......SUNRISE   734 AM CST   SUNSET   501 PM CST
NOVEMBER 22 2014......SUNRISE   735 AM CST   SUNSET   501 PM CST


-  INDICATES NEGATIVE NUMBERS.
R  INDICATES RECORD WAS SET OR TIED.
MM INDICATES DATA IS MISSING.
T  INDICATES TRACE AMOUNT.




$$
