000
CXUS53 KTOP 010800
CF6MHK
PRELIMINARY LOCAL CLIMATOLOGICAL DATA (WS FORM: F-6)
STATION: Manhattan KS
MONTH: SEPTEMBER
YEAR: 2020
LATITUDE: 39 9 N
LONGITUDE: 96 40 W
TEMPERATURE IN F: :PCPN: SNOW: WIND :SUNSHINE: SKY :PK WND
================================================================================
1 2 3 4 5 6A 6B 7 8 9 10 11 12 13 14 15 16 17 18
12Z AVG MX 2MIN
DY MAX MIN AVG DEP HDD CDD WTR SNW DPTH SPD SPD DIR MIN PSBL S-S WX SPD DR
================================================================================
1 84 67 76 2 0 11 0.00 M M 4.4 10 270 M M 7 3 14 270
2 90 62 76 3 0 11 0.00 M M 3.3 14 170 M M 2 12 21 160
3 85 54 70 -3 0 5 0.00 M M 6.3 18 40 M M 0 18 28 20
4 89 49 69 -4 0 4 0.00 M M 2.0 10 120 M M 0 19 120
5 96 63 80 8 0 15 0.00 M M 6.1 17 180 M M 0 26 210
6 99 72 86 14 0 21 0.00 M M 15.5 30 210 M M 0 45 220
7 97 67 82 10 0 17 0.00 M M 9.8 22 40 M M 1 29 30
8 68 47 58 -13 7 0 0.02 M M 17.4 30 50 M M 10 1 40 50
9 52 47 50 -21 15 0 0.71 M M 10.7 20 40 M M 10 1 27 50
10 57 49 53 -17 12 0 0.36 M M 6.2 13 40 M M 10 1 21 30
11 62 54 58 -12 7 0 0.02 M M 1.8 8 230 M M 10 1 10 230
12 77 49 63 -7 2 0 0.00 M M 3.3 16 230 M M 4 12 22 200
13 82 48 65 -4 0 0 0.00 M M 1.2 9 40 M M 2 12 13 30
14 81 51 66 -3 0 1 0.00 M M 1.1 12 100 M M 1 12 17 90
15 84 52 68 0 0 3 0.00 M M 2.6 13 220 M M 2 12 17 210
16 86 55 71 3 0 6 0.00 M M 2.3 10 30 M M 0 1 18 10
17 76 53 65 -2 0 0 0.00 M M 3.6 12 80 M M 0 14 90
18 75 47 61 -6 4 0 0.00 M M 3.4 13 80 M M 0 1 17 80
19 78 52 65 -1 0 0 0.00 M M 6.6 17 160 M M 0 24 190
20 79 49 64 -2 1 0 0.00 M M 6.0 20 170 M M 0 27 160
21 83 48 66 0 0 1 0.00 M M 4.8 17 210 M M 0 1 22 210
22 80 52 66 1 0 1 0.00 M M 4.8 14 170 M M 2 1 20 180
23 79 55 67 2 0 2 0.00 M M 4.8 14 220 M M 7 12 20 200
24 89 54 72 8 0 7 0.00 M M 7.2 16 210 M M 0 1 23 190
25 93 59 76 12 0 11 0.00 M M 8.8 17 180 M M 0 25 190
26 97 68 83 20 0 18 0.00 M M 13.9 28 220 M M 0 38 210
27 75 53 64 1 1 0 1.20 M M 8.8 24 30 M M 7 13 37 30
28 71 43 57 -5 8 0 0.00 M M 5.1 16 330 M M 2 32 340
29 79 39 59 -3 6 0 0.00 M M 4.7 16 240 M M 0 24 240
30 77 44 61 -1 4 0 0.00 M M 5.9 21 10 M M 0 36 350
================================================================================
SM 2420 1602 67 134 2.31 M 182.4 M 77
================================================================================
AV 80.7 53.4 6.1 FASTST M M 3 MAX(MPH)
MISC ----> # 30 210 # 45 220
================================================================================
NOTES:
# LAST OF SEVERAL OCCURRENCES
COLUMN 17 PEAK WIND IN M.P.H.
PRELIMINARY LOCAL CLIMATOLOGICAL DATA (WS FORM: F-6) , PAGE 2
STATION: Manhattan KS
MONTH: SEPTEMBER
YEAR: 2020
LATITUDE: 39 9 N
LONGITUDE: 96 40 W
[TEMPERATURE DATA] [PRECIPITATION DATA] SYMBOLS USED IN COLUMN 16
AVERAGE MONTHLY: 67.0 TOTAL FOR MONTH: 2.31 1 = FOG OR MIST
DPTR FM NORMAL: -0.9 DPTR FM NORMAL: -0.86 2 = FOG REDUCING VISIBILITY
HIGHEST: 99 ON 6 GRTST 24HR 1.20 ON 27-27 TO 1/4 MILE OR LESS
LOWEST: 39 ON 29 3 = THUNDER
SNOW, ICE PELLETS, HAIL 4 = ICE PELLETS
TOTAL MONTH: M 5 = HAIL
GRTST 24HR M ON M 6 = FREEZING RAIN OR DRIZZLE
GRTST DEPTH: M ON M 7 = DUSTSTORM OR SANDSTORM:
VSBY 1/2 MILE OR LESS
8 = SMOKE OR HAZE
[NO. OF DAYS WITH] [WEATHER - DAYS WITH] 9 = BLOWING SNOW
X = TORNADO
MAX 32 OR BELOW: 0 0.01 INCH OR MORE: 5
MAX 90 OR ABOVE: 6 0.10 INCH OR MORE: 3
MIN 32 OR BELOW: 0 0.50 INCH OR MORE: 2
MIN 0 OR BELOW: 0 1.00 INCH OR MORE: 1
[HDD (BASE 65) ]
TOTAL THIS MO. 67 CLEAR (SCALE 0-3) 22
DPTR FM NORMAL 0 PTCLDY (SCALE 4-7) 4
TOTAL FM JUL 1 68 CLOUDY (SCALE 8-10) 4
DPTR FM NORMAL -2
[CDD (BASE 65) ]
TOTAL THIS MO. 134
DPTR FM NORMAL -20 [PRESSURE DATA]
TOTAL FM JAN 1 1498 HIGHEST SLP 0.00 ON 27
DPTR FM NORMAL 161 LOWEST SLP 0.00 ON 27
[REMARKS]
#FINAL-09-20#