000
CXUS53 KTOP 010810
CF6MHK
PRELIMINARY LOCAL CLIMATOLOGICAL DATA (WS FORM: F-6)
STATION: MANHATTAN KS
MONTH: AUGUST
YEAR: 2023
LATITUDE: 39 9 N
LONGITUDE: 96 40 W
TEMPERATURE IN F: :PCPN: SNOW: WIND :SUNSHINE: SKY :PK WND
================================================================================
1 2 3 4 5 6A 6B 7 8 9 10 11 12 13 14 15 16 17 18
12Z AVG MX 2MIN
DY MAX MIN AVG DEP HDD CDD WTR SNW DPTH SPD SPD DIR MIN PSBL S-S WX SPD DR
================================================================================
1 106 72 89 9 0 24 0.00 M M 4.1 14 70 M M 1 8 18 80
2 98 80 89 9 0 24 0.01 M M 6.5 17 230 M M 1 138 27 230
3 88 75 82 2 0 17 0.24 M M 8.3 16 50 M M 5 138 21 60
4 92 71 82 2 0 17 0.55 M M 4.9 20 290 M M 5 13 31 300
5 95 70 83 4 0 18 0.20 M M 4.1 23 290 M M 1 13 42 290
6 84 65 75 -4 0 10 T M M 8.1 22 270 M M 4 35 270
7 84 60 72 -7 0 7 0.00 M M 3.4 13 140 M M 2 18 18 150
8 93 64 79 0 0 14 0.00 M M 3.0 8 70 M M 1 18 13 70
9 89 70 80 1 0 15 0.27 M M 3.0 14 170 M M 3 13 18 170
10 95 66 81 2 0 16 0.00 M M 6.2 22 210 M M 0 128 28 210
11 103 67 85 6 0 20 0.00 M M 6.8 21 210 M M 0 8 29 220
12 92 76 84 6 0 19 0.00 M M 8.2 20 80 M M 2 8 26 60
13 89 70 80 2 0 15 0.41 M M 3.2 14 220 M M 7 138 22 360
14 83 58 71 -7 0 6 0.00 M M 5.7 14 330 M M 2 25 350
15 85 55 70 -8 0 5 0.00 M M 1.7 13 30 M M 0 1 17 30
16 95 57 76 -2 0 11 0.00 M M 8.6 20 210 M M 0 8 29 210
17 88 58 73 -5 0 8 0.00 M M 6.3 18 50 M M 0 18 24 20
18 95 54 75 -2 0 10 0.00 M M 6.8 16 150 M M 0 18 22 170
19 115 72 94 17 0 29 0.00 M M 10.3 26 220 M M 0 18 36 220
20 104 69 87 10 0 22 0.00 M M 5.4 13 70 M M 0 8 16 70
21 109 75 92 15 0 27 0.00 M M 3.5 15 80 M M 1 128 19 100
22 107 M M M M M 0.00 M M 4.1 16 70 M M 0 18 21 90
23 106 79 93 17 0 28 0.00 M M 6.7 15 220 M M 0 18 22 210
24 108 74 91 15 0 26 0.00 M M 6.1 18 220 M M 0 26 210
25 109 74 92 16 0 27 T M M 6.1 25 280 M M 2 38 43 270
26 84 69 77 1 0 12 0.02 M M 6.6 17 40 M M 3 23 20
27 87 62 75 0 0 10 0.00 M M 4.0 15 40 M M 1 22 50
28 90 57 74 -1 0 9 0.00 M M 2.0 9 70 M M 0 18 12 80
29 94 63 79 4 0 14 0.00 M M 4.4 17 30 M M 1 8 27 30
30 90 57 74 0 0 9 0.00 M M 4.0 14 70 M M 0 18 21 70
31 94 63 79 5 0 14 0.00 M M 6.2 14 140 M M 0 8 20 160
================================================================================
SM 2951 2002 0 483 1.70 M 168.3 M 42
================================================================================
AV 95.2 66.7 5.4 FASTST M M 1 MAX(MPH)
MISC ----> 26 220 43 270
================================================================================
NOTES:
# LAST OF SEVERAL OCCURRENCES
COLUMN 17 PEAK WIND IN M.P.H.
PRELIMINARY LOCAL CLIMATOLOGICAL DATA (WS FORM: F-6) , PAGE 2
STATION: MANHATTAN KS
MONTH: AUGUST
YEAR: 2023
LATITUDE: 39 9 N
LONGITUDE: 96 40 W
[TEMPERATURE DATA] [PRECIPITATION DATA] SYMBOLS USED IN COLUMN 16
AVERAGE MONTHLY: 81.0 TOTAL FOR MONTH: 1.70 1 = FOG OR MIST
DPTR FM NORMAL: 3.6 DPTR FM NORMAL: -2.94 2 = FOG REDUCING VISIBILITY
HIGHEST: 115 ON 19 GRTST 24HR 0.58 ON 3- 4 TO 1/4 MILE OR LESS
LOWEST: 54 ON 18 3 = THUNDER
SNOW, ICE PELLETS, HAIL 4 = ICE PELLETS
TOTAL MONTH: M 5 = HAIL
GRTST 24HR M ON M 6 = FREEZING RAIN OR DRIZZLE
GRTST DEPTH: M ON M 7 = DUSTSTORM OR SANDSTORM:
VSBY 1/2 MILE OR LESS
8 = SMOKE OR HAZE
[NO. OF DAYS WITH] [WEATHER - DAYS WITH] 9 = BLOWING SNOW
X = TORNADO
MAX 32 OR BELOW: 0 0.01 INCH OR MORE: 7
MAX 90 OR ABOVE: 21 0.10 INCH OR MORE: 5
MIN 32 OR BELOW: 0 0.50 INCH OR MORE: 1
MIN 0 OR BELOW: 0 1.00 INCH OR MORE: 0
[HDD (BASE 65) ]
TOTAL THIS MO. 0 CLEAR (SCALE 0-3) 26
DPTR FM NORMAL -2 PTCLDY (SCALE 4-7) 5
TOTAL FM JUL 1 0 CLOUDY (SCALE 8-10) 0
DPTR FM NORMAL 0
[CDD (BASE 65) ]
TOTAL THIS MO. 483
DPTR FM NORMAL 95 [PRESSURE DATA]
TOTAL FM JAN 1 1475 HIGHEST SLP M ON M
DPTR FM NORMAL 191 LOWEST SLP 29.68 ON 10
[REMARKS]
#FINAL-08-23#