000
CXUS56 KMFR 011030
CF6MHS
PRELIMINARY LOCAL CLIMATOLOGICAL DATA (WS FORM: F-6)
STATION: MT SHASTA CITY CA
MONTH: NOVEMBER
YEAR: 2022
LATITUDE: 41 19 N
LONGITUDE: 122 19 W
TEMPERATURE IN F: :PCPN: SNOW: WIND :SUNSHINE: SKY :PK WND
================================================================================
1 2 3 4 5 6A 6B 7 8 9 10 11 12 13 14 15 16 17 18
12Z AVG MX 2MIN
DY MAX MIN AVG DEP HDD CDD WTR SNW DPTH SPD SPD DIR MIN PSBL S-S WX SPD DR
================================================================================
1 50 30 40 -6 25 0 0.69 M M 2.5 12 350 M M 6 128 31 310
2 41 26 34 -11 31 0 0.03 M M 1.1 8 320 M M 6 1 16 330
3 44 31 38 -7 27 0 T M M 1.5 7 300 M M 7 16 330
4 51 30 41 -4 24 0 0.00 M M 1.7 8 80 M M 2 18 18 120
5 45 38 42 -2 23 0 0.08 M M 0.2 9 90 M M 10 1 17 80
6 47 32 40 -4 25 0 0.52 M M 1.9 8 100 M M 8 1 21 160
7 36 31 34 -10 31 0 0.76 M M 1.9 6 90 M M 8 18 20
8 34 32 33 -10 32 0 0.55 M M 0.1 5 220 M M 10 11 220
9 37 32 35 -8 30 0 0.05 M M 0.1 3 140 M M 10 8 120
10 40 26 33 -10 32 0 0.00 M M 0.9 7 290 M M 5 18 13 320
11 45 24 35 -7 30 0 0.01 M M 0.3 7 90 M M 5 18 13 130
12 43 32 38 -4 27 0 T M M 0.9 7 330 M M 7 1 15 300
13 47 26 37 -5 28 0 0.00 M M 1.5 9 290 M M 0 18 21 330
14 47 25 36 -5 29 0 0.00 M M 2.0 7 300 M M 0 18 14 330
15 48 23 36 -5 29 0 0.00 M M 1.9 9 330 M M 0 18 17 310
16 50 23 37 -4 28 0 0.00 M M 1.7 8 310 M M 0 8 19 340
17 51 25 38 -2 27 0 0.00 M M 1.1 8 290 M M 2 14 310
18 39 20 30 -10 35 0 0.00 M M 2.5 8 300 M M 0 8 20 300
19 43 18 31 -9 34 0 0.00 M M 2.0 8 290 M M 0 8 14 300
20 47 19 33 -7 32 0 0.00 M M 1.5 8 300 M M 0 8 17 340
21 50 25 38 -1 27 0 0.00 M M 1.9 8 300 M M 0 8 18 310
22 54 27 41 2 24 0 0.00 M M 0.7 7 50 M M 3 8 16 360
23 53 29 41 3 24 0 0.00 M M 1.5 8 290 M M 0 8 17 350
24 63 26 45 7 20 0 0.00 M M 1.7 8 220 M M 0 16 220
25 56 30 43 5 22 0 0.00 M M 1.7 9 90 M M 1 8 19 80
26 50 29 40 2 25 0 T M M 2.0 9 320 M M 4 18 20 320
27 56 29 43 6 22 0 0.00 M M 2.3 10 280 M M 4 23 10
28 46 30 38 1 27 0 0.00 M M 4.7 13 330 M M 1 32 330
29 43 22 33 -4 32 0 0.00 M M 0.9 7 50 M M 2 8 11 130
30 39 33 36 -1 29 0 0.54 M M 5.5 12 90 M M 8 128 22 80
================================================================================
SM 1395 823 831 0 3.23 M 50.2 M 109
================================================================================
AV 46.5 27.4 1.7 FASTST M M 4 MAX(MPH)
MISC ----> 13 330 32 330
================================================================================
NOTES:
# LAST OF SEVERAL OCCURRENCES
COLUMN 17 PEAK WIND IN M.P.H.
PRELIMINARY LOCAL CLIMATOLOGICAL DATA (WS FORM: F-6) , PAGE 2
STATION: MT SHASTA CITY CA
MONTH: NOVEMBER
YEAR: 2022
LATITUDE: 41 19 N
LONGITUDE: 122 19 W
[TEMPERATURE DATA] [PRECIPITATION DATA] SYMBOLS USED IN COLUMN 16
AVERAGE MONTHLY: 37.0 TOTAL FOR MONTH: 3.23 1 = FOG OR MIST
DPTR FM NORMAL: -3.9 DPTR FM NORMAL: -0.40 2 = FOG REDUCING VISIBILITY
HIGHEST: 63 ON 24 GRTST 24HR 1.16 ON 7- 8 TO 1/4 MILE OR LESS
LOWEST: 18 ON 19 3 = THUNDER
SNOW, ICE PELLETS, HAIL 4 = ICE PELLETS
TOTAL MONTH: M 5 = HAIL
GRTST 24HR M ON M 6 = FREEZING RAIN OR DRIZZLE
GRTST DEPTH: M ON M 7 = DUSTSTORM OR SANDSTORM:
VSBY 1/2 MILE OR LESS
8 = SMOKE OR HAZE
[NO. OF DAYS WITH] [WEATHER - DAYS WITH] 9 = BLOWING SNOW
X = TORNADO
MAX 32 OR BELOW: 0 0.01 INCH OR MORE: 9
MAX 90 OR ABOVE: 0 0.10 INCH OR MORE: 5
MIN 32 OR BELOW: 28 0.50 INCH OR MORE: 5
MIN 0 OR BELOW: 0 1.00 INCH OR MORE: 0
[HDD (BASE 65) ]
TOTAL THIS MO. 831 CLEAR (SCALE 0-3) 15
DPTR FM NORMAL 109 PTCLDY (SCALE 4-7) 12
TOTAL FM JUL 1 1174 CLOUDY (SCALE 8-10) 3
DPTR FM NORMAL -169
[CDD (BASE 65) ]
TOTAL THIS MO. 0
DPTR FM NORMAL 0 [PRESSURE DATA]
TOTAL FM JAN 1 663 HIGHEST SLP 30.68 ON 16
DPTR FM NORMAL 354 LOWEST SLP 29.53 ON 6
[REMARKS]
#FINAL-11-22#