000
CXUS52 KMFL 011130
CF6MIA
PRELIMINARY LOCAL CLIMATOLOGICAL DATA (WS FORM: F-6)
STATION: MIAMI
MONTH: DECEMBER
YEAR: 2020
LATITUDE: 25 49 N
LONGITUDE: 80 17 W
TEMPERATURE IN F: :PCPN: SNOW: WIND :SUNSHINE: SKY :PK WND
================================================================================
1 2 3 4 5 6A 6B 7 8 9 10 11 12 13 14 15 16 17 18
12Z AVG MX 2MIN
DY MAX MIN AVG DEP HDD CDD WTR SNW DPTH SPD SPD DIR MIN PSBL S-S WX SPD DR
================================================================================
1 68 56 62 -11 3 0 0.01 0.0 0 9.5 17 340 M M 1 25 340
2 74 53 64 -8 1 0 0.00 0.0 0 7.3 16 40 M M 3 21 50
3 76 58 67 -5 0 2 0.00 0.0 0 8.8 20 100 M M 5 24 100
4 78 68 73 1 0 8 0.00 0.0 0 6.0 16 120 M M 7 22 140
5 84 69 77 5 0 12 T 0.0 0 3.2 8 280 M M 6 1 15 280
6 84 69 77 5 0 12 0.00 0.0 0 3.6 9 160 M M 8 1 14 170
7 78 63 71 -1 0 6 1.00 0.0 0 8.7 22 300 M M 7 12 30 290
8 64 55 60 -12 5 0 0.00 0.0 0 8.6 16 300 M M 1 24 350
9 65 50 58 -14 7 0 0.00 M M 6.4 15 310 M M 0 20 340
10 73 48 61 -10 4 0 0.00 0.0 M 3.4 12 30 M M 4 20 290
11 78 61 70 -1 0 5 0.14 0.0 M 5.1 16 90 M M 8 1 19 90
12 79 68 74 3 0 9 0.35 0.0 M 6.7 16 110 M M 8 1 25 110
13 82 66 74 3 0 9 0.00 0.0 M 4.4 12 120 M M 3 1 23 150
14 85 67 76 5 0 11 0.00 0.0 M 5.4 13 200 M M 3 1 19 190
15 82 71 77 7 0 12 0.00 0.0 0 3.4 9 160 M M 6 13 170
16 83 69 76 6 0 11 0.00 0.0 0 5.8 17 160 M M 5 27 160
17 84 65 75 5 0 10 0.00 0.0 0 7.3 15 340 M M 6 1 20 330
18 72 55 64 -6 1 0 0.00 0.0 0 8.2 16 50 M M 4 21 50
19 77 56 67 -3 0 2 0.00 0.0 M 4.6 16 110 M M 4 21 120
20 81 64 73 3 0 8 T 0.0 M 5.6 16 130 M M 4 22 150
21 80 65 73 3 0 8 0.00 0.0 M 6.2 14 310 M M 5 20 280
22 76 61 69 -1 0 4 0.00 0.0 M 7.1 15 50 M M 4 21 40
23 79 61 70 1 0 5 0.00 0.0 M 8.0 20 90 M M 6 23 120
24 82 73 78 9 0 13 0.09 0.0 M 10.0 20 170 M M 7 1 27 160
25 74 49 62 -7 3 0 T 0.0 0 10.3 18 340 M M 5 29 330
26 64 47 56 -13 9 0 0.00 0.0 0 4.9 12 340 M M 3 17 340
27 75 52 64 -5 1 0 T 0.0 0 8.1 17 90 M M 4 21 80
28 77 63 70 1 0 5 0.01 0.0 M 8.6 20 80 M M 6 1 24 40
29 77 64 71 2 0 6 T 0.0 M 10.6 23 70 M M 6 31 70
30 80 71 76 7 0 11 T 0.0 0 18.0 29 90 M M 7 35 80
31 81 73 77 9 0 12 0.00 0.0 M 16.6 24 130 M M 4 31 110
================================================================================
SM 2392 1910 34 181 1.60 0.0 230.4 M 150
================================================================================
AV 77.2 61.6 7.4 FASTST M M 5 MAX(MPH)
MISC ----> 29 90 35 80
================================================================================
NOTES:
# LAST OF SEVERAL OCCURRENCES
COLUMN 17 PEAK WIND IN M.P.H.
PRELIMINARY LOCAL CLIMATOLOGICAL DATA (WS FORM: F-6) , PAGE 2
STATION: MIAMI
MONTH: DECEMBER
YEAR: 2020
LATITUDE: 25 49 N
LONGITUDE: 80 17 W
[TEMPERATURE DATA] [PRECIPITATION DATA] SYMBOLS USED IN COLUMN 16
AVERAGE MONTHLY: 69.4 TOTAL FOR MONTH: 1.60 1 = FOG OR MIST
DPTR FM NORMAL: -1.1 DPTR FM NORMAL: -0.44 2 = FOG REDUCING VISIBILITY
HIGHEST: 85 ON 14 GRTST 24HR 1.00 ON 7- 7 TO 1/4 MILE OR LESS
LOWEST: 47 ON 26 3 = THUNDER
SNOW, ICE PELLETS, HAIL 4 = ICE PELLETS
TOTAL MONTH: 0.0 INCH 5 = HAIL
GRTST 24HR 0.0 6 = FREEZING RAIN OR DRIZZLE
GRTST DEPTH: 0 7 = DUSTSTORM OR SANDSTORM:
VSBY 1/2 MILE OR LESS
8 = SMOKE OR HAZE
[NO. OF DAYS WITH] [WEATHER - DAYS WITH] 9 = BLOWING SNOW
X = TORNADO
MAX 32 OR BELOW: 0 0.01 INCH OR MORE: 6
MAX 90 OR ABOVE: 0 0.10 INCH OR MORE: 3
MIN 32 OR BELOW: 0 0.50 INCH OR MORE: 1
MIN 0 OR BELOW: 0 1.00 INCH OR MORE: 1
[HDD (BASE 65) ]
TOTAL THIS MO. 34 CLEAR (SCALE 0-3) 7
DPTR FM NORMAL 0 PTCLDY (SCALE 4-7) 23
TOTAL FM JUL 1 34 CLOUDY (SCALE 8-10) 1
DPTR FM NORMAL -3
[CDD (BASE 65) ]
TOTAL THIS MO. 181
DPTR FM NORMAL -22 [PRESSURE DATA]
TOTAL FM JAN 1 5390 HIGHEST SLP 30.26 ON 29
DPTR FM NORMAL 815 LOWEST SLP 29.77 ON 7
[REMARKS]
#FINAL-12-20#