000
CXUS53 KIND 010600
CF6MIE
PRELIMINARY LOCAL CLIMATOLOGICAL DATA (WS FORM: F-6)
STATION: MUNCIE IN
MONTH: AUGUST
YEAR: 2022
LATITUDE: 40 13 N
LONGITUDE: 85 23 W
TEMPERATURE IN F: :PCPN: SNOW: WIND :SUNSHINE: SKY :PK WND
================================================================================
1 2 3 4 5 6A 6B 7 8 9 10 11 12 13 14 15 16 17 18
12Z AVG MX 2MIN
DY MAX MIN AVG DEP HDD CDD WTR SNW DPTH SPD SPD DIR MIN PSBL S-S WX SPD DR
================================================================================
1 85 69 77 2 0 12 0.13 M M 9.6 21 250 M M 6 13 36 290
2 84 68 76 1 0 11 0.00 M M 5.8 15 270 M M 1 20 290
3 92 70 81 6 0 16 0.00 M M 8.4 20 320 M M 0 33 220
4 84 74 79 4 0 14 0.07 M M 6.1 12 190 M M 4 17 230
5 88 68 78 3 0 13 0.15 M M 5.6 15 190 M M 3 22 190
6 89 73 81 6 0 16 0.00 M M 5.6 10 190 M M 4 16 190
7 90 73 82 7 0 17 0.00 M M 6.9 17 330 M M 2 25 340
8 91 75 83 9 0 18 0.10 M M 9.2 18 250 M M 4 3 26 220
9 76 69 73 -1 0 8 0.23 M M 6.3 13 50 M M 10 1 16 60
10 81 63 72 -2 0 7 0.04 M M 4.5 10 20 M M 7 1 14 30
11 82 59 71 -3 0 6 0.00 M M 4.6 17 20 M M 1 18 21 30
12 77 54 66 -8 0 1 0.00 M M 3.9 13 40 M M 0 18 19 50
13 80 53 67 -7 0 2 0.00 M M 4.4 12 220 M M 2 16 230
14 78 63 71 -3 0 6 0.16 M M 6.0 15 190 M M 8 1 20 190
15 79 62 71 -3 0 6 0.00 M M 7.0 14 30 M M 7 19 60
16 82 57 70 -4 0 5 0.00 M M 7.5 21 30 M M 0 18 28 40
17 83 57 70 -4 0 5 0.00 M M 6.0 14 50 M M 1 1 19 50
18 83 56 70 -4 0 5 0.00 M M 2.7 9 340 M M 0 128 11 10
19 86 59 73 -1 0 8 0.00 M M 4.2 12 220 M M 3 1 17 200
20 81 69 75 1 0 10 0.22 M M 5.7 14 210 M M 4 3 19 250
21 81 67 74 1 0 9 0.01 M M 6.2 14 330 M M 5 1 18 330
22 82 64 73 0 0 8 0.00 M M 5.0 10 10 M M 5 18 16 340
23 82 58 70 -3 0 5 0.00 M M 4.4 15 310 M M 2 18 25 310
24 85 58 72 -1 0 7 0.00 M M 1.4 7 300 M M 1 128 11 350
25 84 60 72 -1 0 7 0.00 M M 5.1 13 300 M M 4 18 18 270
26 83 61 72 -1 0 7 0.00 M M 6.1 16 360 M M 4 18 18 360
27 85 55 70 -3 0 5 0.00 M M 3.7 9 50 M M 2 128 13 90
28 91 66 79 7 0 14 0.00 M M 8.1 16 190 M M 2 24 170
29 90 69 80 8 0 15 1.08 M M 11.3 26 330 M M 4 13 44 260
30 81 62 72 0 0 7 0.13 M M 7.8 18 320 M M 5 1 27 320
31 80 59 70 -2 0 5 0.00 M M 6.5 14 310 M M 1 22 290
================================================================================
SM 2595 1970 0 275 2.32 M 185.6 M 102
================================================================================
AV 83.7 63.5 6.0 FASTST M M 3 MAX(MPH)
MISC ----> 26 330 44 260
================================================================================
NOTES:
# LAST OF SEVERAL OCCURRENCES
COLUMN 17 PEAK WIND IN M.P.H.
PRELIMINARY LOCAL CLIMATOLOGICAL DATA (WS FORM: F-6) , PAGE 2
STATION: MUNCIE IN
MONTH: AUGUST
YEAR: 2022
LATITUDE: 40 13 N
LONGITUDE: 85 23 W
[TEMPERATURE DATA] [PRECIPITATION DATA] SYMBOLS USED IN COLUMN 16
AVERAGE MONTHLY: 73.6 TOTAL FOR MONTH: 2.32 1 = FOG OR MIST
DPTR FM NORMAL: -0.1 DPTR FM NORMAL: -1.06 2 = FOG REDUCING VISIBILITY
HIGHEST: 92 ON 3 GRTST 24HR 1.17 ON 29-30 TO 1/4 MILE OR LESS
LOWEST: 53 ON 13 3 = THUNDER
SNOW, ICE PELLETS, HAIL 4 = ICE PELLETS
TOTAL MONTH: M 5 = HAIL
GRTST 24HR M ON M 6 = FREEZING RAIN OR DRIZZLE
GRTST DEPTH: M ON M 7 = DUSTSTORM OR SANDSTORM:
VSBY 1/2 MILE OR LESS
8 = SMOKE OR HAZE
[NO. OF DAYS WITH] [WEATHER - DAYS WITH] 9 = BLOWING SNOW
X = TORNADO
MAX 32 OR BELOW: 0 0.01 INCH OR MORE: 11
MAX 90 OR ABOVE: 5 0.10 INCH OR MORE: 8
MIN 32 OR BELOW: 0 0.50 INCH OR MORE: 1
MIN 0 OR BELOW: 0 1.00 INCH OR MORE: 1
[HDD (BASE 65) ]
TOTAL THIS MO. 0 CLEAR (SCALE 0-3) 15
DPTR FM NORMAL -4 PTCLDY (SCALE 4-7) 15
TOTAL FM JUL 1 0 CLOUDY (SCALE 8-10) 1
DPTR FM NORMAL -1
[CDD (BASE 65) ]
TOTAL THIS MO. 275
DPTR FM NORMAL 0 [PRESSURE DATA]
TOTAL FM JAN 1 1076 HIGHEST SLP M ON M
DPTR FM NORMAL 67 LOWEST SLP 29.82 ON 3
[REMARKS]
#FINAL-08-22#