000
CXUS53 KIND 010700
CF6MIE
PRELIMINARY LOCAL CLIMATOLOGICAL DATA (WS FORM: F-6)
STATION: MUNCIE IN
MONTH: NOVEMBER
YEAR: 2021
LATITUDE: 40 13 N
LONGITUDE: 85 23 W
TEMPERATURE IN F: :PCPN: SNOW: WIND :SUNSHINE: SKY :PK WND
================================================================================
1 2 3 4 5 6A 6B 7 8 9 10 11 12 13 14 15 16 17 18
12Z AVG MX 2MIN
DY MAX MIN AVG DEP HDD CDD WTR SNW DPTH SPD SPD DIR MIN PSBL S-S WX SPD DR
================================================================================
1 51 36 44 -6 21 0 0.00 M M 7.0 17 270 M M 3 22 260
2 49 32 41 -8 24 0 0.00 M M 6.7 17 310 M M 4 8 23 300
3 51 29 40 -9 25 0 0.00 M M 1.7 8 290 M M 1 13 280
4 50 29 40 -8 25 0 0.00 M M 2.0 13 360 M M 1 15 10
5 53 27 40 -8 25 0 0.00 M M 3.7 14 140 M M 0 17 150
6 59 29 44 -4 21 0 0.00 M M 4.0 14 190 M M 0 19 190
7 65 34 50 3 15 0 0.00 M M 5.5 10 210 M M 0 15 220
8 70 47 59 12 6 0 0.00 M M 7.7 17 240 M M 0 26 230
9 63 47 55 9 10 0 0.00 M M 5.2 12 220 M M 2 8 16 230
10 66 41 54 8 11 0 0.00 M M 7.2 15 130 M M 2 18 20 110
11 64 45 55 9 10 0 0.05 M M 11.0 28 210 M M 3 46 220
12 52 36 44 -1 21 0 T M M 12.4 25 240 M M 5 38 240
13 40 36 38 -7 27 0 T M M 12.5 22 280 M M 10 31 280
14 45 34 40 -4 25 0 0.05 M M 14.9 29 260 M M 10 128 35 280
15 38 29 34 -10 31 0 T M M 8.7 20 250 M M 3 20 250
16 56 33 45 1 20 0 0.00 M M 7.8 16 180 M M 2 18 23 180
17 64 47 56 13 9 0 0.21 M M 14.5 22 300 M M 10 18 35 220
18 47 33 40 -3 25 0 T M M 14.3 28 280 M M 6 40 270
19 43 33 38 -4 27 0 0.00 M M 6.4 17 280 M M 5 27 270
20 48 35 42 0 23 0 T M M 8.0 15 220 M M 2 23 210
21 48 38 43 1 22 0 0.13 M M 8.4 24 300 M M 7 18 35 290
22 38 27 33 -8 32 0 0.00 M M 9.2 16 290 M M 0 22 300
23 43 23 33 -8 32 0 0.00 M M 5.5 13 190 M M 0 18 210
24 54 35 45 4 20 0 T M M 12.9 22 190 M M 1 34 250
25 53 34 44 4 21 0 0.10 M M 12.9 22 300 M M 10 18 33 310
26 34 27 31 -9 34 0 0.00 M M 9.2 21 300 M M 10 29 300
27 44 29 37 -3 28 0 T M M 8.5 16 190 M M 7 24 220
28 43 29 36 -3 29 0 0.00 M M 10.9 26 310 M M 4 35 320
29 44 26 35 -4 30 0 0.00 M M 7.6 15 190 M M 4 23 190
30 53 37 45 7 20 0 0.00 M M 9.9 16 280 M M 1 25 250
================================================================================
SM 1528 1017 669 0 0.54 M 256.2 M 113
================================================================================
AV 50.9 33.9 8.5 FASTST M M 4 MAX(MPH)
MISC ----> 29 260 46 220
================================================================================
NOTES:
# LAST OF SEVERAL OCCURRENCES
COLUMN 17 PEAK WIND IN M.P.H.
PRELIMINARY LOCAL CLIMATOLOGICAL DATA (WS FORM: F-6) , PAGE 2
STATION: MUNCIE IN
MONTH: NOVEMBER
YEAR: 2021
LATITUDE: 40 13 N
LONGITUDE: 85 23 W
[TEMPERATURE DATA] [PRECIPITATION DATA] SYMBOLS USED IN COLUMN 16
AVERAGE MONTHLY: 42.4 TOTAL FOR MONTH: 0.54 1 = FOG OR MIST
DPTR FM NORMAL: -1.5 DPTR FM NORMAL: -2.69 2 = FOG REDUCING VISIBILITY
HIGHEST: 70 ON 8 GRTST 24HR 0.21 ON 17-17 TO 1/4 MILE OR LESS
LOWEST: 23 ON 23 3 = THUNDER
SNOW, ICE PELLETS, HAIL 4 = ICE PELLETS
TOTAL MONTH: M 5 = HAIL
GRTST 24HR M ON M 6 = FREEZING RAIN OR DRIZZLE
GRTST DEPTH: M ON M 7 = DUSTSTORM OR SANDSTORM:
VSBY 1/2 MILE OR LESS
8 = SMOKE OR HAZE
[NO. OF DAYS WITH] [WEATHER - DAYS WITH] 9 = BLOWING SNOW
X = TORNADO
MAX 32 OR BELOW: 0 0.01 INCH OR MORE: 5
MAX 90 OR ABOVE: 0 0.10 INCH OR MORE: 3
MIN 32 OR BELOW: 12 0.50 INCH OR MORE: 0
MIN 0 OR BELOW: 0 1.00 INCH OR MORE: 0
[HDD (BASE 65) ]
TOTAL THIS MO. 669 CLEAR (SCALE 0-3) 16
DPTR FM NORMAL 36 PTCLDY (SCALE 4-7) 9
TOTAL FM JUL 1 836 CLOUDY (SCALE 8-10) 5
DPTR FM NORMAL -179
[CDD (BASE 65) ]
TOTAL THIS MO. 0
DPTR FM NORMAL -2 [PRESSURE DATA]
TOTAL FM JAN 1 1445 HIGHEST SLP M ON M
DPTR FM NORMAL 273 LOWEST SLP 29.65 ON 11
[REMARKS]
#FINAL-11-21#