000
CXUS53 KEAX 010736
CF6MKC
PRELIMINARY LOCAL CLIMATOLOGICAL DATA (WS FORM: F-6)
STATION: DOWNTOWN KANSAS CITY MO
MONTH: MAY
YEAR: 2023
LATITUDE: 39 7 N
LONGITUDE: 94 36 W
TEMPERATURE IN F: :PCPN: SNOW: WIND :SUNSHINE: SKY :PK WND
================================================================================
1 2 3 4 5 6A 6B 7 8 9 10 11 12 13 14 15 16 17 18
12Z AVG MX 2MIN
DY MAX MIN AVG DEP HDD CDD WTR SNW DPTH SPD SPD DIR MIN PSBL S-S WX SPD DR
================================================================================
1 65 43 54 -7 11 0 0.00 M M 10.7 24 310 M M 0 36 270
2 67 44 56 -6 9 0 0.00 M M 8.7 20 320 M M 0 31 290
3 73 40 57 -5 8 0 0.00 M M 1.6 10 10 M M 0 13 360
4 75 46 61 -1 4 0 T M M 6.7 23 210 M M 3 31 200
5 80 57 69 6 0 4 T M M 10.6 20 160 M M 8 30 140
6 93 63 78 15 0 13 0.00 M M 10.9 22 210 M M 5 1 28 200
7 91 70 81 18 0 16 0.00 M M 13.0 24 190 M M 0 3 34 200
8 85 63 74 10 0 9 T M M 5.6 20 140 M M 3 3 31 130
9 83 63 73 9 0 8 T M M 9.8 35 160 M M 1 3 49 150
10 84 62 73 9 0 8 0.00 M M 7.0 17 150 M M 0 29 170
11 72 64 68 3 0 3 0.26 M M 7.4 14 110 M M 7 18 20 120
12 84 68 76 11 0 11 0.00 M M 7.9 18 160 M M 5 24 170
13 86 67 77 11 0 12 0.04 M M 6.4 15 210 M M 1 13 21 170
14 87 65 76 10 0 11 0.02 M M 4.0 13 70 M M 3 3 21 120
15 69 59 64 -2 1 0 0.61 M M 8.3 14 50 M M 10 1 21 50
16 69 57 63 -4 2 0 0.01 M M 5.2 10 280 M M 8 1 14 280
17 83 53 68 1 0 3 0.00 M M 4.1 10 60 M M 3 1 16 70
18 84 59 72 5 0 7 0.00 M M 4.5 13 210 M M 3 18 17 200
19 71 52 62 -6 3 0 0.31 M M 4.6 17 10 M M 6 18 23 360
20 71 47 59 -9 6 0 0.00 M M 4.2 12 20 M M 0 15 20
21 77 51 64 -4 1 0 0.00 M M 3.5 12 160 M M 0 15 210
22 79 54 67 -2 0 2 0.00 M M 3.7 13 150 M M 2 18 150
23 84 57 71 2 0 6 0.00 M M 4.4 14 120 M M 0 20 130
24 87 57 72 2 0 7 T M M 3.6 21 190 M M 2 3 28 200
25 86 62 74 4 0 9 0.00 M M 8.0 15 50 M M 1 8 21 90
26 80 60 70 0 0 5 0.00 M M 7.3 15 40 M M 0 22 80
27 81 54 68 -3 0 3 0.00 M M 5.1 13 140 M M 0 24 140
28 84 55 70 -1 0 5 0.00 M M 4.2 12 140 M M 0 17 140
29 86 64 75 4 0 10 0.00 M M 4.5 12 190 M M 2 18 130
30 88 64 76 4 0 11 0.13 M M 5.8 24 230 M M 4 13 41 260
31 85 64 75 3 0 10 1.17 M M 7.0 29 310 M M 3 13 48 330
================================================================================
SM 2489 1784 45 173 2.55 M 198.3 M 80
================================================================================
AV 80.3 57.5 6.4 FASTST M M 3 MAX(MPH)
MISC ----> 35 160 49 150
================================================================================
NOTES:
# LAST OF SEVERAL OCCURRENCES
COLUMN 17 PEAK WIND IN M.P.H.
PRELIMINARY LOCAL CLIMATOLOGICAL DATA (WS FORM: F-6) , PAGE 2
STATION: DOWNTOWN KANSAS CITY MO
MONTH: MAY
YEAR: 2023
LATITUDE: 39 7 N
LONGITUDE: 94 36 W
[TEMPERATURE DATA] [PRECIPITATION DATA] SYMBOLS USED IN COLUMN 16
AVERAGE MONTHLY: 68.9 TOTAL FOR MONTH: 2.55 1 = FOG OR MIST
DPTR FM NORMAL: 2.2 DPTR FM NORMAL: -2.55 2 = FOG REDUCING VISIBILITY
HIGHEST: 93 ON 6 GRTST 24HR 1.18 ON 30-31 TO 1/4 MILE OR LESS
LOWEST: 40 ON 3 3 = THUNDER
SNOW, ICE PELLETS, HAIL 4 = ICE PELLETS
TOTAL MONTH: M 5 = HAIL
GRTST 24HR M ON M 6 = FREEZING RAIN OR DRIZZLE
GRTST DEPTH: M ON M 7 = DUSTSTORM OR SANDSTORM:
VSBY 1/2 MILE OR LESS
8 = SMOKE OR HAZE
[NO. OF DAYS WITH] [WEATHER - DAYS WITH] 9 = BLOWING SNOW
X = TORNADO
MAX 32 OR BELOW: 0 0.01 INCH OR MORE: 8
MAX 90 OR ABOVE: 2 0.10 INCH OR MORE: 5
MIN 32 OR BELOW: 0 0.50 INCH OR MORE: 2
MIN 0 OR BELOW: 0 1.00 INCH OR MORE: 1
[HDD (BASE 65) ]
TOTAL THIS MO. 45 CLEAR (SCALE 0-3) 21
DPTR FM NORMAL -36 PTCLDY (SCALE 4-7) 9
TOTAL FM JUL 1 4439 CLOUDY (SCALE 8-10) 1
DPTR FM NORMAL -171
[CDD (BASE 65) ]
TOTAL THIS MO. 173
DPTR FM NORMAL 39 [PRESSURE DATA]
TOTAL FM JAN 1 197 HIGHEST SLP M ON M
DPTR FM NORMAL 30 LOWEST SLP 29.64 ON 7
[REMARKS]
#FINAL-05-23#