000
CXHW52 PHFO 011250
CF6MKK
PRELIMINARY LOCAL CLIMATOLOGICAL DATA (WS FORM: F-6)
STATION: MOLOKAI HI
MONTH: NOVEMBER
YEAR: 2023
LATITUDE: 21 8 N
LONGITUDE: 157 6 W
TEMPERATURE IN F: :PCPN: SNOW: WIND :SUNSHINE: SKY :PK WND
================================================================================
1 2 3 4 5 6A 6B 7 8 9 10 11 12 13 14 15 16 17 18
12Z AVG MX 2MIN
DY MAX MIN AVG DEP HDD CDD WTR SNW DPTH SPD SPD DIR MIN PSBL S-S WX SPD DR
================================================================================
1 86 65 76 -1 0 11 0.00 M M 3.9 14 350 M M 1 20 340
2 86 67 77 0 0 12 0.00 M M 4.6 13 360 M M 4 17 10
3 85 65 75 -2 0 10 T M M 8.5 18 10 M M 3 26 360
4 86 69 78 1 0 13 T M M 11.6 24 70 M M 2 32 50
5 86 76 81 4 0 16 0.00 M M 16.0 28 60 M M 2 37 50
6 87 73 80 3 0 15 0.00 M M 14.3 25 60 M M 1 40 70
7 83 73 78 1 0 13 0.02 M M 11.7 25 50 M M 5 1 35 50
8 89 67 78 1 0 13 0.00 M M 6.3 18 130 M M 2 23 160
9 90 70 80 3 0 15 0.00 M M 10.3 23 50 M M 0 32 50
10 85 71 78 1 0 13 0.00 M M 9.8 21 30 M M 2 32 30
11 86 68 77 1 0 12 0.00 M M 11.2 24 50 M M 2 33 50
12 85 73 79 3 0 14 T M M 13.8 29 50 M M 3 39 70
13 85 73 79 3 0 14 0.01 M M 14.9 25 70 M M 2 34 60
14 82 71 77 1 0 12 0.01 M M 17.2 23 40 M M 4 46 30
15 82 70 76 0 0 11 0.05 M M 13.9 28 60 M M 6 18 36 70
16 82 70 76 0 0 11 0.02 M M 12.2 26 60 M M 4 36 60
17 83 66 75 -1 0 10 0.00 M M 11.3 24 60 M M 2 35 60
18 83 57 70 -6 0 5 0.00 M M 4.1 12 340 M M 2 16 130
19 83 70 77 1 0 12 T M M 12.0 24 160 M M 4 29 160
20 74 67 71 -5 0 6 0.42 M M 9.8 17 40 M M 8 1 27 40
21 81 70 76 0 0 11 0.06 M M 11.7 18 30 M M 7 1 30 50
22 86 73 80 4 0 15 0.00 M M 7.0 15 50 M M 4 23 40
23 87 69 78 2 0 13 0.00 M M 7.9 18 50 M M 3 25 50
24 86 66 76 0 0 11 0.00 M M 4.3 15 180 M M 2 20 150
25 86 66 76 0 0 11 0.00 M M 5.8 16 350 M M 1 21 350
26 82 72 77 2 0 12 T M M 10.6 20 40 M M 3 28 50
27 80 68 74 -1 0 9 0.00 M M 6.2 17 70 M M 1 23 50
28 82 68 75 0 0 10 0.16 M M 6.3 15 180 M M 6 1 20 140
29 76 66 71 -4 0 6 1.21 M M 5.2 15 310 M M 7 1 18 300
30 81 71 76 1 0 11 0.01 M M 7.5 18 110 M M 4 25 110
================================================================================
SM 2515 2070 0 347 1.97 M 289.9 M 97
================================================================================
AV 83.8 69.0 9.7 FASTST M M 3 MAX(MPH)
MISC ----> 29 50 46 30
================================================================================
NOTES:
# LAST OF SEVERAL OCCURRENCES
COLUMN 17 PEAK WIND IN M.P.H.
PRELIMINARY LOCAL CLIMATOLOGICAL DATA (WS FORM: F-6) , PAGE 2
STATION: MOLOKAI HI
MONTH: NOVEMBER
YEAR: 2023
LATITUDE: 21 8 N
LONGITUDE: 157 6 W
[TEMPERATURE DATA] [PRECIPITATION DATA] SYMBOLS USED IN COLUMN 16
AVERAGE MONTHLY: 76.4 TOTAL FOR MONTH: 1.97 1 = FOG OR MIST
DPTR FM NORMAL: 0.2 DPTR FM NORMAL: -0.70 2 = FOG REDUCING VISIBILITY
HIGHEST: 90 ON 9 GRTST 24HR 1.21 ON 29-29 TO 1/4 MILE OR LESS
LOWEST: 57 ON 18 3 = THUNDER
SNOW, ICE PELLETS, HAIL 4 = ICE PELLETS
TOTAL MONTH: M 5 = HAIL
GRTST 24HR M ON M 6 = FREEZING RAIN OR DRIZZLE
GRTST DEPTH: M ON M 7 = DUSTSTORM OR SANDSTORM:
VSBY 1/2 MILE OR LESS
8 = SMOKE OR HAZE
[NO. OF DAYS WITH] [WEATHER - DAYS WITH] 9 = BLOWING SNOW
X = TORNADO
MAX 32 OR BELOW: 0 0.01 INCH OR MORE: 10
MAX 90 OR ABOVE: 1 0.10 INCH OR MORE: 3
MIN 32 OR BELOW: 0 0.50 INCH OR MORE: 1
MIN 0 OR BELOW: 0 1.00 INCH OR MORE: 1
[HDD (BASE 65) ]
TOTAL THIS MO. 0 CLEAR (SCALE 0-3) 17
DPTR FM NORMAL 0 PTCLDY (SCALE 4-7) 12
TOTAL FM JUL 1 0 CLOUDY (SCALE 8-10) 1
DPTR FM NORMAL 0
[CDD (BASE 65) ]
TOTAL THIS MO. 347
DPTR FM NORMAL 11 [PRESSURE DATA]
TOTAL FM JAN 1 3784 HIGHEST SLP 30.17 ON 16
DPTR FM NORMAL 68 LOWEST SLP 29.83 ON 29
[REMARKS]
#FINAL-11-23#