000
CXUS54 KMEG 011000
CF6MKL
PRELIMINARY LOCAL CLIMATOLOGICAL DATA (WS FORM: F-6)
STATION: JACKSON
MONTH: DECEMBER
YEAR: 2022
LATITUDE: 35 35 N
LONGITUDE: 88 55 W
TEMPERATURE IN F: :PCPN: SNOW: WIND :SUNSHINE: SKY :PK WND
================================================================================
1 2 3 4 5 6A 6B 7 8 9 10 11 12 13 14 15 16 17 18
12Z AVG MX 2MIN
DY MAX MIN AVG DEP HDD CDD WTR SNW DPTH SPD SPD DIR MIN PSBL S-S WX SPD DR
================================================================================
1 48 21 35 -10 30 0 0.00 M M 3.3 10 160 M M 1 15 160
2 62 44 53 9 12 0 0.07 M M 10.3 21 190 M M 10 8 31 190
3 65 31 48 4 17 0 0.05 M M 10.4 24 340 M M 5 1 29 350
4 42 30 36 -8 29 0 T M M 3.1 8 100 M M 6 11 110
5 58 41 50 6 15 0 0.63 M M 2.9 8 310 M M 10 1 11 190
6 73 56 65 21 0 0 0.51 M M 6.5 17 200 M M 9 1 22 210
7 67 58 63 20 2 0 1.30 M M 5.8 14 190 M M 10 1 19 180
8 61 53 57 14 8 0 0.61 M M 4.8 13 350 M M 10 1 15 340
9 57 45 51 8 14 0 0.00 M M 3.5 10 330 M M 9 12 15 330
10 50 43 47 4 18 0 0.27 M M 3.8 17 360 M M 10 12 20 360
11 53 46 50 8 15 0 T M M 8.4 14 20 M M 10 1 17 30
12 47 40 44 2 21 0 0.00 M M 5.4 12 30 M M 9 1 14 50
13 60 42 51 9 14 0 0.75 M M 7.0 17 150 M M 10 1 24 150
14 59 44 52 10 13 0 1.28 M M 7.9 28 290 M M 9 13 39 290
15 49 33 41 -1 24 0 0.00 M M 9.2 20 250 M M 1 24 260
16 46 27 37 -5 28 0 0.00 M M 9.4 20 260 M M 2 24 250
17 44 25 35 -7 30 0 0.00 M M 8.5 22 260 M M 0 28 250
18 41 22 32 -9 33 0 0.00 M M 4.8 12 310 M M 0 15 280
19 42 23 33 -8 32 0 0.00 M M 2.5 10 90 M M 1 14 90
20 53 31 42 1 23 0 0.00 M M 3.8 14 350 M M 5 17 10
21 54 24 39 -2 26 0 0.00 M M 3.9 14 160 M M 3 20 160
22 48 4 26 -15 39 0 0.05 M M 12.7 35 320 M M 10 18 45 310
23 10 -2 4 -37 61 0 0.00 M M 13.8 29 300 M M 5 37 320
24 23 9 16 -24 49 0 0.00 M M 10.5 20 270 M M 0 24 270
25 28 13 21 -19 44 0 0.00 M M 6.3 13 280 M M 0 17 310
26 35 19 27 -13 38 0 T M M 7.2 15 210 M M 8 1 20 210
27 37 23 30 -10 35 0 0.00 M M 4.1 14 350 M M 6 1 17 330
28 60 23 42 2 23 0 0.00 M M 9.0 20 190 M M 1 29 180
29 64 52 58 18 7 0 0.02 M M 11.9 18 180 M M 9 1 27 160
30 64 52 58 18 7 0 0.09 M M 7.5 18 160 M M 10 29 160
31 61 42 52 12 13 0 0.01 M M 2.7 8 260 M M 7 12 10 180
================================================================================
SM 1561 1014 720 0 5.64 M 210.9 M 186
================================================================================
AV 50.4 32.7 6.8 FASTST M M 6 MAX(MPH)
MISC ----> 35 320 45 310
================================================================================
NOTES:
# LAST OF SEVERAL OCCURRENCES
COLUMN 17 PEAK WIND IN M.P.H.
PRELIMINARY LOCAL CLIMATOLOGICAL DATA (WS FORM: F-6) , PAGE 2
STATION: JACKSON
MONTH: DECEMBER
YEAR: 2022
LATITUDE: 35 35 N
LONGITUDE: 88 55 W
[TEMPERATURE DATA] [PRECIPITATION DATA] SYMBOLS USED IN COLUMN 16
AVERAGE MONTHLY: 41.5 TOTAL FOR MONTH: 5.64 1 = FOG OR MIST
DPTR FM NORMAL: -0.3 DPTR FM NORMAL: 0.63 2 = FOG REDUCING VISIBILITY
HIGHEST: 73 ON 6 GRTST 24HR 2.03 ON 13-14 TO 1/4 MILE OR LESS
LOWEST: -2 ON 23 3 = THUNDER
SNOW, ICE PELLETS, HAIL 4 = ICE PELLETS
TOTAL MONTH: M 5 = HAIL
GRTST 24HR M ON M 6 = FREEZING RAIN OR DRIZZLE
GRTST DEPTH: M ON M 7 = DUSTSTORM OR SANDSTORM:
VSBY 1/2 MILE OR LESS
8 = SMOKE OR HAZE
[NO. OF DAYS WITH] [WEATHER - DAYS WITH] 9 = BLOWING SNOW
X = TORNADO
MAX 32 OR BELOW: 3 0.01 INCH OR MORE: 13
MAX 90 OR ABOVE: 0 0.10 INCH OR MORE: 7
MIN 32 OR BELOW: 16 0.50 INCH OR MORE: 6
MIN 0 OR BELOW: 1 1.00 INCH OR MORE: 2
[HDD (BASE 65) ]
TOTAL THIS MO. 720 CLEAR (SCALE 0-3) 10
DPTR FM NORMAL 0 PTCLDY (SCALE 4-7) 6
TOTAL FM JUL 1 1430 CLOUDY (SCALE 8-10) 15
DPTR FM NORMAL 26
[CDD (BASE 65) ]
TOTAL THIS MO. 0
DPTR FM NORMAL -1 [PRESSURE DATA]
TOTAL FM JAN 1 1812 HIGHEST SLP 30.57 ON 1
DPTR FM NORMAL 96 LOWEST SLP 29.56 ON 14
[REMARKS]
#FINAL-12-22#