000
CXUS54 KMEG 010900
CF6MKL
PRELIMINARY LOCAL CLIMATOLOGICAL DATA (WS FORM: F-6)
STATION: JACKSON
MONTH: OCTOBER
YEAR: 2021
LATITUDE: 35 35 N
LONGITUDE: 88 55 W
TEMPERATURE IN F: :PCPN: SNOW: WIND :SUNSHINE: SKY :PK WND
================================================================================
1 2 3 4 5 6A 6B 7 8 9 10 11 12 13 14 15 16 17 18
12Z AVG MX 2MIN
DY MAX MIN AVG DEP HDD CDD WTR SNW DPTH SPD SPD DIR MIN PSBL S-S WX SPD DR
================================================================================
1 84 67 76 10 0 11 0.00 M M 3.1 10 200 M M 4 12 14 210
2 73 68 71 5 0 6 0.85 M M 4.1 12 200 M M 9 1 16 190
3 82 62 72 6 0 7 0.00 M M 6.1 15 240 M M 6 1 20 250
4 83 58 71 6 0 6 0.00 M M 1.7 12 360 M M 3 1 14 10
5 78 59 69 4 0 4 0.32 M M 3.5 13 360 M M 5 13 16 10
6 76 61 69 4 0 4 0.00 M M 3.6 10 30 M M 5 1 13 200
7 81 56 69 5 0 4 0.00 M M 1.4 8 260 M M 1 1 14 270
8 85 59 72 8 0 7 0.00 M M 4.9 14 250 M M 1 1 18 240
9 87 58 73 10 0 8 0.00 M M M M M M M 0 M M
10 88 62 75 12 0 10 0.00 M M M M M M M 0 M M
11 78 64 71 8 0 6 0.10 M M 10.7 21 180 M M 3 1 31 190
12 82 54 68 6 0 3 0.00 M M 1.5 8 270 M M 0 12 12 270
13 86 66 76 14 0 11 0.00 M M 6.1 18 210 M M 4 24 190
14 84 70 77 15 0 12 0.00 M M 6.7 12 190 M M 1 16 200
15 82 56 69 8 0 4 0.86 M M 8.2 28 340 M M 8 13 34 310
16 68 43 56 -5 9 0 0.00 M M 6.9 18 360 M M 1 26 350
17 70 38 54 -6 11 0 0.00 M M 2.2 10 350 M M 0 8 15 350
18 72 38 55 -5 10 0 0.00 M M 1.2 8 190 M M 0 12 240
19 72 40 56 -4 9 0 0.00 M M 2.2 10 200 M M 0 1 14 250
20 79 43 61 2 4 0 0.00 M M 4.5 14 200 M M 1 18 17 210
21 76 50 63 4 2 0 0.00 M M 8.2 18 290 M M 5 23 290
22 68 41 55 -3 10 0 0.00 M M 2.1 12 290 M M 1 8 13 300
23 78 44 61 3 4 0 0.00 M M 5.2 15 190 M M 2 20 180
24 82 64 73 15 0 8 0.00 M M 11.5 18 210 M M 1 27 180
25 67 53 60 3 5 0 0.18 M M 11.0 17 350 M M 7 1 24 200
26 67 47 57 0 8 0 0.00 M M 4.9 16 30 M M 3 20 30
27 71 46 59 3 6 0 0.06 M M 6.1 16 110 M M 2 27 120
28 63 51 57 1 8 0 0.40 M M 8.1 17 200 M M 10 1 22 210
29 56 51 54 -2 11 0 0.31 M M 7.3 16 300 M M 10 1 20 290
30 58 52 55 0 10 0 0.00 M M 7.8 16 280 M M 10 1 21 310
31 68 45 57 2 8 0 0.00 M M 5.1 17 20 M M 1 18 20 10
================================================================================
SM 2344 1666 115 111 3.08 M 155.9 M 104
================================================================================
AV 75.6 53.7 5.4 FASTST M M 3 MAX(MPH)
MISC ----> 28 340 34 310
================================================================================
NOTES:
# LAST OF SEVERAL OCCURRENCES
COLUMN 17 PEAK WIND IN M.P.H.
PRELIMINARY LOCAL CLIMATOLOGICAL DATA (WS FORM: F-6) , PAGE 2
STATION: JACKSON
MONTH: OCTOBER
YEAR: 2021
LATITUDE: 35 35 N
LONGITUDE: 88 55 W
[TEMPERATURE DATA] [PRECIPITATION DATA] SYMBOLS USED IN COLUMN 16
AVERAGE MONTHLY: 64.7 TOTAL FOR MONTH: 3.08 1 = FOG OR MIST
DPTR FM NORMAL: 4.0 DPTR FM NORMAL: -0.55 2 = FOG REDUCING VISIBILITY
HIGHEST: 88 ON 10 GRTST 24HR 0.86 ON 15-15 TO 1/4 MILE OR LESS
LOWEST: 38 ON 18,17 3 = THUNDER
SNOW, ICE PELLETS, HAIL 4 = ICE PELLETS
TOTAL MONTH: M 5 = HAIL
GRTST 24HR M ON M 6 = FREEZING RAIN OR DRIZZLE
GRTST DEPTH: M ON M 7 = DUSTSTORM OR SANDSTORM:
VSBY 1/2 MILE OR LESS
8 = SMOKE OR HAZE
[NO. OF DAYS WITH] [WEATHER - DAYS WITH] 9 = BLOWING SNOW
X = TORNADO
MAX 32 OR BELOW: 0 0.01 INCH OR MORE: 8
MAX 90 OR ABOVE: 0 0.10 INCH OR MORE: 7
MIN 32 OR BELOW: 0 0.50 INCH OR MORE: 2
MIN 0 OR BELOW: 0 1.00 INCH OR MORE: 0
[HDD (BASE 65) ]
TOTAL THIS MO. 115 CLEAR (SCALE 0-3) 18
DPTR FM NORMAL -72 PTCLDY (SCALE 4-7) 8
TOTAL FM JUL 1 126 CLOUDY (SCALE 8-10) 5
DPTR FM NORMAL -83
[CDD (BASE 65) ]
TOTAL THIS MO. 111
DPTR FM NORMAL 57 [PRESSURE DATA]
TOTAL FM JAN 1 1666 HIGHEST SLP 30.31 ON 17
DPTR FM NORMAL -44 LOWEST SLP 29.39 ON 29
[REMARKS]
#FINAL-10-21#