000
CXUS54 KMEG 010645
CF6MKL
PRELIMINARY LOCAL CLIMATOLOGICAL DATA (WS FORM: F-6)
STATION: JACKSON
MONTH: MAY
YEAR: 2020
LATITUDE: 35 35 N
LONGITUDE: 88 55 W
TEMPERATURE IN F: :PCPN: SNOW: WIND :SUNSHINE: SKY :PK WND
================================================================================
1 2 3 4 5 6A 6B 7 8 9 10 11 12 13 14 15 16 17 18
12Z AVG MX 2MIN
DY MAX MIN AVG DEP HDD CDD WTR SNW DPTH SPD SPD DIR MIN PSBL S-S WX SPD DR
================================================================================
1 79 42 61 -3 4 0 0.00 0.0 0 3.6 13 280 M M 0 16 250
2 83 59 71 6 0 6 0.00 0.0 0 9.2 20 230 M M 0 26 230
3 82 63 73 8 0 8 0.58 0.0 0 6.5 16 250 M M 4 3 22 240
4 77 63 70 5 0 5 0.48 0.0 0 5.4 32 350 M M 8 13 42 350
5 71 55 63 -3 2 0 T 0.0 0 9.6 21 320 M M 3 28 320
6 60 42 51 -15 14 0 0.00 0.0 0 10.9 25 340 M M 3 31 320
7 70 40 55 -11 10 0 0.19 0.0 0 4.2 15 250 M M 3 1 22 260
8 63 44 54 -12 11 0 0.55 0.0 0 10.2 25 360 M M 7 1 30 360
9 64 35 50 -17 15 0 0.00 0.0 0 3.1 14 30 M M 0 19 360
10 73 38 56 -11 9 0 0.00 0.0 0 7.6 23 280 M M 1 28 240
11 63 40 52 -15 13 0 T 0.0 0 4.8 16 330 M M 3 24 320
12 58 49 54 -14 11 0 0.13 0.0 0 4.6 10 70 M M 9 12 70
13 80 53 67 -1 0 2 0.02 0.0 0 5.0 12 180 M M 6 19 170
14 82 63 73 5 0 8 T 0.0 0 9.8 23 200 M M 3 31 200
15 81 64 73 5 0 8 0.00 0.0 0 6.5 18 210 M M 3 8 24 210
16 82 63 73 4 0 8 T 0.0 0 3.9 12 150 M M 6 1 17 180
17 82 66 74 5 0 9 0.07 0.0 0 7.0 16 190 M M 6 13 24 210
18 74 55 65 -4 0 0 1.10 0.0 0 7.0 16 330 M M 8 1 20 320
19 69 54 62 -7 3 0 0.01 0.0 0 5.3 14 280 M M 8 17 300
20 75 59 67 -3 0 2 0.00 0.0 0 3.5 13 70 M M 6 15 60
21 78 58 68 -2 0 3 0.00 0.0 0 2.7 9 20 M M 6 12 30
22 82 63 73 3 0 8 0.08 0.0 0 4.8 30 330 M M 6 13 42 340
23 88 63 76 6 0 11 0.50 0.0 0 7.7 28 220 M M 2 13 44 200
24 83 67 75 4 0 10 0.00 0.0 0 5.6 10 160 M M 1 15 190
25 88 66 77 6 0 12 0.03 0.0 0 4.6 18 200 M M 1 3 25 200
26 76 68 72 1 0 7 0.11 0.0 0 5.8 14 150 M M 5 1 19 140
27 80 68 74 2 0 9 0.43 0.0 0 4.6 12 190 M M 6 1 16 200
28 82 64 73 1 0 8 0.01 0.0 0 6.8 23 200 M M 4 30 200
29 80 58 69 -3 0 4 0.00 0.0 0 5.5 17 360 M M 5 21 350
30 81 55 68 -4 0 3 0.00 0.0 0 6.3 16 340 M M 0 22 330
31 82 56 69 -3 0 4 0.00 0.0 0 6.1 18 30 M M 0 26 30
================================================================================
SM 2368 1733 92 135 4.29 0.0 188.2 M 123
================================================================================
AV 76.4 55.9 6.1 FASTST M M 4 MAX(MPH)
MISC ----> # 32 350 # 44 200
================================================================================
NOTES:
# LAST OF SEVERAL OCCURRENCES
COLUMN 17 PEAK WIND IN M.P.H.
PRELIMINARY LOCAL CLIMATOLOGICAL DATA (WS FORM: F-6) , PAGE 2
STATION: JACKSON
MONTH: MAY
YEAR: 2020
LATITUDE: 35 35 N
LONGITUDE: 88 55 W
[TEMPERATURE DATA] [PRECIPITATION DATA] SYMBOLS USED IN COLUMN 16
AVERAGE MONTHLY: 66.2 TOTAL FOR MONTH: 4.29 1 = FOG OR MIST
DPTR FM NORMAL: -2.5 DPTR FM NORMAL: -1.40 2 = FOG REDUCING VISIBILITY
HIGHEST: 88 ON 25,23 GRTST 24HR 1.10 ON 18-18 TO 1/4 MILE OR LESS
LOWEST: 35 ON 9 3 = THUNDER
SNOW, ICE PELLETS, HAIL 4 = ICE PELLETS
TOTAL MONTH: 0.0 INCH 5 = HAIL
GRTST 24HR 0.0 6 = FREEZING RAIN OR DRIZZLE
GRTST DEPTH: 0 7 = DUSTSTORM OR SANDSTORM:
VSBY 1/2 MILE OR LESS
8 = SMOKE OR HAZE
[NO. OF DAYS WITH] [WEATHER - DAYS WITH] 9 = BLOWING SNOW
X = TORNADO
MAX 32 OR BELOW: 0 0.01 INCH OR MORE: 15
MAX 90 OR ABOVE: 0 0.10 INCH OR MORE: 9
MIN 32 OR BELOW: 0 0.50 INCH OR MORE: 4
MIN 0 OR BELOW: 0 1.00 INCH OR MORE: 1
[HDD (BASE 65) ]
TOTAL THIS MO. 92 CLEAR (SCALE 0-3) 12
DPTR FM NORMAL 46 PTCLDY (SCALE 4-7) 17
TOTAL FM JUL 1 3295 CLOUDY (SCALE 8-10) 2
DPTR FM NORMAL -277
[CDD (BASE 65) ]
TOTAL THIS MO. 135
DPTR FM NORMAL -21 [PRESSURE DATA]
TOTAL FM JAN 1 180 HIGHEST SLP M ON M
DPTR FM NORMAL -35 LOWEST SLP 29.67 ON M
[REMARKS]
#FINAL-05-20#