000
CXUS54 KFWD 010730
CF6MKN
PRELIMINARY LOCAL CLIMATOLOGICAL DATA (WS FORM: F-6)
STATION: COMANCHE
MONTH: MAY
YEAR: 2023
LATITUDE: 31 55 N
LONGITUDE: 98 36 W
TEMPERATURE IN F: :PCPN: SNOW: WIND :SUNSHINE: SKY :PK WND
================================================================================
1 2 3 4 5 6A 6B 7 8 9 10 11 12 13 14 15 16 17 18
12Z AVG MX 2MIN
DY MAX MIN AVG DEP HDD CDD WTR SNW DPTH SPD SPD DIR MIN PSBL S-S WX SPD DR
================================================================================
1 82 52 67 M 0 2 0.00 M M 7.1 15 90 M M 0 21 110
2 85 54 70 M 0 5 0.00 M M 6.2 14 120 M M 0 20 140
3 89 61 75 M 0 10 0.00 M M 6.0 14 140 M M 0 20 160
4 86 63 75 M 0 10 0.69 M M 8.5 13 170 M M 0 3 37 60
5 99 68 84 M 0 19 0.07 M M 10.6 18 150 M M 0 3 31 150
6 94 65 80 M 0 15 0.15 M M 10.3 16 180 M M 0 3 25 30
7 87 65 76 M 0 11 0.04 M M 10.4 18 160 M M 0 3 29 160
8 94 64 79 M 0 14 0.05 M M 9.9 20 140 M M 0 13 26 240
9 86 63 75 M 0 10 0.00 M M 7.4 15 180 M M 0 23 180
10 79 64 72 M 0 7 0.06 M M 5.4 13 110 M M 0 1 16 140
11 93 66 80 M 0 15 0.00 M M 11.2 18 170 M M 0 1 23 170
12 92 62 77 M 0 12 0.99 M M 11.5 25 340 M M 0 13 39 340
13 81 61 71 M 0 6 0.17 M M 5.3 15 290 M M 0 3 23 290
14 85 62 74 M 0 9 0.00 M M 2.0 6 290 M M 0 M M
15 87 65 76 M 0 11 0.01 M M 4.2 15 160 M M 0 123 20 160
16 80 64 72 M 0 7 0.00 M M 4.6 8 320 M M 0 8 M M
17 92 60 76 M 0 11 0.00 M M 2.0 6 150 M M 0 M M
18 94 62 78 M 0 13 0.00 M M 7.1 12 170 M M 0 18 130
19 95 68 82 M 0 17 0.31 M M 6.3 14 10 M M 0 3 21 0
20 78 61 70 M 0 5 0.03 M M 6.7 14 360 M M 0 21 360
21 78 58 68 M 0 3 0.00 M M 1.2 5 200 M M 0 M M
22 91 55 73 M 0 8 0.21 M M 4.9 14 130 M M 0 3 38 150
23 91 60 76 M 0 11 0.18 M M 6.3 17 350 M M 0 3 38 150
24 84 62 73 M 0 8 0.00 M M 3.6 7 90 M M 0 M M
25 85 62 74 M 0 9 0.00 M M 4.1 10 80 M M 0 1 M M
26 85 62 74 M 0 9 0.00 M M 3.6 10 120 M M 0 1 M M
27 80 62 71 M 0 6 0.24 M M 5.0 12 130 M M 0 17 40
28 85 66 76 M 0 11 0.00 M M 6.8 16 160 M M 0 22 160
29 90 64 77 M 0 12 0.00 M M 5.5 12 200 M M 0 3 M M
30 93 61 77 M 0 12 0.00 M M 4.8 9 130 M M 0 1 M M
31 91 63 77 M 0 12 0.00 M M 6.8 14 170 M M 0 1 20 160
================================================================================
SM 2711 1925 0 310 3.20 M 195.4 M 0
================================================================================
AV 87.5 62.1 6.3 FASTST M M 0 MAX(MPH)
MISC ----> 25 340 39 340
================================================================================
NOTES:
# LAST OF SEVERAL OCCURRENCES
COLUMN 17 PEAK WIND IN M.P.H.
PRELIMINARY LOCAL CLIMATOLOGICAL DATA (WS FORM: F-6) , PAGE 2
STATION: COMANCHE
MONTH: MAY
YEAR: 2023
LATITUDE: 31 55 N
LONGITUDE: 98 36 W
[TEMPERATURE DATA] [PRECIPITATION DATA] SYMBOLS USED IN COLUMN 16
AVERAGE MONTHLY: 74.8 TOTAL FOR MONTH: 3.20 1 = FOG OR MIST
DPTR FM NORMAL: 0.0 DPTR FM NORMAL: -0.85 2 = FOG REDUCING VISIBILITY
HIGHEST: 99 ON 5 GRTST 24HR 0.99 ON 12-12 TO 1/4 MILE OR LESS
LOWEST: 52 ON 1 3 = THUNDER
SNOW, ICE PELLETS, HAIL 4 = ICE PELLETS
TOTAL MONTH: M 5 = HAIL
GRTST 24HR M ON M 6 = FREEZING RAIN OR DRIZZLE
GRTST DEPTH: M ON M 7 = DUSTSTORM OR SANDSTORM:
VSBY 1/2 MILE OR LESS
8 = SMOKE OR HAZE
[NO. OF DAYS WITH] [WEATHER - DAYS WITH] 9 = BLOWING SNOW
X = TORNADO
MAX 32 OR BELOW: 0 0.01 INCH OR MORE: 14
MAX 90 OR ABOVE: 13 0.10 INCH OR MORE: 8
MIN 32 OR BELOW: 0 0.50 INCH OR MORE: 2
MIN 0 OR BELOW: 0 1.00 INCH OR MORE: 0
[HDD (BASE 65) ]
TOTAL THIS MO. 0 CLEAR (SCALE 0-3) 31
DPTR FM NORMAL M PTCLDY (SCALE 4-7) 0
TOTAL FM JUL 1 1715 CLOUDY (SCALE 8-10) 0
DPTR FM NORMAL M
[CDD (BASE 65) ]
TOTAL THIS MO. 310
DPTR FM NORMAL M [PRESSURE DATA]
TOTAL FM JAN 1 515 HIGHEST SLP M ON M
DPTR FM NORMAL M LOWEST SLP M ON M
[REMARKS]
#FINAL-05-23#