000
CXUS53 KMPX 041854
CF6MKT
PRELIMINARY LOCAL CLIMATOLOGICAL DATA (WS FORM: F-6)
STATION: MANKATO MN
MONTH: DECEMBER
YEAR: 2023
LATITUDE: 44 13 N
LONGITUDE: 93 55 W
TEMPERATURE IN F: :PCPN: SNOW: WIND :SUNSHINE: SKY :PK WND
================================================================================
1 2 3 4 5 6A 6B 7 8 9 10 11 12 13 14 15 16 17 18
12Z AVG MX 2MIN
DY MAX MIN AVG DEP HDD CDD WTR SNW DPTH SPD SPD DIR MIN PSBL S-S WX SPD DR
================================================================================
1 36 16 26 1 39 0 0.00 M M 5.8 10 50 M M 1 M M
2 39 17 28 3 37 0 0.00 M M 8.4 13 160 M M 4 M M
3 38 22 30 6 35 0 T M M 6.6 10 130 M M 5 12 M M
4 34 21 28 4 37 0 T M M 7.6 15 210 M M 8 12 M M
5 35 20 28 5 37 0 T M M 7.6 15 340 M M 6 1 M M
6 52 20 36 13 29 0 0.00 M M 11.1 21 210 M M 2 28 210
7 56 28 42 20 23 0 0.00 M M 9.8 14 130 M M 0 M M
8 51 37 44 22 21 0 0.00 M M 13.5 23 260 M M 2 32 240
9 38 23 31 10 34 0 T M M 19.3 30 310 M M 10 1 38 310
10 25 21 23 2 42 0 T M M 8.0 22 310 M M 10 23 300
11 37 21 29 8 36 0 T M M 8.7 20 300 M M 6 1 31 310
12 31 19 25 5 40 0 0.00 M M 12.8 21 310 M M 0 30 310
13 47 17 32 12 33 0 0.00 M M 8.9 16 230 M M 3 M M
14 54 25 40 20 25 0 0.00 M M 9.2 15 210 M M 0 20 210
15 43 36 40 21 25 0 0.27 M M 6.4 10 180 M M 9 1 M M
16 38 35 37 18 28 0 0.28 M M 5.4 10 310 M M 10 1 M M
17 38 27 33 15 32 0 T M M 14.4 27 310 M M 9 1 39 320
18 27 14 21 3 44 0 0.00 M M 14.8 27 320 M M 1 36 320
19 38 15 27 9 38 0 0.00 M M 10.9 18 190 M M 0 27 180
20 42 24 33 15 32 0 0.00 M M 8.1 13 110 M M 0 M M
21 41 29 35 18 30 0 T M M 11.0 15 120 M M 7 1 M M
22 43 37 40 23 25 0 T M M 5.6 12 140 M M 10 12 M M
23 48 40 44 27 21 0 T M M 10.2 21 120 M M 10 12 22 170
24 52 36 44 28 21 0 0.65 M M 17.2 25 160 M M 10 1 32 150
25 51 36 44 28 21 0 0.64 M M 13.2 21 90 M M 10 12 27 90
26 39 31 35 19 30 0 0.01 M M 8.1 13 190 M M 10 1 M M
27 37 25 31 15 34 0 T M M 5.5 9 350 M M 4 M M
28 34 23 29 13 36 0 0.00 M M 11.5 17 350 M M 8 1 24 330
29 41 23 32 17 33 0 0.00 M M 7.3 13 290 M M 0 M M
30 33 24 29 14 36 0 T M M 13.7 21 310 M M 6 1 27 310
31 28 22 25 10 40 0 T M M 13.1 21 330 M M 10 1 25 330
================================================================================
SM 1246 784 994 0 1.85 M 313.7 M 171
================================================================================
AV 40.2 25.3 10.1 FASTST M M 6 MAX(MPH)
MISC ----> 30 310 39 320
================================================================================
NOTES:
# LAST OF SEVERAL OCCURRENCES
COLUMN 17 PEAK WIND IN M.P.H.
PRELIMINARY LOCAL CLIMATOLOGICAL DATA (WS FORM: F-6) , PAGE 2
STATION: MANKATO MN
MONTH: DECEMBER
YEAR: 2023
LATITUDE: 44 13 N
LONGITUDE: 93 55 W
[TEMPERATURE DATA] [PRECIPITATION DATA] SYMBOLS USED IN COLUMN 16
AVERAGE MONTHLY: 32.7 TOTAL FOR MONTH: 1.85 1 = FOG OR MIST
DPTR FM NORMAL: 13.5 DPTR FM NORMAL: 0.76 2 = FOG REDUCING VISIBILITY
HIGHEST: 56 ON 7 GRTST 24HR 0.65 ON 24-24 TO 1/4 MILE OR LESS
LOWEST: 14 ON 18 3 = THUNDER
SNOW, ICE PELLETS, HAIL 4 = ICE PELLETS
TOTAL MONTH: M 5 = HAIL
GRTST 24HR M ON M 6 = FREEZING RAIN OR DRIZZLE
GRTST DEPTH: M ON M 7 = DUSTSTORM OR SANDSTORM:
VSBY 1/2 MILE OR LESS
8 = SMOKE OR HAZE
[NO. OF DAYS WITH] [WEATHER - DAYS WITH] 9 = BLOWING SNOW
X = TORNADO
MAX 32 OR BELOW: 4 0.01 INCH OR MORE: 5
MAX 90 OR ABOVE: 0 0.10 INCH OR MORE: 4
MIN 32 OR BELOW: 24 0.50 INCH OR MORE: 2
MIN 0 OR BELOW: 0 1.00 INCH OR MORE: 0
[HDD (BASE 65) ]
TOTAL THIS MO. 994 CLEAR (SCALE 0-3) 11
DPTR FM NORMAL -424 PTCLDY (SCALE 4-7) 9
TOTAL FM JUL 1 2343 CLOUDY (SCALE 8-10) 11
DPTR FM NORMAL -747
[CDD (BASE 65) ]
TOTAL THIS MO. 0
DPTR FM NORMAL 0 [PRESSURE DATA]
TOTAL FM JAN 1 860 HIGHEST SLP M ON M
DPTR FM NORMAL 206 LOWEST SLP M ON M
[REMARKS]
#FINAL-12-23#
THE PRECIPITATION VALUES ON DECEMBER 15TH...16TH...
24TH AND 25TH ARE FROM COCORAHS STATION MN-BU-23.