000
CXUS52 KMLB 011256
CLMMLB
CLIMATE REPORT
NATIONAL WEATHER SERVICE MELBOURNE FL
856 AM EDT SAT APR 01 2023
...................................
...THE MELBOURNE CLIMATE SUMMARY FOR THE MONTH OF MARCH 2023...
CLIMATE NORMAL PERIOD 1991 TO 2020
CLIMATE RECORD PERIOD 1939 TO 2023
WEATHER OBSERVED NORMAL DEPART LAST YEAR`S
VALUE DATE(S) VALUE FROM VALUE
NORMAL
..............................................................
TEMPERATURE (F)
MONTHLY RECORD
HOTTEST 72.7 1948
COLDEST 60.2 1969
DAILY RECORD
HIGH 93 03/28/1994
LOW 25 03/03/1980
MARCH 2023
HIGHEST 92 03/03 89
03/04
LOWEST 45 03/21 41
AVG. MAXIMUM 82.5 78.4 4.1 81.0
AVG. MINIMUM 62.8 58.8 4.0 62.6
MEAN 72.6 68.6 4.0 71.8
DAYS MAX >= 90 5 0.7 4.3 0
DAYS MAX <= 32 0 0.0 0.0 0
DAYS MIN <= 32 0 0.0 0.0 0
DAYS MIN <= 0 0 0.0 0.0 0
PRECIPITATION (INCHES)
MONTLY RECORD
MAXIMUM 11.58 1996
MINIMUM 0.03 1956
DAILY RECORD
MAXIMUM 5.24 03/11/1996
MARCH 2023
TOTALS 1.16 2.69 -1.53 5.09
DAYS >= .01 4 6.8 -2.8 9
DAYS >= .10 2 4.0 -2.0 8
DAYS >= .50 1 1.4 -0.4 4
DAYS >= 1.00 1 0.6 0.4 1
GREATEST
24 HR. TOTAL 1.01 03/13 TO 03/13
SNOWFALL (INCHES)
TOTALS 0.0 MM MM 0.0
SINCE 7/1 0.0 MM MM MM
DAYS >= TRACE 0 0
DEGREE DAYS
HEATING TOTAL 22 45 -23 12
SINCE 7/1 242 381 -139 MM
COOLING TOTAL 265 157 108 233
SINCE 1/1 520 333 187 MM
..............................................................
WIND (MPH)
AVERAGE WIND SPEED 9.7
HIGHEST WIND SPEED/DIRECTION 31/330 DATE 03/13
HIGHEST GUST SPEED/DIRECTION 41/250 DATE 03/13
SKY COVER
POSSIBLE SUNSHINE (PERCENT) MM
AVERAGE SKY COVER 0.24
NUMBER OF DAYS FAIR 25
NUMBER OF DAYS PC 5
NUMBER OF DAYS CLOUDY 1
AVERAGE RH (PERCENT) 67
WEATHER CONDITIONS. NUMBER OF DAYS WITH
THUNDERSTORM 2 MIXED PRECIP 0
HEAVY RAIN 2 RAIN 1
LIGHT RAIN 7 LT FREEZING RAIN 0
HAIL 0 LIGHT SNOW 0
SLEET 0 FOG 5
FOG W/VIS <= 1/4 MILE 1 HAZE 3
- INDICATES NEGATIVE NUMBERS.
R INDICATES RECORD WAS SET OR TIED.
MM INDICATES DATA IS MISSING.
T INDICATES TRACE AMOUNT.
$$