000
CXUS54 KTSA 010840
CF6MLC
PRELIMINARY LOCAL CLIMATOLOGICAL DATA (WS FORM: F-6)
STATION: MCALESTER OKLAHOMA
MONTH: JULY
YEAR: 2020
LATITUDE: 34 52 N
LONGITUDE: 95 47 W
TEMPERATURE IN F: :PCPN: SNOW: WIND :SUNSHINE: SKY :PK WND
================================================================================
1 2 3 4 5 6A 6B 7 8 9 10 11 12 13 14 15 16 17 18
12Z AVG MX 2MIN
DY MAX MIN AVG DEP HDD CDD WTR SNW DPTH SPD SPD DIR MIN PSBL S-S WX SPD DR
================================================================================
1 93 78 86 5 0 21 0.00 0.0 0 7.9 16 200 M M 3 27 210
2 95 72 84 3 0 19 T 0.0 0 5.2 35 330 M M 2 13 49 10
3 97 70 84 3 0 19 T 0.0 0 3.4 29 360 M M 2 3 39 360
4 91 71 81 0 0 16 0.41 0.0 0 3.7 13 240 M M 3 13 19 30
5 92 73 83 2 0 18 0.20 0.0 0 2.9 13 70 M M 3 1 23 70
6 91 72 82 1 0 17 0.00 0.0 0 3.1 10 220 M M 3 3 19 150
7 89 71 80 -1 0 15 T 0.0 0 2.6 9 260 M M 3 1 16 170
8 93 73 83 1 0 18 0.00 0.0 0 4.3 9 160 M M 3 15 160
9 91 78 85 3 0 20 0.00 0.0 0 6.4 20 20 M M 2 8 30 30
10 89 71 80 -2 0 15 0.07 0.0 0 3.1 23 310 M M 2 13 33 300
11 100 69 85 3 0 20 0.90 0.0 0 5.6 33 30 M M 1 13 60 20
12 92 70 81 -1 0 16 0.22 0.0 0 6.3 24 250 M M 0 13 39 210
13 90 70 80 -2 0 15 1.07 0.0 0 5.1 32 330 M M 2 13 48 340
14 94 79 87 5 0 22 0.00 0.0 0 6.8 14 170 M M 0 24 180
15 93 77 85 3 0 20 0.00 0.0 0 5.8 10 220 M M 0 24 180
16 95 75 85 3 0 20 0.00 0.0 0 3.4 9 120 M M 0 18 120
17 96 76 86 4 0 21 0.00 0.0 0 4.2 12 160 M M 0 20 160
18 93 77 85 3 0 20 0.00 0.0 0 6.3 14 210 M M 0 23 180
19 95 76 86 4 0 21 0.00 0.0 0 5.0 13 210 M M 1 17 210
20 96 75 86 4 0 21 0.00 0.0 0 5.0 14 120 M M 1 23 120
21 94 76 85 3 0 20 T 0.0 0 4.4 10 170 M M 3 17 150
22 93 72 83 0 0 18 T 0.0 0 2.7 12 170 M M 4 3 23 170
23 95 73 84 1 0 19 0.00 0.0 0 2.6 9 100 M M 5 16 80
24 97 73 85 2 0 20 0.00 0.0 0 3.3 12 130 M M 2 20 110
25 92 74 83 0 0 18 0.00 0.0 0 4.5 12 150 M M 3 20 140
26 93 75 84 1 0 19 0.00 0.0 0 3.8 10 220 M M 4 16 190
27 91 75 83 0 0 18 T 0.0 0 4.5 12 220 M M 2 16 230
28 91 75 83 0 0 18 0.23 0.0 0 3.0 18 230 M M 7 13 24 230
29 90 75 83 0 0 18 0.38 0.0 0 4.5 15 210 M M 7 1 22 220
30 92 69 81 -2 0 16 1.20 0.0 0 6.3 30 250 M M 3 13 43 260
31 87 68 78 -5 0 13 0.42 0.0 0 8.2 20 340 M M 6 1 28 350
================================================================================
SM 2880 2278 0 571 5.10 0.0 143.9 M 77
================================================================================
AV 92.9 73.5 4.6 FASTST M M 2 MAX(MPH)
MISC ----> # 35 330 # 60 20
================================================================================
NOTES:
# LAST OF SEVERAL OCCURRENCES
COLUMN 17 PEAK WIND IN M.P.H.
PRELIMINARY LOCAL CLIMATOLOGICAL DATA (WS FORM: F-6) , PAGE 2
STATION: MCALESTER OKLAHOMA
MONTH: JULY
YEAR: 2020
LATITUDE: 34 52 N
LONGITUDE: 95 47 W
[TEMPERATURE DATA] [PRECIPITATION DATA] SYMBOLS USED IN COLUMN 16
AVERAGE MONTHLY: 83.2 TOTAL FOR MONTH: 5.10 1 = FOG OR MIST
DPTR FM NORMAL: 1.2 DPTR FM NORMAL: 2.45 2 = FOG REDUCING VISIBILITY
HIGHEST: 100 ON 11 GRTST 24HR 1.20 ON 30-30 TO 1/4 MILE OR LESS
LOWEST: 68 ON 31 3 = THUNDER
SNOW, ICE PELLETS, HAIL 4 = ICE PELLETS
TOTAL MONTH: 0.0 INCH 5 = HAIL
GRTST 24HR 0.0 6 = FREEZING RAIN OR DRIZZLE
GRTST DEPTH: 0 7 = DUSTSTORM OR SANDSTORM:
VSBY 1/2 MILE OR LESS
8 = SMOKE OR HAZE
[NO. OF DAYS WITH] [WEATHER - DAYS WITH] 9 = BLOWING SNOW
X = TORNADO
MAX 32 OR BELOW: 0 0.01 INCH OR MORE: 10
MAX 90 OR ABOVE: 28 0.10 INCH OR MORE: 9
MIN 32 OR BELOW: 0 0.50 INCH OR MORE: 3
MIN 0 OR BELOW: 0 1.00 INCH OR MORE: 2
[HDD (BASE 65) ]
TOTAL THIS MO. 0 CLEAR (SCALE 0-3) 22
DPTR FM NORMAL 0 PTCLDY (SCALE 4-7) 9
TOTAL FM JUL 1 0 CLOUDY (SCALE 8-10) 0
DPTR FM NORMAL 0
[CDD (BASE 65) ]
TOTAL THIS MO. 571
DPTR FM NORMAL 43 [PRESSURE DATA]
TOTAL FM JAN 1 1252 HIGHEST SLP 30.17 ON 10
DPTR FM NORMAL 105 LOWEST SLP 29.76 ON 1
[REMARKS]
#FINAL-07-20#