000
CXUS55 KBYZ 011000
CF6MLS
PRELIMINARY LOCAL CLIMATOLOGICAL DATA (WS FORM: F-6)
STATION: MILES CITY MT
MONTH: OCTOBER
YEAR: 2022
LATITUDE: 46 25 N
LONGITUDE: 105 53 W
TEMPERATURE IN F: :PCPN: SNOW: WIND :SUNSHINE: SKY :PK WND
================================================================================
1 2 3 4 5 6A 6B 7 8 9 10 11 12 13 14 15 16 17 18
12Z AVG MX 2MIN
DY MAX MIN AVG DEP HDD CDD WTR SNW DPTH SPD SPD DIR MIN PSBL S-S WX SPD DR
================================================================================
1 60 52 56 2 9 0 0.12 M M 10.4 17 50 M M 10 1 19 40
2 62 50 56 2 9 0 0.09 M M 5.3 12 360 M M 8 123 13 50
3 56 50 53 0 12 0 0.34 M M 5.0 13 330 M M 9 12 15 320
4 70 50 60 7 5 0 0.00 M M 5.3 10 320 M M 4 1 13 300
5 78 44 61 9 4 0 0.00 M M 8.8 16 40 M M 0 12 22 40
6 50 40 45 -7 20 0 0.06 M M 9.1 21 60 M M 9 1 25 30
7 62 35 49 -2 16 0 0.00 M M 5.0 9 140 M M 0 11 140
8 70 36 53 3 12 0 0.00 M M 5.9 14 270 M M 0 1 19 300
9 73 40 57 7 8 0 0.00 M M 5.2 12 290 M M 0 14 220
10 75 39 57 8 8 0 0.00 M M 6.9 13 250 M M 0 14 250
11 61 41 51 2 14 0 0.00 M M 15.2 37 320 M M 4 46 330
12 61 46 54 6 11 0 0.00 M M 21.1 35 320 M M 7 45 290
13 61 34 48 0 17 0 0.00 M M 15.2 30 320 M M 0 38 320
14 68 45 57 10 8 0 T M M 11.9 23 330 M M 3 31 330
15 59 35 47 0 18 0 T M M 12.4 22 340 M M 4 1 26 330
16 54 27 41 -5 24 0 0.00 M M 5.0 9 290 M M 5 10 290
17 69 34 52 6 13 0 0.00 M M 6.4 14 150 M M 0 19 130
18 71 35 53 8 12 0 0.00 M M 5.7 14 140 M M 0 17 150
19 74 35 55 10 10 0 0.00 M M 6.7 15 290 M M 0 16 290
20 80 34 57 13 8 0 0.00 M M 12.2 31 350 M M 0 8 39 340
21 71 44 58 14 7 0 T M M 9.5 26 350 M M 8 35 350
22 54 44 49 6 16 0 0.01 M M 10.0 18 70 M M 6 1 22 60
23 44 31 38 -5 27 0 0.67 M M 15.1 28 320 M M 8 1 35 310
24 47 30 39 -3 26 0 0.02 M M 14.8 31 310 M M 6 1 41 300
25 54 33 44 2 21 0 T M M 12.3 25 290 M M 3 36 300
26 52 30 41 0 24 0 0.00 M M 5.8 10 290 M M 1 12 150
27 52 26 39 -2 26 0 0.00 M M 9.6 26 240 M M 0 34 270
28 57 29 43 3 22 0 0.00 M M 7.4 12 300 M M 0 13 310
29 59 32 46 6 19 0 0.00 M M 6.6 18 250 M M 0 23 260
30 60 27 44 4 21 0 0.00 M M 8.4 20 260 M M 0 24 250
31 69 34 52 13 13 0 0.00 M M 9.5 23 280 M M 0 27 270
================================================================================
SM 1933 1162 460 0 1.31 M 287.7 M 95
================================================================================
AV 62.4 37.5 9.3 FASTST M M 3 MAX(MPH)
MISC ----> 37 320 46 330
================================================================================
NOTES:
# LAST OF SEVERAL OCCURRENCES
COLUMN 17 PEAK WIND IN M.P.H.
PRELIMINARY LOCAL CLIMATOLOGICAL DATA (WS FORM: F-6) , PAGE 2
STATION: MILES CITY MT
MONTH: OCTOBER
YEAR: 2022
LATITUDE: 46 25 N
LONGITUDE: 105 53 W
[TEMPERATURE DATA] [PRECIPITATION DATA] SYMBOLS USED IN COLUMN 16
AVERAGE MONTHLY: 49.9 TOTAL FOR MONTH: 1.31 1 = FOG OR MIST
DPTR FM NORMAL: 3.5 DPTR FM NORMAL: 0.34 2 = FOG REDUCING VISIBILITY
HIGHEST: 80 ON 20 GRTST 24HR 0.69 ON 23-24 TO 1/4 MILE OR LESS
LOWEST: 26 ON 27 3 = THUNDER
SNOW, ICE PELLETS, HAIL 4 = ICE PELLETS
TOTAL MONTH: M 5 = HAIL
GRTST 24HR M ON M 6 = FREEZING RAIN OR DRIZZLE
GRTST DEPTH: M ON M 7 = DUSTSTORM OR SANDSTORM:
VSBY 1/2 MILE OR LESS
8 = SMOKE OR HAZE
[NO. OF DAYS WITH] [WEATHER - DAYS WITH] 9 = BLOWING SNOW
X = TORNADO
MAX 32 OR BELOW: 0 0.01 INCH OR MORE: 7
MAX 90 OR ABOVE: 0 0.10 INCH OR MORE: 3
MIN 32 OR BELOW: 8 0.50 INCH OR MORE: 1
MIN 0 OR BELOW: 0 1.00 INCH OR MORE: 0
[HDD (BASE 65) ]
TOTAL THIS MO. 460 CLEAR (SCALE 0-3) 16
DPTR FM NORMAL -120 PTCLDY (SCALE 4-7) 11
TOTAL FM JUL 1 527 CLOUDY (SCALE 8-10) 4
DPTR FM NORMAL -264
[CDD (BASE 65) ]
TOTAL THIS MO. 0
DPTR FM NORMAL -4 [PRESSURE DATA]
TOTAL FM JAN 1 938 HIGHEST SLP 30.55 ON 6
DPTR FM NORMAL 207 LOWEST SLP 29.34 ON 22
[REMARKS]
#FINAL-10-22#