000
CXUS55 KBYZ 011000
CF6MLS
PRELIMINARY LOCAL CLIMATOLOGICAL DATA (WS FORM: F-6)
STATION: MILES CITY MT
MONTH: JUNE
YEAR: 2022
LATITUDE: 46 25 N
LONGITUDE: 105 53 W
TEMPERATURE IN F: :PCPN: SNOW: WIND :SUNSHINE: SKY :PK WND
================================================================================
1 2 3 4 5 6A 6B 7 8 9 10 11 12 13 14 15 16 17 18
12Z AVG MX 2MIN
DY MAX MIN AVG DEP HDD CDD WTR SNW DPTH SPD SPD DIR MIN PSBL S-S WX SPD DR
================================================================================
1 71 36 54 -7 11 0 0.00 M M 7.0 17 260 M M 2 20 250
2 72 38 55 -6 10 0 0.00 M M 5.9 18 360 M M 0 23 350
3 76 40 58 -4 7 0 0.38 M M 9.6 21 150 M M 2 1 26 140
4 74 53 64 2 1 0 0.17 M M 9.4 20 120 M M 6 1 23 120
5 72 56 64 2 1 0 0.47 M M 9.7 20 60 M M 7 1 24 290
6 59 51 55 -8 10 0 0.14 M M 7.8 14 30 M M 10 12 16 30
7 64 50 57 -6 8 0 0.32 M M 5.5 12 210 M M 7 123 14 220
8 69 46 58 -5 7 0 T M M 6.3 12 140 M M 5 16 140
9 78 57 68 4 0 3 0.04 M M 7.5 15 250 M M 4 1 19 270
10 85 56 71 7 0 6 0.01 M M 10.6 25 280 M M 2 33 270
11 80 58 69 5 0 4 0.04 M M 8.1 26 310 M M 4 38 300
12 70 53 62 -2 3 0 0.34 M M 6.9 14 160 M M 5 13 17 170
13 69 56 63 -2 2 0 0.03 M M 5.9 21 330 M M 7 1 25 320
14 70 47 59 -6 6 0 0.01 M M 15.3 33 270 M M 4 42 250
15 66 47 57 -8 8 0 0.01 M M 24.6 44 290 M M 6 63 270
16 78 48 63 -3 2 0 0.00 M M 9.1 17 300 M M 0 23 300
17 93 63 78 12 0 13 0.00 M M 16.1 29 150 M M 0 37 140
18 87 69 78 12 0 13 0.00 M M 9.1 22 150 M M 0 27 150
19 75 57 66 -1 0 1 0.42 M M 12.8 23 330 M M 6 12 30 340
20 74 54 64 -3 1 0 0.24 M M 9.1 30 270 M M 4 13 38 270
21 75 52 64 -3 1 0 0.00 M M 11.0 23 280 M M 5 28 250
22 84 51 68 0 0 3 0.00 M M 8.0 16 230 M M 1 20 190
23 89 55 72 4 0 7 T M M 8.3 30 320 M M 0 37 320
24 72 53 63 -5 2 0 0.15 M M 12.2 35 330 M M 5 1 44 330
25 73 47 60 -8 5 0 0.00 M M 17.6 35 320 M M 2 49 310
26 76 42 59 -10 6 0 0.00 M M 4.5 13 300 M M 0 17 150
27 84 49 67 -2 0 2 0.00 M M 6.0 13 70 M M 0 15 140
28 93 58 76 6 0 11 T M M 8.1 31 270 M M 0 38 270
29 92 63 78 8 0 13 T M M 8.5 35 330 M M 1 8 41 330
30 82 56 69 -1 0 4 0.00 M M 10.4 23 300 M M 1 27 310
================================================================================
SM 2302 1561 91 80 2.77 M 290.9 M 96
================================================================================
AV 76.7 52.0 9.7 FASTST M M 3 MAX(MPH)
MISC ----> 44 290 63 270
================================================================================
NOTES:
# LAST OF SEVERAL OCCURRENCES
COLUMN 17 PEAK WIND IN M.P.H.
PRELIMINARY LOCAL CLIMATOLOGICAL DATA (WS FORM: F-6) , PAGE 2
STATION: MILES CITY MT
MONTH: JUNE
YEAR: 2022
LATITUDE: 46 25 N
LONGITUDE: 105 53 W
[TEMPERATURE DATA] [PRECIPITATION DATA] SYMBOLS USED IN COLUMN 16
AVERAGE MONTHLY: 64.4 TOTAL FOR MONTH: 2.77 1 = FOG OR MIST
DPTR FM NORMAL: -1.2 DPTR FM NORMAL: 0.26 2 = FOG REDUCING VISIBILITY
HIGHEST: 93 ON 28,17 GRTST 24HR 0.66 ON 19-20 TO 1/4 MILE OR LESS
LOWEST: 36 ON 1 3 = THUNDER
SNOW, ICE PELLETS, HAIL 4 = ICE PELLETS
TOTAL MONTH: M 5 = HAIL
GRTST 24HR M ON M 6 = FREEZING RAIN OR DRIZZLE
GRTST DEPTH: M ON M 7 = DUSTSTORM OR SANDSTORM:
VSBY 1/2 MILE OR LESS
8 = SMOKE OR HAZE
[NO. OF DAYS WITH] [WEATHER - DAYS WITH] 9 = BLOWING SNOW
X = TORNADO
MAX 32 OR BELOW: 0 0.01 INCH OR MORE: 15
MAX 90 OR ABOVE: 3 0.10 INCH OR MORE: 9
MIN 32 OR BELOW: 0 0.50 INCH OR MORE: 0
MIN 0 OR BELOW: 0 1.00 INCH OR MORE: 0
[HDD (BASE 65) ]
TOTAL THIS MO. 91 CLEAR (SCALE 0-3) 15
DPTR FM NORMAL 10 PTCLDY (SCALE 4-7) 14
TOTAL FM JUL 1 7413 CLOUDY (SCALE 8-10) 1
DPTR FM NORMAL -152
[CDD (BASE 65) ]
TOTAL THIS MO. 80
DPTR FM NORMAL -17 [PRESSURE DATA]
TOTAL FM JAN 1 82 HIGHEST SLP M ON M
DPTR FM NORMAL -31 LOWEST SLP 29.52 ON 18
[REMARKS]
#FINAL-06-22#