000
CXUS54 KMOB 010730
CF6MOB
PRELIMINARY LOCAL CLIMATOLOGICAL DATA (WS FORM: F-6)
STATION: MOBILE
MONTH: NOVEMBER
YEAR: 2023
LATITUDE: 30 40 N
LONGITUDE: 88 15 W
TEMPERATURE IN F: :PCPN: SNOW: WIND :SUNSHINE: SKY :PK WND
================================================================================
1 2 3 4 5 6A 6B 7 8 9 10 11 12 13 14 15 16 17 18
12Z AVG MX 2MIN
DY MAX MIN AVG DEP HDD CDD WTR SNW DPTH SPD SPD DIR MIN PSBL S-S WX SPD DR
================================================================================
1 60 38 49 -14 16 0 0.00 0.0 0 12.5 22 360 M M 0 33 340
2 68 34 51 -12 14 0 0.00 0.0 0 4.8 16 70 M M 1 22 60
3 76 43 60 -2 5 0 0.00 0.0 0 4.6 13 60 M M 1 18 60
4 80 50 65 3 0 0 0.00 0.0 0 2.1 9 10 M M 1 12 30
5 83 46 65 3 0 0 0.00 0.0 0 2.9 12 360 M M 1 16 350
6 83 50 67 6 0 2 0.00 0.0 0 4.3 14 200 M M 3 1 18 190
7 83 51 67 6 0 2 0.00 0.0 0 4.7 17 180 M M 2 12 23 180
8 83 56 70 9 0 5 0.00 0.0 0 5.5 15 160 M M 3 12 21 170
9 83 56 70 10 0 5 0.00 0.0 0 2.9 12 180 M M 5 1 17 130
10 72 66 69 9 0 4 0.23 0.0 0 6.4 13 20 M M 10 1 18 360
11 66 60 63 3 2 0 0.01 0.0 0 7.6 14 340 M M 10 128 18 340
12 71 59 65 5 0 0 0.00 0.0 0 8.7 14 10 M M 10 18 19 10
13 64 58 61 2 4 0 0.16 0.0 0 8.6 14 20 M M 9 18 19 10
14 60 56 58 -1 7 0 0.92 0.0 0 10.4 17 50 M M 9 1 24 20
15 63 57 60 1 5 0 0.61 0.0 0 12.7 18 50 M M 10 1 27 50
16 75 60 68 9 0 3 0.01 0.0 0 7.8 16 40 M M 10 18 22 50
17 80 57 69 11 0 4 0.00 0.0 0 2.9 12 330 M M 6 1 16 330
18 77 53 65 7 0 0 0.00 0.0 0 7.3 17 10 M M 4 23 330
19 73 44 59 1 6 0 0.00 0.0 0 2.7 10 270 M M 2 16 260
20 76 54 65 7 0 0 0.18 0.0 0 11.7 24 130 M M 7 1 32 140
21 74 56 65 8 0 0 1.86 0.0 0 10.5 25 150 M M 9 13 37 170
22 63 43 53 -4 12 0 0.00 0.0 0 7.6 18 340 M M 6 25 350
23 55 41 48 -9 17 0 0.01 0.0 0 3.9 9 360 M M 7 13 50
24 66 48 57 0 8 0 0.00 0.0 0 3.5 9 360 M M 7 14 50
25 72 47 60 3 5 0 0.03 0.0 0 2.2 9 80 M M 7 1 12 70
26 65 52 59 3 6 0 0.61 0.0 0 6.5 16 120 M M 9 1 23 110
27 57 40 49 -7 16 0 0.00 0.0 0 7.9 16 350 M M 5 24 330
28 61 37 49 -7 16 0 0.00 0.0 0 5.5 17 10 M M 1 25 30
29 63 32 48 -8 17 0 0.00 0.0 0 2.3 12 20 M M 4 17 10
30 61 37 49 -7 16 0 0.00 0.0 0 5.8 15 110 M M 6 1 20 110
================================================================================
SM 2113 1481 172 25 4.63 0.0 186.8 M 165
================================================================================
AV 70.4 49.4 6.2 FASTST M M 6 MAX(MPH)
MISC ----> 25 150 37 170
================================================================================
NOTES:
# LAST OF SEVERAL OCCURRENCES
COLUMN 17 PEAK WIND IN M.P.H.
PRELIMINARY LOCAL CLIMATOLOGICAL DATA (WS FORM: F-6) , PAGE 2
STATION: MOBILE
MONTH: NOVEMBER
YEAR: 2023
LATITUDE: 30 40 N
LONGITUDE: 88 15 W
[TEMPERATURE DATA] [PRECIPITATION DATA] SYMBOLS USED IN COLUMN 16
AVERAGE MONTHLY: 59.9 TOTAL FOR MONTH: 4.63 1 = FOG OR MIST
DPTR FM NORMAL: 1.0 DPTR FM NORMAL: 0.03 2 = FOG REDUCING VISIBILITY
HIGHEST: 83 ON 9, 8 GRTST 24HR 2.04 ON 20-21 TO 1/4 MILE OR LESS
LOWEST: 32 ON 29 3 = THUNDER
SNOW, ICE PELLETS, HAIL 4 = ICE PELLETS
TOTAL MONTH: 0.0 INCH 5 = HAIL
GRTST 24HR 0.0 6 = FREEZING RAIN OR DRIZZLE
GRTST DEPTH: 0 7 = DUSTSTORM OR SANDSTORM:
VSBY 1/2 MILE OR LESS
8 = SMOKE OR HAZE
[NO. OF DAYS WITH] [WEATHER - DAYS WITH] 9 = BLOWING SNOW
X = TORNADO
MAX 32 OR BELOW: 0 0.01 INCH OR MORE: 11
MAX 90 OR ABOVE: 0 0.10 INCH OR MORE: 7
MIN 32 OR BELOW: 1 0.50 INCH OR MORE: 4
MIN 0 OR BELOW: 0 1.00 INCH OR MORE: 1
[HDD (BASE 65) ]
TOTAL THIS MO. 172 CLEAR (SCALE 0-3) 8
DPTR FM NORMAL -46 PTCLDY (SCALE 4-7) 13
TOTAL FM JUL 1 206 CLOUDY (SCALE 8-10) 9
DPTR FM NORMAL -62
[CDD (BASE 65) ]
TOTAL THIS MO. 25
DPTR FM NORMAL -12 [PRESSURE DATA]
TOTAL FM JAN 1 3315 HIGHEST SLP 30.43 ON 2
DPTR FM NORMAL 732 LOWEST SLP 29.81 ON 21
[REMARKS]
#FINAL-11-23#