000
CXUS54 KMOB 011425
CLMMOB
CLIMATE REPORT
NATIONAL WEATHER SERVICE MOBILE AL
925 AM CDT MON MAY 01 2023
...................................
...THE MOBILE CLIMATE SUMMARY FOR THE MONTH OF APRIL 2023...
CLIMATE NORMAL PERIOD: 1991 TO 2020
CLIMATE RECORD PERIOD: 1842 TO 2023
WEATHER OBSERVED NORMAL DEPART LAST YEAR`S
VALUE DATE(S) VALUE FROM VALUE DATE(S)
NORMAL
................................................................
TEMPERATURE (F)
RECORD
HIGH 94 04/21/1987
LOW 32 04/05/1987
04/05/1891
04/02/1881
HIGHEST 88 04/06 87 04/30
LOWEST 43 04/17 37 04/09
AVG. MAXIMUM 79.0 77.8 1.2 79.0
AVG. MINIMUM 58.2 56.0 2.2 56.4
MEAN 68.6 66.9 1.7 67.7
DAYS MAX >= 90 0 0.2 -0.2 0
DAYS MAX <= 32 0 0.0 0.0 0
DAYS MIN <= 32 0 0.0 0.0 0
DAYS MIN <= 0 0 0.0 0.0 0
PRECIPITATION (INCHES)
RECORD
MAXIMUM 18.08 2014
MINIMUM 0.08 1999
TOTALS 8.57 5.71 2.86 5.74
DAILY AVG. 0.29 0.19 0.10 0.19
DAYS >= .01 9 7.6 1.4 8
DAYS >= .10 6 5.6 0.4 6
DAYS >= .50 5 3.0 2.0 5
DAYS >= 1.00 3 1.7 1.3 2
GREATEST
24 HR. TOTAL 3.38 04/12 TO 04/13
SNOWFALL (INCHES)
RECORDS
TOTAL T 2007
TOTALS 0.0
SINCE 7/1 0.0
SNOWDEPTH AVG. 0
DAYS >= 1.0 0
GREATEST
SNOW DEPTH 0
24 HR TOTAL 0.0
DEGREE DAYS
HEATING TOTAL 20 55 -35 45
SINCE 7/1 1070 1613 -543 1508
COOLING TOTAL 134 112 22 133
SINCE 1/1 419 183 236 217
................................................................
WIND (MPH)
AVERAGE WIND SPEED 7.4
HIGHEST WIND SPEED/DIRECTION 24/210 DATE 04/03
HIGHEST GUST SPEED/DIRECTION 46/290 DATE 04/15
SKY COVER
POSSIBLE SUNSHINE (PERCENT)
AVERAGE SKY COVER 0.60
NUMBER OF DAYS FAIR 4
NUMBER OF DAYS PC 15
NUMBER OF DAYS CLOUDY 11
AVERAGE RH (PERCENT) 66
WEATHER CONDITIONS. NUMBER OF DAYS WITH
THUNDERSTORM 7 MIXED PRECIP 0
HEAVY RAIN 5 RAIN 7
LIGHT RAIN 10 FREEZING RAIN 0
LT FREEZING RAIN 0 HAIL 0
HEAVY SNOW 0 SNOW 0
LIGHT SNOW 0 SLEET 0
FOG 17 FOG W/VIS <= 1/4 MILE 9
HAZE 9
- INDICATES NEGATIVE NUMBERS.
R INDICATES RECORD WAS SET OR TIED.
MM INDICATES DATA IS MISSING.
T INDICATES TRACE AMOUNT.
$$