000
CXUS56 KSTO 011300
CF6MOD
PRELIMINARY LOCAL CLIMATOLOGICAL DATA (WS FORM: F-6)
STATION: MODESTO CA
MONTH: OCTOBER
YEAR: 2022
LATITUDE: 37 37 N
LONGITUDE: 120 57 W
TEMPERATURE IN F: :PCPN: SNOW: WIND :SUNSHINE: SKY :PK WND
================================================================================
1 2 3 4 5 6A 6B 7 8 9 10 11 12 13 14 15 16 17 18
12Z AVG MX 2MIN
DY MAX MIN AVG DEP HDD CDD WTR SNW DPTH SPD SPD DIR MIN PSBL S-S WX SPD DR
================================================================================
1 86 56 71 1 0 6 0.00 M M 6.8 16 330 M M 0 20 320
2 81 58 70 0 0 5 0.00 M M 10.0 16 330 M M 0 22 310
3 85 58 72 2 0 7 0.00 M M 7.5 15 320 M M 0 19 320
4 85 57 71 2 0 6 0.00 M M 6.1 12 320 M M 0 14 320
5 89 55 72 3 0 7 0.00 M M 2.0 9 340 M M 0 12 330
6 93 58 76 7 0 11 0.00 M M 4.8 13 300 M M 0 16 320
7 91 61 76 8 0 11 0.00 M M 6.1 15 320 M M 0 8 17 310
8 92 61 77 9 0 12 0.00 M M 4.9 13 320 M M 0 8 16 300
9 89 59 74 6 0 9 0.00 M M 6.7 14 320 M M 0 17 320
10 89 58 74 7 0 9 0.00 M M 6.8 14 310 M M 0 18 320
11 88 57 73 6 0 8 0.00 M M 5.8 15 320 M M 0 17 310
12 86 56 71 4 0 6 0.00 M M 6.5 12 330 M M 0 18 330
13 81 55 68 2 0 3 0.00 M M 5.9 13 320 M M 0 18 15 320
14 83 55 69 3 0 4 0.00 0.0 0 3.6 9 310 M M 0 1 15 330
15 79 56 68 2 0 3 0.00 M M 9.2 18 330 M M 0 8 24 330
16 74 52 63 -2 2 0 0.00 M M 6.8 15 320 M M 0 18 20 330
17 77 53 65 0 0 0 0.00 M M 4.6 9 310 M M 0 13 330
18 80 55 68 3 0 3 0.00 M M 5.1 12 310 M M 0 14 330
19 87 51 69 5 0 4 0.00 M M 3.6 12 310 M M 0 8 15 330
20 87 51 69 5 0 4 0.00 M M 1.9 7 320 M M 0 9 210
21 87 51 69 5 0 4 0.00 M M 4.0 15 330 M M 0 8 19 330
22 74 56 65 2 0 0 0.00 M M 9.0 20 310 M M 3 24 310
23 70 50 60 -3 5 0 0.00 M M 14.3 25 310 M M 0 30 300
24 71 45 58 -4 7 0 0.00 M M 3.6 12 320 M M 0 8 16 310
25 72 43 58 -4 7 0 0.00 M M 5.2 13 330 M M 0 8 19 330
26 70 48 59 -3 6 0 0.00 M M 9.3 21 300 M M 0 27 310
27 72 41 57 -4 8 0 0.00 M M 1.7 9 320 M M 0 18 12 320
28 72 40 56 -5 9 0 0.00 M M 4.6 12 310 M M 0 14 300
29 74 47 61 0 4 0 0.00 M M 7.7 15 320 M M 0 8 20 290
30 75 42 59 -1 6 0 0.00 M M 2.4 12 330 M M 0 1 17 300
31 70 44 57 -3 8 0 0.00 M M 2.1 7 50 M M 0 9 50
================================================================================
SM 2509 1629 62 122 0.00 0.0 178.6 M 3
================================================================================
AV 80.9 52.5 5.8 FASTST M M 0 MAX(MPH)
MISC ----> 25 310 30 300
================================================================================
NOTES:
# LAST OF SEVERAL OCCURRENCES
COLUMN 17 PEAK WIND IN M.P.H.
PRELIMINARY LOCAL CLIMATOLOGICAL DATA (WS FORM: F-6) , PAGE 2
STATION: MODESTO CA
MONTH: OCTOBER
YEAR: 2022
LATITUDE: 37 37 N
LONGITUDE: 120 57 W
[TEMPERATURE DATA] [PRECIPITATION DATA] SYMBOLS USED IN COLUMN 16
AVERAGE MONTHLY: 66.7 TOTAL FOR MONTH: 0.00 1 = FOG OR MIST
DPTR FM NORMAL: 1.5 DPTR FM NORMAL: -0.55 2 = FOG REDUCING VISIBILITY
HIGHEST: 93 ON 6 GRTST 24HR 0.00 ON 7- 7 TO 1/4 MILE OR LESS
LOWEST: 40 ON 28 3 = THUNDER
SNOW, ICE PELLETS, HAIL 4 = ICE PELLETS
TOTAL MONTH: 0.0 INCH 5 = HAIL
GRTST 24HR 0.0 6 = FREEZING RAIN OR DRIZZLE
GRTST DEPTH: 0 7 = DUSTSTORM OR SANDSTORM:
VSBY 1/2 MILE OR LESS
8 = SMOKE OR HAZE
[NO. OF DAYS WITH] [WEATHER - DAYS WITH] 9 = BLOWING SNOW
X = TORNADO
MAX 32 OR BELOW: 0 0.01 INCH OR MORE: 0
MAX 90 OR ABOVE: 3 0.10 INCH OR MORE: 0
MIN 32 OR BELOW: 0 0.50 INCH OR MORE: 0
MIN 0 OR BELOW: 0 1.00 INCH OR MORE: 0
[HDD (BASE 65) ]
TOTAL THIS MO. 62 CLEAR (SCALE 0-3) 31
DPTR FM NORMAL -6 PTCLDY (SCALE 4-7) 0
TOTAL FM JUL 1 62 CLOUDY (SCALE 8-10) 0
DPTR FM NORMAL -10
[CDD (BASE 65) ]
TOTAL THIS MO. 122
DPTR FM NORMAL 47 [PRESSURE DATA]
TOTAL FM JAN 1 1922 HIGHEST SLP 30.23 ON 29
DPTR FM NORMAL 301 LOWEST SLP 29.67 ON 22
[REMARKS]
#FINAL-10-22#