000
CXUS56 KSTO 031729
CF6MOD
PRELIMINARY LOCAL CLIMATOLOGICAL DATA (WS FORM: F-6)
STATION: MODESTO CA
MONTH: OCTOBER
YEAR: 2020
LATITUDE: 37 37 N
LONGITUDE: 120 57 W
TEMPERATURE IN F: :PCPN: SNOW: WIND :SUNSHINE: SKY :PK WND
================================================================================
1 2 3 4 5 6A 6B 7 8 9 10 11 12 13 14 15 16 17 18
12Z AVG MX 2MIN
DY MAX MIN AVG DEP HDD CDD WTR SNW DPTH SPD SPD DIR MIN PSBL S-S WX SPD DR
================================================================================
1 92 62 77 6 0 12 0.00 0.0 0 3.3 8 310 M M 0 8 M M
2 91 60 76 6 0 11 0.00 0.0 0 3.6 14 320 M M 0 18 17 320
3 93 59 76 6 0 11 0.00 0.0 0 3.1 10 340 M M 1 18 14 330
4 97 56 77 7 0 12 0.00 0.0 0 3.9 13 320 M M 2 8 15 320
5 92 57 75 6 0 10 0.00 0.0 0 3.5 10 330 M M 1 8 15 310
6 89 55 72 3 0 7 0.00 0.0 0 3.5 12 330 M M 0 18 14 320
7 85 56 71 2 0 6 0.00 0.0 0 4.1 13 310 M M 0 18 14 320
8 76 57 67 -1 0 2 0.00 0.0 0 8.0 14 320 M M 0 18 27 240
9 75 54 65 -3 0 0 0.00 0.0 0 4.4 14 330 M M 0 18 16 340
10 80 57 69 1 0 4 0.00 0.0 0 6.5 16 340 M M 0 19 340
11 81 58 70 2 0 5 0.00 0.0 0 10.0 20 310 M M 1 23 300
12 86 51 69 2 0 4 0.00 0.0 0 3.6 15 310 M M 0 19 330
13 89 50 70 3 0 5 0.00 0.0 0 6.1 16 320 M M 1 8 19 320
14 93 58 76 9 0 11 0.00 0.0 0 10.1 21 330 M M 2 26 320
15 88 61 75 9 0 10 0.00 0.0 0 5.7 14 300 M M 1 8 18 310
16 90 59 75 9 0 10 0.00 0.0 0 5.1 12 320 M M 0 18 15 320
17 92 54 73 7 0 8 0.00 0.0 0 2.1 9 300 M M 0 18 12 300
18 91 52 72 7 0 7 0.00 0.0 0 2.7 10 330 M M 0 18 13 330
19 89 54 72 7 0 7 0.00 0.0 0 3.4 15 310 M M 0 17 310
20 89 54 72 8 0 7 0.00 0.0 0 2.2 9 290 M M 0 13 30
21 87 52 70 6 0 5 0.00 0.0 0 2.2 8 320 M M 0 11 290
22 80 54 67 3 0 2 0.00 0.0 0 10.2 18 320 M M 0 24 320
23 77 56 67 3 0 2 0.00 0.0 0 8.4 16 310 M M 0 20 320
24 75 49 62 -1 3 0 0.00 0.0 0 5.0 14 330 M M 0 1 18 330
25 68 50 59 -4 6 0 0.00 0.0 0 10.4 20 300 M M 3 8 25 290
26 72 45 59 -3 6 0 0.00 0.0 0 12.7 23 300 M M 0 29 310
27 72 42 57 -5 8 0 0.00 0.0 0 3.2 9 130 M M 0 8 13 120
28 77 41 59 -3 6 0 0.00 0.0 0 1.1 7 110 M M 0 18 7 120
29 79 41 60 -1 5 0 0.00 0.0 0 0.7 6 270 M M 0 18 8 300
30 78 42 60 -1 5 0 0.00 0.0 0 2.3 10 330 M M 0 18 13 340
31 79 40 60 -1 5 0 0.00 0.0 0 1.6 7 360 M M 0 18 10 10
================================================================================
SM 2602 1636 44 158 0.00 0.0 152.7 M 12
================================================================================
AV 83.9 52.8 4.9 FASTST M M 0 MAX(MPH)
MISC ----> # 23 300 # 29 310
================================================================================
NOTES:
# LAST OF SEVERAL OCCURRENCES
COLUMN 17 PEAK WIND IN M.P.H.
PRELIMINARY LOCAL CLIMATOLOGICAL DATA (WS FORM: F-6) , PAGE 2
STATION: MODESTO CA
MONTH: OCTOBER
YEAR: 2020
LATITUDE: 37 37 N
LONGITUDE: 120 57 W
[TEMPERATURE DATA] [PRECIPITATION DATA] SYMBOLS USED IN COLUMN 16
AVERAGE MONTHLY: 68.4 TOTAL FOR MONTH: 0.00 1 = FOG OR MIST
DPTR FM NORMAL: 2.6 DPTR FM NORMAL: -0.68 2 = FOG REDUCING VISIBILITY
HIGHEST: 97 ON 4 GRTST 24HR 0.00 ON 31-31 TO 1/4 MILE OR LESS
LOWEST: 40 ON 31 3 = THUNDER
SNOW, ICE PELLETS, HAIL 4 = ICE PELLETS
TOTAL MONTH: 0.0 INCH 5 = HAIL
GRTST 24HR 0.0 6 = FREEZING RAIN OR DRIZZLE
GRTST DEPTH: 0 7 = DUSTSTORM OR SANDSTORM:
VSBY 1/2 MILE OR LESS
8 = SMOKE OR HAZE
[NO. OF DAYS WITH] [WEATHER - DAYS WITH] 9 = BLOWING SNOW
X = TORNADO
MAX 32 OR BELOW: 0 0.01 INCH OR MORE: 0
MAX 90 OR ABOVE: 9 0.10 INCH OR MORE: 0
MIN 32 OR BELOW: 0 0.50 INCH OR MORE: 0
MIN 0 OR BELOW: 0 1.00 INCH OR MORE: 0
[HDD (BASE 65) ]
TOTAL THIS MO. 44 CLEAR (SCALE 0-3) 31
DPTR FM NORMAL -16 PTCLDY (SCALE 4-7) 0
TOTAL FM JUL 1 44 CLOUDY (SCALE 8-10) 0
DPTR FM NORMAL -19
[CDD (BASE 65) ]
TOTAL THIS MO. 158
DPTR FM NORMAL 74 [PRESSURE DATA]
TOTAL FM JAN 1 2127 HIGHEST SLP M ON M
DPTR FM NORMAL 431 LOWEST SLP 29.72 ON 21
[REMARKS]
#FINAL-10-20#