000
CXUS51 KPHI 010815
CF6MPO
PRELIMINARY LOCAL CLIMATOLOGICAL DATA (WS FORM: F-6)
STATION: MOUNT POCONO PA
MONTH: MAY
YEAR: 2021
LATITUDE: 41 8 N
LONGITUDE: 75 24 W
TEMPERATURE IN F: :PCPN: SNOW: WIND :SUNSHINE: SKY :PK WND
================================================================================
1 2 3 4 5 6A 6B 7 8 9 10 11 12 13 14 15 16 17 18
12Z AVG MX 2MIN
DY MAX MIN AVG DEP HDD CDD WTR SNW DPTH SPD SPD DIR MIN PSBL S-S WX SPD DR
================================================================================
1 58 32 45 -6 20 0 T M M 17.3 38 300 M M 4 56 300
2 78 48 63 12 2 0 T M M 13.1 30 270 M M 3 39 260
3 60 50 55 4 10 0 0.59 M M 6.8 13 110 M M 7 12 17 130
4 73 50 62 10 3 0 1.09 M M 6.7 20 280 M M 9 12 29 290
5 61 43 52 0 13 0 0.63 M M 9.7 26 310 M M 10 12 33 300
6 55 41 48 -4 17 0 0.01 M M 14.6 24 310 M M 3 34 310
7 55 34 45 -7 20 0 T M M 5.9 14 10 M M 6 19 70
8 47 38 43 -10 22 0 0.27 M M 10.7 21 310 M M 8 1 27 320
9 52 32 42 -11 23 0 0.22 M M 8.3 16 70 M M 6 1 23 80
10 52 40 46 -7 19 0 0.08 M M 9.7 21 320 M M 8 1 25 320
11 55 38 47 -7 18 0 T M M 11.2 22 290 M M 5 35 270
12 60 34 47 -7 18 0 0.00 M M 12.8 25 280 M M 2 34 280
13 62 31 47 -7 18 0 0.00 M M 7.6 20 310 M M 3 25 330
14 66 41 54 0 11 0 T M M 6.0 14 20 M M 4 18 300
15 68 39 54 -1 11 0 T M M 4.3 16 200 M M 4 20 250
16 66 42 54 -1 11 0 T M M 5.6 16 310 M M 5 24 270
17 69 39 54 -1 11 0 T M M 5.4 16 200 M M 3 20 200
18 75 44 60 4 5 0 0.00 M M 6.0 17 300 M M 1 21 320
19 81 45 63 7 2 0 0.00 M M 6.0 14 320 M M 1 20 320
20 78 49 64 8 1 0 0.00 M M 5.7 14 120 M M 0 19 140
21 83 52 68 12 0 3 0.00 M M 7.0 16 50 M M 1 19 60
22 79 60 70 13 0 5 0.00 M M 9.2 21 290 M M 1 28 270
23 81 59 70 13 0 5 T M M 14.1 25 310 M M 5 32 300
24 60 51 56 -1 9 0 0.00 M M 7.5 13 210 M M 8 19 140
25 72 50 61 4 4 0 0.00 M M 8.9 14 190 M M 6 19 210
26 83 58 71 13 0 6 0.11 M M 10.2 22 230 M M 1 123 29 190
27 71 50 61 3 4 0 0.02 M M 11.7 22 310 M M 0 28 300
28 59 42 51 -7 14 0 0.96 M M 9.6 16 50 M M 7 1 29 50
29 43 39 41 -17 24 0 0.51 M M 10.7 18 30 M M 10 1 30 40
30 47 39 43 -16 22 0 0.44 M M 8.7 16 20 M M 10 1 24 20
31 65 43 54 -5 11 0 0.00 M M 10.9 25 320 M M 5 34 340
================================================================================
SM 2014 1353 343 19 4.93 M 281.9 M 146
================================================================================
AV 65.0 43.6 9.1 FASTST M M 5 MAX(MPH)
MISC ----> 38 300 56 300
================================================================================
NOTES:
# LAST OF SEVERAL OCCURRENCES
COLUMN 17 PEAK WIND IN M.P.H.
PRELIMINARY LOCAL CLIMATOLOGICAL DATA (WS FORM: F-6) , PAGE 2
STATION: MOUNT POCONO PA
MONTH: MAY
YEAR: 2021
LATITUDE: 41 8 N
LONGITUDE: 75 24 W
[TEMPERATURE DATA] [PRECIPITATION DATA] SYMBOLS USED IN COLUMN 16
AVERAGE MONTHLY: 54.3 TOTAL FOR MONTH: 4.93 1 = FOG OR MIST
DPTR FM NORMAL: -0.7 DPTR FM NORMAL: 0.87 2 = FOG REDUCING VISIBILITY
HIGHEST: 83 ON 26,21 GRTST 24HR 1.45 ON 28-29 TO 1/4 MILE OR LESS
LOWEST: 31 ON 13 3 = THUNDER
SNOW, ICE PELLETS, HAIL 4 = ICE PELLETS
TOTAL MONTH: M 5 = HAIL
GRTST 24HR M ON M 6 = FREEZING RAIN OR DRIZZLE
GRTST DEPTH: M ON M 7 = DUSTSTORM OR SANDSTORM:
VSBY 1/2 MILE OR LESS
8 = SMOKE OR HAZE
[NO. OF DAYS WITH] [WEATHER - DAYS WITH] 9 = BLOWING SNOW
X = TORNADO
MAX 32 OR BELOW: 0 0.01 INCH OR MORE: 12
MAX 90 OR ABOVE: 0 0.10 INCH OR MORE: 9
MIN 32 OR BELOW: 3 0.50 INCH OR MORE: 5
MIN 0 OR BELOW: 0 1.00 INCH OR MORE: 1
[HDD (BASE 65) ]
TOTAL THIS MO. 343 CLEAR (SCALE 0-3) 12
DPTR FM NORMAL 19 PTCLDY (SCALE 4-7) 14
TOTAL FM JUL 1 6698 CLOUDY (SCALE 8-10) 5
DPTR FM NORMAL -443
[CDD (BASE 65) ]
TOTAL THIS MO. 19
DPTR FM NORMAL 6 [PRESSURE DATA]
TOTAL FM JAN 1 21 HIGHEST SLP 30.52 ON 21
DPTR FM NORMAL 6 LOWEST SLP 29.64 ON 5
[REMARKS]
#FINAL-05-21#