000
CXUS53 KMPX 011010
CF6MPX
PRELIMINARY LOCAL CLIMATOLOGICAL DATA (WS FORM: F-6)
STATION: CHANHASSEN MN
MONTH: DECEMBER
YEAR: 2023
LATITUDE: 44 50 N
LONGITUDE: 93 34 W
TEMPERATURE IN F: :PCPN: SNOW: WIND :SUNSHINE: SKY :PK WND
================================================================================
1 2 3 4 5 6A 6B 7 8 9 10 11 12 13 14 15 16 17 18
12Z AVG MX 2MIN
DY MAX MIN AVG DEP HDD CDD WTR SNW DPTH SPD SPD DIR MIN PSBL S-S WX SPD DR
================================================================================
1 35 18 27 2 38 0 0.00 0.0 0 M M M M M M M M
2 38 16 27 2 38 0 0.00 0.0 0 M M M M M M M M
3 36 28 32 8 33 0 0.00 0.0 0 M M M M M M M M
4 33 21 27 3 38 0 0.01 0.3 0 M M M M M M M M
5 32 19 26 3 39 0 0.01 0.2 T M M M M M M M M
6 45 18 32 9 33 0 0.00 0.0 0 M M M M M M M M
7 53 26 40 17 25 0 0.00 0.0 0 M M M M M M M M
8 47 34 41 19 24 0 0.00 0.0 0 M M M M M M M M
9 36 22 29 7 36 0 0.02 0.2 0 M M M M M M M M
10 23 21 22 0 43 0 0.00 0.0 T M M M M M M M M
11 33 19 26 5 39 0 0.00 0.0 T M M M M M M M M
12 27 17 22 1 43 0 0.00 0.0 T M M M M M M M M
13 43 20 32 12 33 0 0.00 0.0 T M M M M M M M M
14 51 25 38 18 27 0 0.00 0.0 0 M M M M M M M M
15 42 35 39 19 26 0 0.17 0.0 0 M M M M M M M M
16 37 33 35 16 30 0 0.38 0.0 0 M M M M M M M M
17 37 26 32 13 33 0 T T 0 M M M M M M M M
18 27 12 20 1 45 0 T T 0 M M M M M M M M
19 35 13 24 6 41 0 0.00 0.0 0 M M M M M M M M
20 41 24 33 15 32 0 0.00 0.0 0 M M M M M M M M
21 37 29 33 15 32 0 T 0.0 0 M M M M M M M M
22 41 34 38 20 27 0 T 0.0 0 M M M M M M M M
23 46 39 43 26 22 0 0.02 0.0 0 M M M M M M M M
24 53 40 47 30 18 0 0.37 0.0 0 M M M M M M M M
25 51 37 44 27 21 0 1.03 0.0 0 M M M M M M M M
26 48 31 40 23 25 0 0.35 T 0 M M M M M M M M
27 35 23 29 13 36 0 0.00 0.0 0 M M M M M M M M
28 33 22 28 12 37 0 0.00 0.0 0 M M M M M M M M
29 40 22 31 15 34 0 0.00 0.0 0 M M M M M M M M
30 30 24 27 11 38 0 0.02 0.2 0 M M M M M M M M
31 28 21 25 9 40 0 0.03 0.6 1 M M M M M M M M
================================================================================
SM 1193 769 1026 0 2.41 1.5 M M M
================================================================================
AV 38.5 24.8 M FASTST M M M MAX(MPH)
MISC ----> M M M M
================================================================================
NOTES:
# LAST OF SEVERAL OCCURRENCES
COLUMN 17 PEAK WIND IN M.P.H.
PRELIMINARY LOCAL CLIMATOLOGICAL DATA (WS FORM: F-6) , PAGE 2
STATION: CHANHASSEN MN
MONTH: DECEMBER
YEAR: 2023
LATITUDE: 44 50 N
LONGITUDE: 93 34 W
[TEMPERATURE DATA] [PRECIPITATION DATA] SYMBOLS USED IN COLUMN 16
AVERAGE MONTHLY: 31.6 TOTAL FOR MONTH: 2.41 1 = FOG OR MIST
DPTR FM NORMAL: 11.8 DPTR FM NORMAL: 1.20 2 = FOG REDUCING VISIBILITY
HIGHEST: 53 ON 24, 7 GRTST 24HR 1.03 ON 25-25 TO 1/4 MILE OR LESS
LOWEST: 12 ON 18 3 = THUNDER
SNOW, ICE PELLETS, HAIL 4 = ICE PELLETS
TOTAL MONTH: 1.5 INCHES 5 = HAIL
GRTST 24HR 0.6 ON 31-31 6 = FREEZING RAIN OR DRIZZLE
GRTST DEPTH: 1 ON 31 7 = DUSTSTORM OR SANDSTORM:
VSBY 1/2 MILE OR LESS
8 = SMOKE OR HAZE
[NO. OF DAYS WITH] [WEATHER - DAYS WITH] 9 = BLOWING SNOW
X = TORNADO
MAX 32 OR BELOW: 6 0.01 INCH OR MORE: 11
MAX 90 OR ABOVE: 0 0.10 INCH OR MORE: 5
MIN 32 OR BELOW: 24 0.50 INCH OR MORE: 1
MIN 0 OR BELOW: 0 1.00 INCH OR MORE: 1
[HDD (BASE 65) ]
TOTAL THIS MO. 1026 CLEAR (SCALE 0-3) 0
DPTR FM NORMAL -377 PTCLDY (SCALE 4-7) 0
TOTAL FM JUL 1 2463 CLOUDY (SCALE 8-10) 31
DPTR FM NORMAL -648
[CDD (BASE 65) ]
TOTAL THIS MO. 0
DPTR FM NORMAL 0 [PRESSURE DATA]
TOTAL FM JAN 1 818 HIGHEST SLP M ON M
DPTR FM NORMAL 235 LOWEST SLP M ON M
[REMARKS]
#FINAL-12-23#