000
CXUS51 KLWX 011903
CF6MRB
PRELIMINARY LOCAL CLIMATOLOGICAL DATA (WS FORM: F-6)
STATION: MARTINSBURG WV
MONTH: NOVEMBER
YEAR: 2020
LATITUDE: 39 24 N
LONGITUDE: 77 58 W
TEMPERATURE IN F: :PCPN: SNOW: WIND :SUNSHINE: SKY :PK WND
================================================================================
1 2 3 4 5 6A 6B 7 8 9 10 11 12 13 14 15 16 17 18
12Z AVG MX 2MIN
DY MAX MIN AVG DEP HDD CDD WTR SNW DPTH SPD SPD DIR MIN PSBL S-S WX SPD DR
================================================================================
1 65 31 48 -1 17 0 T M M 11.0 38 280 M M 3 1 49 270
2 48 36 42 -7 23 0 0.00 M M 17.9 32 310 M M 4 42 310
3 61 35 48 0 17 0 0.00 M M 9.3 23 260 M M 0 29 250
4 69 29 49 1 16 0 0.00 M M 3.3 13 150 M M 0 17 150
5 70 34 52 4 13 0 0.00 M M 1.8 8 140 M M 0 11 210
6 74 40 57 9 8 0 0.00 M M 1.2 9 170 M M 0 12 170
7 73 35 54 7 11 0 0.00 M M 0.3 7 160 M M 0 1 9 150
8 75 36 56 9 9 0 0.00 M M 0.4 5 350 M M 0 18 7 70
9 75 39 57 10 8 0 0.00 M M 2.2 10 160 M M 0 1 14 160
10 77 45 61 15 4 0 0.00 M M 4.1 17 160 M M 1 1 23 180
11 67 52 60 14 5 0 1.07 M M 3.0 10 180 M M 7 12 14 180
12 63 42 53 7 12 0 0.09 M M 6.2 17 320 M M 10 12 22 320
13 60 38 49 4 16 0 0.00 M M 5.4 17 290 M M 4 8 22 290
14 58 32 45 0 20 0 0.00 M M 2.4 10 280 M M 0 8 15 280
15 63 40 52 8 13 0 0.20 M M 14.6 38 270 M M 7 1 52 270
16 57 40 49 5 16 0 0.00 M M 15.2 28 270 M M 1 36 260
17 50 30 40 -4 25 0 T M M 13.0 31 300 M M 4 43 310
18 43 23 33 -11 32 0 0.00 M M 7.2 20 320 M M 5 28 330
19 55 20 38 -5 27 0 0.00 M M 4.2 14 150 M M 0 18 170
20 71 29 50 7 15 0 0.00 M M 4.0 12 220 M M 1 16 230
21 63 49 56 14 9 0 T M M 4.9 15 290 M M 8 18 280
22 54 48 51 9 14 0 0.00 M M 3.6 10 140 M M 10 14 150
23 53 38 46 4 19 0 0.20 M M 11.8 29 310 M M 7 1 43 310
24 48 30 39 -2 26 0 0.00 M M 4.2 13 320 M M 3 15 320
25 56 33 45 4 20 0 T M M 6.2 13 160 M M 3 17 180
26 66 40 53 13 12 0 T M M 6.9 26 280 M M 3 1 31 280
27 58 38 48 8 17 0 0.00 M M 1.9 10 320 M M 7 14 340
28 56 29 43 3 22 0 0.00 M M 5.4 22 270 M M 2 27 290
29 56 24 40 1 25 0 0.00 M M 2.0 10 150 M M 0 14 130
30 53 41 47 8 18 0 1.12 M M 7.4 21 260 M M 9 1 26 270
================================================================================
SM 1837 1076 489 0 2.68 M 181.0 M 99
================================================================================
AV 61.2 35.9 6.0 FASTST M M 3 MAX(MPH)
MISC ----> # 38 280 52 270
================================================================================
NOTES:
# LAST OF SEVERAL OCCURRENCES
COLUMN 17 PEAK WIND IN M.P.H.
PRELIMINARY LOCAL CLIMATOLOGICAL DATA (WS FORM: F-6) , PAGE 2
STATION: MARTINSBURG WV
MONTH: NOVEMBER
YEAR: 2020
LATITUDE: 39 24 N
LONGITUDE: 77 58 W
[TEMPERATURE DATA] [PRECIPITATION DATA] SYMBOLS USED IN COLUMN 16
AVERAGE MONTHLY: 48.6 TOTAL FOR MONTH: 2.68 1 = FOG OR MIST
DPTR FM NORMAL: 4.3 DPTR FM NORMAL: -0.45 2 = FOG REDUCING VISIBILITY
HIGHEST: 77 ON 10 GRTST 24HR 1.12 ON 30-30 TO 1/4 MILE OR LESS
LOWEST: 20 ON 19 3 = THUNDER
SNOW, ICE PELLETS, HAIL 4 = ICE PELLETS
TOTAL MONTH: M 5 = HAIL
GRTST 24HR M ON M 6 = FREEZING RAIN OR DRIZZLE
GRTST DEPTH: M ON M 7 = DUSTSTORM OR SANDSTORM:
VSBY 1/2 MILE OR LESS
8 = SMOKE OR HAZE
[NO. OF DAYS WITH] [WEATHER - DAYS WITH] 9 = BLOWING SNOW
X = TORNADO
MAX 32 OR BELOW: 0 0.01 INCH OR MORE: 5
MAX 90 OR ABOVE: 0 0.10 INCH OR MORE: 4
MIN 32 OR BELOW: 10 0.50 INCH OR MORE: 2
MIN 0 OR BELOW: 0 1.00 INCH OR MORE: 2
[HDD (BASE 65) ]
TOTAL THIS MO. 489 CLEAR (SCALE 0-3) 17
DPTR FM NORMAL -135 PTCLDY (SCALE 4-7) 10
TOTAL FM JUL 1 841 CLOUDY (SCALE 8-10) 3
DPTR FM NORMAL -229
[CDD (BASE 65) ]
TOTAL THIS MO. 0
DPTR FM NORMAL 0 [PRESSURE DATA]
TOTAL FM JAN 1 1184 HIGHEST SLP 30.59 ON 19
DPTR FM NORMAL 289 LOWEST SLP 29.32 ON 30
[REMARKS]
#FINAL-11-20#