000
CXUS54 KMAF 271110
CF6MRF
PRELIMINARY LOCAL CLIMATOLOGICAL DATA (WS FORM: F-6)
STATION: MARFA
MONTH: MARCH
YEAR: 2024
LATITUDE: 30 22 N
LONGITUDE: 104 1 W
TEMPERATURE IN F: :PCPN: SNOW: WIND :SUNSHINE: SKY :PK WND
================================================================================
1 2 3 4 5 6A 6B 7 8 9 10 11 12 13 14 15 16 17 18
12Z AVG MX 2MIN
DY MAX MIN AVG DEP HDD CDD WTR SNW DPTH SPD SPD DIR MIN PSBL S-S WX SPD DR
================================================================================
1 67 36 52 M 13 0 M M M 10.2 20 260 M M 0 25 260
2 74 33 54 M 11 0 M M M 9.0 22 240 M M 0 28 240
3 70 39 55 M 10 0 M M M 8.2 23 260 M M 0 36 250
4 M M M M M M M M M M M M M M M M M
5 M M M M M M M M M M M M M M M M M
6 M M M M M M M M M M M M M M M M M
7 70 45 58 M 7 0 M M M 9.5 18 250 M M 0 32 260
8 60 36 48 M 17 0 M M M 14.1 28 20 M M 0 36 10
9 53 33 43 M 22 0 M M M 14.7 22 20 M M 0 28 20
10 61 29 45 M 20 0 M M M 5.6 10 150 M M 0 M M
11 71 30 51 M 14 0 M M M 6.1 17 170 M M 0 23 170
12 72 38 55 M 10 0 M M M 8.7 21 270 M M 0 33 250
13 M M M M M M M M M M M M M M M M M
14 75 37 56 M 9 0 M M M 10.5 14 100 M M 0 M M
15 56 42 49 M 16 0 M M M 19.3 31 20 M M 2 1 38 30
16 64 44 54 M 11 0 M M M 11.4 20 30 M M 6 1 16 60
17 63 42 53 M 12 0 M M M 13.8 25 40 M M 5 32 50
18 51 45 48 M 17 0 T M M 15.7 21 50 M M 10 1 25 40
19 66 43 55 M 10 0 0.10 M M 6.0 13 160 M M 5 18 180
20 69 40 55 M 10 0 0.02 M M 7.3 23 190 M M 4 23 170
21 66 36 51 M 14 0 M M M 10.0 23 260 M M 2 35 270
22 74 36 55 M 10 0 M M M 9.4 18 270 M M 0 28 270
23 75 41 58 M 7 0 M M M 10.9 24 150 M M 0 32 150
24 72 43 58 M 7 0 M M M 19.3 43 250 M M 3 8 49 240
25 57 37 47 M 18 0 T M M 19.5 36 240 M M 4 45 210
26 59 34 47 M 18 0 M M M 13.3 26 260 M M 2 37 250
================================================================================
SM 1445 839 283 0 0.12 M 252.6 M 43
================================================================================
AV 65.7 38.1 11.5 FASTST M M 2 MAX(MPH)
MISC ----> 43 250 49 240
================================================================================
NOTES:
# LAST OF SEVERAL OCCURRENCES
COLUMN 17 PEAK WIND IN M.P.H.
PRELIMINARY LOCAL CLIMATOLOGICAL DATA (WS FORM: F-6) , PAGE 2
STATION: MARFA
MONTH: MARCH
YEAR: 2024
LATITUDE: 30 22 N
LONGITUDE: 104 1 W
[TEMPERATURE DATA] [PRECIPITATION DATA] SYMBOLS USED IN COLUMN 16
AVERAGE MONTHLY: 51.9 TOTAL FOR MONTH: 0.12 1 = FOG OR MIST
DPTR FM NORMAL: 0.0 DPTR FM NORMAL: 0.12 2 = FOG REDUCING VISIBILITY
HIGHEST: 75 ON 23,14 GRTST 24HR 0.10 ON 19-19 TO 1/4 MILE OR LESS
LOWEST: 29 ON 10 3 = THUNDER
SNOW, ICE PELLETS, HAIL 4 = ICE PELLETS
TOTAL MONTH: M 5 = HAIL
GRTST 24HR M ON M 6 = FREEZING RAIN OR DRIZZLE
GRTST DEPTH: M ON M 7 = DUSTSTORM OR SANDSTORM:
VSBY 1/2 MILE OR LESS
8 = SMOKE OR HAZE
[NO. OF DAYS WITH] [WEATHER - DAYS WITH] 9 = BLOWING SNOW
X = TORNADO
MAX 32 OR BELOW: 0 0.01 INCH OR MORE: 2
MAX 90 OR ABOVE: 0 0.10 INCH OR MORE: 1
MIN 32 OR BELOW: 2 0.50 INCH OR MORE: 0
MIN 0 OR BELOW: 0 1.00 INCH OR MORE: 0
[HDD (BASE 65) ]
TOTAL THIS MO. 283 CLEAR (SCALE 0-3) 15
DPTR FM NORMAL M PTCLDY (SCALE 4-7) 6
TOTAL FM JUL 1 2579 CLOUDY (SCALE 8-10) 5
DPTR FM NORMAL M
[CDD (BASE 65) ]
TOTAL THIS MO. 0
DPTR FM NORMAL M [PRESSURE DATA]
TOTAL FM JAN 1 0 HIGHEST SLP M ON M
DPTR FM NORMAL M LOWEST SLP M ON M
[REMARKS]