000
CXUS54 KHUN 021559
CF6MSL
PRELIMINARY LOCAL CLIMATOLOGICAL DATA (WS FORM: F-6)
STATION: MUSCLE SHOALS
MONTH: JUNE
YEAR: 2021
LATITUDE: 34 45 N
LONGITUDE: 87 37 W
TEMPERATURE IN F: :PCPN: SNOW: WIND :SUNSHINE: SKY :PK WND
================================================================================
1 2 3 4 5 6A 6B 7 8 9 10 11 12 13 14 15 16 17 18
12Z AVG MX 2MIN
DY MAX MIN AVG DEP HDD CDD WTR SNW DPTH SPD SPD DIR MIN PSBL S-S WX SPD DR
================================================================================
1 89 63 76 0 0 11 T 0.0 0 6.2 16 180 M M 2 20 180
2 83 68 76 0 0 11 2.38 0.0 0 9.0 25 280 M M 9 13 39 290
3 85 68 77 1 0 12 0.54 0.0 0 4.6 17 260 M M 5 13 26 210
4 87 64 76 0 0 11 0.00 0.0 0 0.9 8 160 M M 3 128 11 160
5 87 66 77 1 0 12 0.48 0.0 0 2.4 16 250 M M 5 18 21 330
6 76 70 73 -4 0 8 0.73 0.0 0 6.8 15 150 M M 8 18 22 140
7 87 70 79 2 0 14 0.01 0.0 0 5.9 16 180 M M 7 38 21 180
8 85 71 78 1 0 13 0.58 0.0 0 6.6 20 280 M M 5 13 24 280
9 77 72 75 -2 0 10 1.42 0.0 0 5.4 14 240 M M 8 18 17 230
10 81 71 76 -2 0 11 0.35 0.0 0 5.6 15 260 M M 10 1 19 240
11 90 72 81 3 0 16 0.00 0.0 0 6.0 18 240 M M 5 3 22 240
12 95 73 84 6 0 19 T 0.0 0 3.5 22 110 M M 4 123 31 100
13 95 72 84 6 0 19 0.01 0.0 0 3.1 14 250 M M 1 138 16 250
14 94 73 84 6 0 19 0.00 0.0 0 3.0 12 340 M M 0 18 14 360
15 88 70 79 1 0 14 0.00 0.0 0 4.7 15 50 M M 0 18 40
16 89 62 76 -3 0 11 0.00 0.0 0 2.8 10 350 M M 0 14 70
17 92 64 78 -1 0 13 0.00 0.0 0 2.0 8 200 M M 1 18 14 310
18 91 69 80 1 0 15 0.00 0.0 0 4.3 13 200 M M 1 8 16 170
19 80 71 76 -3 0 11 T 0.0 0 6.1 20 120 M M 4 24 110
20 93 68 81 2 0 16 0.00 0.0 0 6.2 16 230 M M 1 21 230
21 92 73 83 3 0 18 0.50 0.0 0 8.6 28 220 M M 6 13 35 210
22 82 62 72 -8 0 7 0.03 0.0 0 4.8 13 40 M M 2 20 350
23 85 60 73 -7 0 8 0.00 0.0 0 2.8 10 110 M M 0 18 13 80
24 92 64 78 -2 0 13 0.00 0.0 0 5.4 13 150 M M 2 16 150
25 87 74 81 1 0 16 0.00 0.0 0 9.5 16 150 M M 6 22 160
26 91 70 81 1 0 16 0.00 0.0 0 8.1 18 190 M M 1 24 170
27 94 71 83 3 0 18 0.00 0.0 0 6.2 16 160 M M 2 20 150
28 94 72 83 3 0 18 0.00 0.0 0 5.3 13 150 M M 1 17 140
29 89 72 81 1 0 16 0.10 0.0 0 2.5 22 120 M M 4 13 28 120
30 94 71 83 2 0 18 0.00 0.0 0 3.8 10 310 M M 4 14 160
================================================================================
SM 2644 2066 0 414 7.13 0.0 152.1 M 107
================================================================================
AV 88.1 68.9 5.1 FASTST M M 4 MAX(MPH)
MISC ----> 28 220 39 290
================================================================================
NOTES:
# LAST OF SEVERAL OCCURRENCES
COLUMN 17 PEAK WIND IN M.P.H.
PRELIMINARY LOCAL CLIMATOLOGICAL DATA (WS FORM: F-6) , PAGE 2
STATION: MUSCLE SHOALS
MONTH: JUNE
YEAR: 2021
LATITUDE: 34 45 N
LONGITUDE: 87 37 W
[TEMPERATURE DATA] [PRECIPITATION DATA] SYMBOLS USED IN COLUMN 16
AVERAGE MONTHLY: 78.5 TOTAL FOR MONTH: 7.13 1 = FOG OR MIST
DPTR FM NORMAL: 0.1 DPTR FM NORMAL: 2.08 2 = FOG REDUCING VISIBILITY
HIGHEST: 95 ON 13,12 GRTST 24HR 2.38 ON 2- 2 TO 1/4 MILE OR LESS
LOWEST: 60 ON 23 3 = THUNDER
SNOW, ICE PELLETS, HAIL 4 = ICE PELLETS
TOTAL MONTH: 0.0 INCH 5 = HAIL
GRTST 24HR 0.0 6 = FREEZING RAIN OR DRIZZLE
GRTST DEPTH: 0 7 = DUSTSTORM OR SANDSTORM:
VSBY 1/2 MILE OR LESS
8 = SMOKE OR HAZE
[NO. OF DAYS WITH] [WEATHER - DAYS WITH] 9 = BLOWING SNOW
X = TORNADO
MAX 32 OR BELOW: 0 0.01 INCH OR MORE: 12
MAX 90 OR ABOVE: 13 0.10 INCH OR MORE: 9
MIN 32 OR BELOW: 0 0.50 INCH OR MORE: 6
MIN 0 OR BELOW: 0 1.00 INCH OR MORE: 2
[HDD (BASE 65) ]
TOTAL THIS MO. 0 CLEAR (SCALE 0-3) 14
DPTR FM NORMAL 0 PTCLDY (SCALE 4-7) 13
TOTAL FM JUL 1 2621 CLOUDY (SCALE 8-10) 3
DPTR FM NORMAL -200
[CDD (BASE 65) ]
TOTAL THIS MO. 414
DPTR FM NORMAL 12 [PRESSURE DATA]
TOTAL FM JAN 1 664 HIGHEST SLP 30.19 ON 29
DPTR FM NORMAL -44 LOWEST SLP 29.77 ON 21
[REMARKS]
#FINAL-06-21#