779
CXUS54 KHUN 012001 CCA
CF6MSL
PRELIMINARY LOCAL CLIMATOLOGICAL DATA (WS FORM: F-6)...CORRECTED
STATION: MUSCLE SHOALS
MONTH: AUGUST
YEAR: 2020
LATITUDE: 34 45 N
LONGITUDE: 87 37 W
TEMPERATURE IN F: :PCPN: SNOW: WIND :SUNSHINE: SKY :PK WND
================================================================================
1 2 3 4 5 6A 6B 7 8 9 10 11 12 13 14 15 16 17 18
12Z AVG MX 2MIN
DY MAX MIN AVG DEP HDD CDD WTR SNW DPTH SPD SPD DIR MIN PSBL S-S WX SPD DR
================================================================================
1 86 68 77 -4 0 12 0.01 0.0 0 9.5 23 240 M M M 27 220
2 88 66 77 -4 0 12 0.00 0.0 0 2.5 8 120 M M M 1 12 30
3 93 65 79 -2 0 14 0.00 0.0 0 2.6 12 270 M M 3 1 16 270
4 89 70 80 -1 0 15 T 0.0 0 3.8 12 330 M M 3 16 310
5 91 68 80 -1 0 15 0.00 0.0 0 4.4 12 310 M M 2 15 320
6 93 70 82 2 0 17 0.00 0.0 0 4.4 12 340 M M 2 14 20
7 94 68 81 1 0 16 0.00 0.0 0 2.2 9 90 M M 0 12 80
8 97 69 83 3 0 18 0.00 0.0 0 1.4 9 130 M M 0 1 11 80
9 98 73 86 6 0 21 0.00 0.0 0 2.8 12 260 M M 0 14 250
10 100 75 88 8 0 23 0.00 0.0 0 4.8 15 300 M M 1 21 280
11 97 73 85 5 0 20 0.06 0.0 0 3.2 17 20 M M 2 3 24 30
12 97 74 86 6 0 21 0.00 0.0 0 3.5 16 40 M M 2 13 22 50
13 95 73 84 4 0 19 0.08 0.0 0 2.6 12 240 M M 1 123 16 140
14 92 74 83 3 0 18 0.10 0.0 0 3.0 21 290 M M 2 13 26 290
15 94 73 84 4 0 19 0.00 0.0 0 4.4 13 340 M M 2 18 340
16 96 70 83 3 0 18 0.44 0.0 0 4.2 23 300 M M 2 138 32 300
17 92 70 81 1 0 16 0.00 0.0 0 5.4 14 30 M M 0 19 30
18 95 67 81 1 0 16 0.03 0.0 0 4.3 16 310 M M 4 22 320
19 86 70 78 -2 0 13 0.00 0.0 9 5.0 21 120 M M 5 3 28 120
20 90 66 78 -2 0 13 0.00 0.0 0 4.0 14 160 M M 1 17 160
21 81 71 76 -4 0 11 0.16 0.0 0 2.9 12 340 M M 8 13 15 340
22 86 70 78 -2 0 13 0.00 0.0 0 3.2 12 250 M M 6 13 170
23 92 67 80 0 0 15 0.00 0.0 0 1.2 8 290 M M 2 1 11 300
24 93 70 82 3 0 17 0.00 0.0 0 3.9 13 130 M M 3 19 110
25 90 75 83 4 0 18 0.04 0.0 0 6.3 20 170 M M 3 24 170
26 89 74 82 3 0 17 1.15 0.0 0 4.9 14 120 M M 4 13 16 110
27 94 75 85 6 0 20 0.18 0.0 0 7.0 24 180 M M 1 38 32 160
28 90 75 83 4 0 18 2.06 0.0 0 12.4 31 250 M M 8 138 40 250
29 92 77 85 7 0 20 0.00 0.0 0 6.7 14 270 M M 6 1 18 270
30 91 73 82 4 0 17 0.71 0.0 0 3.1 21 70 M M 4 13 27 70
31 91 73 82 4 0 17 0.23 0.0 0 3.8 15 310 M M 4 13 22 290
================================================================================
SM 2852 2202 0 519 5.25 0.0 133.4 M 81
================================================================================
AV 92.0 71.0 4.3 FASTST M M 3 MAX(MPH)
MISC ----> 31 250 40 250
================================================================================
NOTES:
# LAST OF SEVERAL OCCURRENCES
COLUMN 17 PEAK WIND IN M.P.H.
PRELIMINARY LOCAL CLIMATOLOGICAL DATA (WS FORM: F-6) , PAGE 2
STATION: MUSCLE SHOALS
MONTH: AUGUST
YEAR: 2020
LATITUDE: 34 45 N
LONGITUDE: 87 37 W
[TEMPERATURE DATA] [PRECIPITATION DATA] SYMBOLS USED IN COLUMN 16
AVERAGE MONTHLY: 81.5 TOTAL FOR MONTH: 5.25 1 = FOG OR MIST
DPTR FM NORMAL: 1.7 DPTR FM NORMAL: 2.10 2 = FOG REDUCING VISIBILITY
HIGHEST: 100 ON 10 GRTST 24HR 2.06 ON 28-28 TO 1/4 MILE OR LESS
LOWEST: 65 ON 3 3 = THUNDER
SNOW, ICE PELLETS, HAIL 4 = ICE PELLETS
TOTAL MONTH: 0.0 INCH 5 = HAIL
GRTST 24HR 0.0 6 = FREEZING RAIN OR DRIZZLE
GRTST DEPTH: 9 ON 19 7 = DUSTSTORM OR SANDSTORM:
VSBY 1/2 MILE OR LESS
8 = SMOKE OR HAZE
[NO. OF DAYS WITH] [WEATHER - DAYS WITH] 9 = BLOWING SNOW
X = TORNADO
MAX 32 OR BELOW: 0 0.01 INCH OR MORE: 13
MAX 90 OR ABOVE: 24 0.10 INCH OR MORE: 8
MIN 32 OR BELOW: 0 0.50 INCH OR MORE: 3
MIN 0 OR BELOW: 0 1.00 INCH OR MORE: 2
[HDD (BASE 65) ]
TOTAL THIS MO. 0 CLEAR (SCALE 0-3) 19
DPTR FM NORMAL 0 PTCLDY (SCALE 4-7) 9
TOTAL FM JUL 1 0 CLOUDY (SCALE 8-10) 3
DPTR FM NORMAL 0
[CDD (BASE 65) ]
TOTAL THIS MO. 519
DPTR FM NORMAL 59 [PRESSURE DATA]
TOTAL FM JAN 1 1759 HIGHEST SLP 30.15 ON 9
DPTR FM NORMAL 216 LOWEST SLP 29.73 ON 30
[REMARKS] PRECIPITATION DATA FOR AUGUST 28TH, 29TH AND 30TH WERE
TAKEN FROM THE MUSCLE SHOALS REGIONAL CLIMATE REFERENCE NETWORK SITE
(MSXA1, STATION ID=1366) AT TVA, WHICH IS LOCATED APPROXIMATELY 3.4
MILES NORTHWEST OF THE MUSCLE SHOALS ASOS (KMSL).
#FINAL-08-20#