000
CXUS53 KMKX 010910
CF6MSN
PRELIMINARY LOCAL CLIMATOLOGICAL DATA (WS FORM: F-6)
STATION: MADISON WI
MONTH: NOVEMBER
YEAR: 2021
LATITUDE: 43 7 N
LONGITUDE: 89 20 W
TEMPERATURE IN F: :PCPN: SNOW: WIND :SUNSHINE: SKY :PK WND
================================================================================
1 2 3 4 5 6A 6B 7 8 9 10 11 12 13 14 15 16 17 18
12Z AVG MX 2MIN
DY MAX MIN AVG DEP HDD CDD WTR SNW DPTH SPD SPD DIR MIN PSBL S-S WX SPD DR
================================================================================
1 47 33 40 -3 25 0 0.00 0.0 0 6.4 21 290 M M 6 32 280
2 45 25 35 -8 30 0 0.00 0.0 0 5.8 16 310 M M 2 24 330
3 43 21 32 -10 33 0 0.00 0.0 0 1.3 10 350 M M 3 15 290
4 49 26 38 -4 27 0 0.00 0.0 0 5.8 12 190 M M 6 19 190
5 52 32 42 1 23 0 0.00 0.0 0 9.1 22 190 M M 4 30 230
6 60 39 50 9 15 0 0.00 0.0 0 8.1 16 200 M M 2 23 200
7 64 38 51 11 14 0 0.00 0.0 0 8.2 18 190 M M 5 25 190
8 67 40 54 14 11 0 0.00 0.0 0 5.0 10 30 M M 2 8 18 20
9 59 29 44 4 21 0 0.00 0.0 0 5.4 15 360 M M 4 19 360
10 55 25 40 1 25 0 0.01 0.0 0 9.9 22 130 M M 7 1 30 130
11 54 39 47 8 18 0 0.26 0.0 0 11.7 22 150 M M 8 18 37 240
12 39 34 37 -1 28 0 0.04 T 0 7.8 17 230 M M 10 1 29 230
13 38 32 35 -3 30 0 0.04 0.4 0 8.8 15 200 M M 10 1 23 310
14 36 30 33 -4 32 0 T T 0 11.2 23 340 M M 10 1 32 330
15 33 22 28 -9 37 0 T T 0 1.5 9 290 M M 7 14 300
16 49 21 35 -1 30 0 0.00 0.0 0 10.2 24 150 M M 7 8 33 150
17 52 33 43 7 22 0 0.00 0.0 0 7.5 20 290 M M 8 38 310
18 33 26 30 -6 35 0 T T 0 8.3 16 300 M M 6 30 300
19 37 18 28 -7 37 0 0.00 0.0 0 9.0 22 170 M M 6 28 170
20 48 29 39 4 26 0 0.00 0.0 0 4.7 16 190 M M 8 26 160
21 52 25 39 5 26 0 T T 0 8.4 26 310 M M 4 44 310
22 32 18 25 -9 40 0 0.00 0.0 0 5.7 15 300 M M 4 28 320
23 43 18 31 -2 34 0 0.00 0.0 0 10.1 20 190 M M 5 31 190
24 52 35 44 11 21 0 0.00 0.0 0 9.3 20 200 M M 7 30 200
25 45 16 31 -1 34 0 0.01 0.2 T 11.3 20 320 M M 8 1 29 320
26 29 13 21 -11 44 0 0.00 0.0 T 6.0 14 170 M M 7 17 170
27 39 27 33 1 32 0 T T 0 6.5 14 170 M M 7 18 170
28 39 18 29 -2 36 0 0.00 0.0 0 6.9 23 330 M M 3 39 310
29 42 20 31 0 34 0 T T 0 7.1 20 170 M M 5 26 160
30 48 26 37 7 28 0 0.00 0.0 0 4.9 18 330 M M 3 26 330
================================================================================
SM 1381 808 848 0 0.36 0.6 221.9 M 174
================================================================================
AV 46.0 26.9 7.4 FASTST M M 6 MAX(MPH)
MISC ----> 26 310 44 310
================================================================================
NOTES:
# LAST OF SEVERAL OCCURRENCES
COLUMN 17 PEAK WIND IN M.P.H.
PRELIMINARY LOCAL CLIMATOLOGICAL DATA (WS FORM: F-6) , PAGE 2
STATION: MADISON WI
MONTH: NOVEMBER
YEAR: 2021
LATITUDE: 43 7 N
LONGITUDE: 89 20 W
[TEMPERATURE DATA] [PRECIPITATION DATA] SYMBOLS USED IN COLUMN 16
AVERAGE MONTHLY: 36.5 TOTAL FOR MONTH: 0.36 1 = FOG OR MIST
DPTR FM NORMAL: -0.2 DPTR FM NORMAL: -1.86 2 = FOG REDUCING VISIBILITY
HIGHEST: 67 ON 8 GRTST 24HR 0.27 ON 10-11 TO 1/4 MILE OR LESS
LOWEST: 13 ON 26 3 = THUNDER
SNOW, ICE PELLETS, HAIL 4 = ICE PELLETS
TOTAL MONTH: 0.6 INCH 5 = HAIL
GRTST 24HR 0.4 ON 13-13 6 = FREEZING RAIN OR DRIZZLE
GRTST DEPTH: T 7 = DUSTSTORM OR SANDSTORM:
VSBY 1/2 MILE OR LESS
8 = SMOKE OR HAZE
[NO. OF DAYS WITH] [WEATHER - DAYS WITH] 9 = BLOWING SNOW
X = TORNADO
MAX 32 OR BELOW: 2 0.01 INCH OR MORE: 5
MAX 90 OR ABOVE: 0 0.10 INCH OR MORE: 1
MIN 32 OR BELOW: 22 0.50 INCH OR MORE: 0
MIN 0 OR BELOW: 0 1.00 INCH OR MORE: 0
[HDD (BASE 65) ]
TOTAL THIS MO. 848 CLEAR (SCALE 0-3) 5
DPTR FM NORMAL 0 PTCLDY (SCALE 4-7) 20
TOTAL FM JUL 1 1209 CLOUDY (SCALE 8-10) 5
DPTR FM NORMAL -297
[CDD (BASE 65) ]
TOTAL THIS MO. 0
DPTR FM NORMAL 0 [PRESSURE DATA]
TOTAL FM JAN 1 847 HIGHEST SLP 30.49 ON 19
DPTR FM NORMAL 219 LOWEST SLP 29.38 ON 11
[REMARKS]
#FINAL-11-21#