000
CXUS52 KKEY 012323 CCA
CF6MTH
PRELIMINARY LOCAL CLIMATOLOGICAL DATA (WS FORM: F-6)...CORRECTED
STATION: MARATHON
MONTH: JULY
YEAR: 2023
LATITUDE: 24 43 N
LONGITUDE: 81 5 W
TEMPERATURE IN F: :PCPN: SNOW: WIND :SUNSHINE: SKY :PK WND
================================================================================
1 2 3 4 5 6A 6B 7 8 9 10 11 12 13 14 15 16 17 18
12Z AVG MX 2MIN
DY MAX MIN AVG DEP HDD CDD WTR SNW DPTH SPD SPD DIR MIN PSBL S-S WX SPD DR
================================================================================
1 93 77 85 0 0 20 0.34 0.0 0 6.5 16 120 M M 2 138 27 110
2 94 82 88 3 0 23 0.02 0.0 0 3.1 9 90 M M 1 13 15 100
3 93 81 87 2 0 22 0.00 0.0 0 2.0 7 160 M M 2 3 11 170
4 95 83 89 4 0 24 0.00 0.0 0 4.2 12 20 M M 2 3 17 30
5 96 84 90 5 0 25 0.00 0.0 0 5.7 10 120 M M 1 38 19 120
6 95 79 87 2 0 22 0.07 0.0 0 3.5 10 210 M M 0 13 20 200
7 96 84 90 5 0 25 0.00 0.0 0 4.0 10 220 M M 1 8 17 220
8 97 81 89 4 0 24 0.00 0.0 0 3.5 9 180 M M 1 15 200
9 96 82 89 4 0 24 0.00 0.0 0 2.2 7 160 M M 0 8 11 170
10 97 85 91 6 0 26 0.00 0.0 0 5.0 10 160 M M 1 8 17 170
11 98 80 89 4 0 24 0.00 0.0 0 5.0 9 350 M M 1 16 330
12 98 86 92 7 0 27 0.00 0.0 0 4.9 10 140 M M 1 17 150
13 99 86 93 8 0 28 0.00 0.0 0 5.2 15 50 M M 1 3 22 40
14 98 86 92 7 0 27 T 0.0 0 5.6 14 40 M M 1 3 20 40
15 97 86 92 7 0 27 0.00 0.0 0 4.6 10 130 M M 1 16 130
16 98 85 92 7 0 27 0.00 0.0 0 4.4 8 110 M M 1 38 14 120
17 98 86 92 7 0 27 0.00 0.0 0 5.1 12 110 M M 1 18 120
18 98 87 93 8 0 28 T 0.0 0 7.0 15 40 M M 1 38 21 70
19 96 84 90 5 0 25 T 0.0 0 8.1 14 130 M M 2 25 110
20 98 84 91 6 0 26 0.01 0.0 0 6.9 14 120 M M 2 8 21 120
21 97 85 91 6 0 26 T 0.0 0 4.7 10 130 M M 1 18 130
22 98 85 92 7 0 27 0.00 0.0 0 4.4 9 210 M M 2 8 15 210
23 97 83 90 5 0 25 0.00 0.0 0 3.6 9 170 M M 0 8 14 200
24 99 86 93 8 0 28 0.00 0.0 0 5.0 9 130 M M 1 8 14 170
25 98 86 92 7 0 27 0.00 0.0 0 7.4 14 60 M M 2 3 22 60
26 89 77 83 -3 0 18 0.23 0.0 0 10.7 24 70 M M 3 138 36 80
27 90 76 83 -3 0 18 2.13 0.0 0 9.7 17 60 M M 4 13 30 110
28 92 79 86 0 0 21 0.71 0.0 0 5.8 18 70 M M 4 138 30 160
29 95 84 90 4 0 25 0.00 0.0 0 6.0 10 120 M M 1 8 17 120
30 95 83 89 3 0 24 0.00 0.0 0 5.1 13 30 M M 1 17 40
31 95 84 90 4 0 25 0.00 0.0 0 4.3 10 150 M M 1 19 130
================================================================================
SM 2975 2576 0 765 3.51 0.0 163.2 M 43
================================================================================
AV 96.0 83.1 5.3 FASTST M M 1 MAX(MPH)
MISC ----> 24 70 36 80
================================================================================
NOTES:
# LAST OF SEVERAL OCCURRENCES
COLUMN 17 PEAK WIND IN M.P.H.
PRELIMINARY LOCAL CLIMATOLOGICAL DATA (WS FORM: F-6) , PAGE 2
STATION: MARATHON
MONTH: JULY
YEAR: 2023
LATITUDE: 24 43 N
LONGITUDE: 81 5 W
[TEMPERATURE DATA] [PRECIPITATION DATA] SYMBOLS USED IN COLUMN 16
AVERAGE MONTHLY: 89.5 TOTAL FOR MONTH: 3.51 1 = FOG OR MIST
DPTR FM NORMAL: 4.3 DPTR FM NORMAL: -0.26 2 = FOG REDUCING VISIBILITY
HIGHEST: 99 ON 24,13 GRTST 24HR 2.34 ON 26-27 TO 1/4 MILE OR LESS
LOWEST: 76 ON 27 3 = THUNDER
SNOW, ICE PELLETS, HAIL 4 = ICE PELLETS
TOTAL MONTH: 0.0 INCH 5 = HAIL
GRTST 24HR 0.0 6 = FREEZING RAIN OR DRIZZLE
GRTST DEPTH: 0 7 = DUSTSTORM OR SANDSTORM:
VSBY 1/2 MILE OR LESS
8 = SMOKE OR HAZE
[NO. OF DAYS WITH] [WEATHER - DAYS WITH] 9 = BLOWING SNOW
X = TORNADO
MAX 32 OR BELOW: 0 0.01 INCH OR MORE: 7
MAX 90 OR ABOVE: 30 0.10 INCH OR MORE: 4
MIN 32 OR BELOW: 0 0.50 INCH OR MORE: 2
MIN 0 OR BELOW: 0 1.00 INCH OR MORE: 1
[HDD (BASE 65) ]
TOTAL THIS MO. 0 CLEAR (SCALE 0-3) 28
DPTR FM NORMAL 0 PTCLDY (SCALE 4-7) 3
TOTAL FM JUL 1 0 CLOUDY (SCALE 8-10) 0
DPTR FM NORMAL 0
[CDD (BASE 65) ]
TOTAL THIS MO. 765
DPTR FM NORMAL 140 [PRESSURE DATA]
TOTAL FM JAN 1 3584 HIGHEST SLP M ON M
DPTR FM NORMAL 754 LOWEST SLP 29.90 ON 1
[REMARKS]
CORRECTED ALIGNMENT OF SNOW, ICE PELLETS, HAIL TABLE
CORRECTED SKY COVER TABLE
#FINAL-07-23#
NB