944
CXUS53 KILX 011455
CLMMTO


CLIMATE REPORT
NATIONAL WEATHER SERVICE LINCOLN IL
940 AM CDT SAT APR 1 2017

...................................

...THE MATTOON IL AIRPORT CLIMATE SUMMARY FOR THE MONTH OF MARCH 2017...

CLIMATE NORMAL PERIOD 1981 TO 2010
CLIMATE RECORD PERIOD 9999 TO 9999

WEATHER         OBSERVED          NORMAL  DEPART  LAST YEAR`S
                 VALUE   DATE(S)  VALUE   FROM    VALUE
                                          NORMAL
.............................................................
TEMPERATURE (F)
RECORD
 HIGH              MM   MM
 LOW               MM   MM
HIGHEST            72   03/24        MM      MM       75
LOWEST             14   03/15        MM      MM       17
AVG. MAXIMUM     53.3              52.2     1.1     57.7
AVG. MINIMUM     34.5              32.8     1.7     39.1
MEAN             43.9              42.5     1.4     48.4
DAYS MAX >= 90      0               0.0     0.0        0
DAYS MAX <= 32      1               1.2    -0.2        0
DAYS MIN <= 32     14              15.7    -1.7        8
DAYS MIN <= 0       0               0.0     0.0        0

PRECIPITATION (INCHES)
RECORD
 MAXIMUM           MM   MM
 MINIMUM           MM   MM
TOTALS           1.41              2.57   -1.16     3.81
DAILY AVG.       0.05              0.08   -0.03     0.12
DAYS >= .01         7                MM      MM       14
DAYS >= .10         3                MM      MM       10
DAYS >= .50         1                MM      MM        1
DAYS >= 1.00        0                MM      MM        1
GREATEST
 24 HR. TOTAL    0.50   03/30 TO 03/30              1.14

DEGREE_DAYS
HEATING TOTAL     648               699     -51      508
 SINCE 7/1       4029              4903    -874     4030
COOLING TOTAL       0                 1      -1        0
 SINCE 1/1          0                 1      -1        0
..............................................................

WIND (MPH)
AVERAGE WIND SPEED              11.4
HIGHEST WIND SPEED/DIRECTION    40/300    DATE  03/01
HIGHEST GUST SPEED/DIRECTION    53/300    DATE  03/01

SKY COVER
POSSIBLE SUNSHINE (PERCENT)   MM
AVERAGE SKY COVER           0.50
NUMBER OF DAYS FAIR           13
NUMBER OF DAYS PC             12
NUMBER OF DAYS CLOUDY          6

AVERAGE RH (PERCENT)     70

WEATHER CONDITIONS. NUMBER OF DAYS WITH
THUNDERSTORM              4     MIXED PRECIP               0
HEAVY RAIN                3     RAIN                       5
LIGHT RAIN               13     FREEZING RAIN              0
LT FREEZING RAIN          0     HAIL                       0
HEAVY SNOW                0     SNOW                       1
LIGHT SNOW                3     SLEET                      0
FOG                      14     FOG W/VIS <= 1/4 MILE      2
HAZE                      3

-  INDICATES NEGATIVE NUMBERS.
R  INDICATES RECORD WAS SET OR TIED.
MM INDICATES DATA IS MISSING.
T  INDICATES TRACE AMOUNT.

$$

JRP
