000
CXUS53 KILX 011518
CLMMTO


CLIMATE REPORT
NATIONAL WEATHER SERVICE LINCOLN IL
951 AM CDT THU MAY 1 2014

...................................

...THE MATTOON IL AIRPORT CLIMATE SUMMARY FOR THE MONTH OF APRIL 2014...

CLIMATE NORMAL PERIOD 1981 TO 2010
CLIMATE RECORD PERIOD 9999 TO 9999

WEATHER         OBSERVED          NORMAL  DEPART  LAST YEAR`S
                 VALUE   DATE(S)  VALUE   FROM    VALUE
                                          NORMAL
.............................................................
TEMPERATURE (F)
RECORD
 HIGH              MM   MM
 LOW               MM   MM
HIGHEST            77   04/27        MM      MM       80
                        04/26
LOWEST             30   04/15        MM      MM       22
AVG. MAXIMUM     64.1              63.6     0.5     61.9
AVG. MINIMUM     44.2              43.3     0.9     41.3
MEAN             54.1              53.5     0.6     51.6
DAYS MAX >= 90      0               0.0     0.0        0
DAYS MAX <= 32      0               0.1    -0.1        0
DAYS MIN <= 32      3               3.5    -0.5        5
DAYS MIN <= 0       0               0.0     0.0        0

PRECIPITATION (INCHES)
RECORD
 MAXIMUM           MM   MM
 MINIMUM           MM   MM
TOTALS           4.14              3.43    0.71     7.65
DAILY AVG.       0.14              0.11    0.03     0.25
DAYS >= .01        15                MM      MM       12
DAYS >= .10         7                MM      MM        9
DAYS >= .50         4                MM      MM        4
DAYS >= 1.00        0                MM      MM        2
GREATEST
 24 HR. TOTAL    1.28   04/27 TO 04/28              2.65

DEGREE_DAYS
HEATING TOTAL     324               359     -35      400
 SINCE 7/1       6060              5262     798     5259
COOLING TOTAL       4                13      -9        5
 SINCE 1/1          4                14     -10        5
..............................................................

WIND (MPH)
AVERAGE WIND SPEED              10.4
HIGHEST WIND SPEED/DIRECTION    32/280    DATE  04/04
HIGHEST GUST SPEED/DIRECTION    45/180    DATE  04/29

SKY COVER
POSSIBLE SUNSHINE (PERCENT)   MM
AVERAGE SKY COVER           0.40
NUMBER OF DAYS FAIR           18
NUMBER OF DAYS PC              6
NUMBER OF DAYS CLOUDY          6

AVERAGE RH (PERCENT)     67

WEATHER CONDITIONS. NUMBER OF DAYS WITH
THUNDERSTORM              5     MIXED PRECIP               0
HEAVY RAIN                5     RAIN                      11
LIGHT RAIN               17     FREEZING RAIN              0
LT FREEZING RAIN          0     HAIL                       0
HEAVY SNOW                0     SNOW                       0
LIGHT SNOW                2     SLEET                      0
FOG                      17     FOG W/VIS <= 1/4 MILE      0
HAZE                      4

-  INDICATES NEGATIVE NUMBERS.
R  INDICATES RECORD WAS SET OR TIED.
MM INDICATES DATA IS MISSING.
T  INDICATES TRACE AMOUNT.

$$

EJL
